{"id":25521,"date":"2024-09-16T19:23:14","date_gmt":"2024-09-16T17:23:14","guid":{"rendered":"http:\/\/gvshalph.pro-linuxpl.com\/ironskyprodukty\/produkt\/filtr-niebieski-46-mm-uv-kf-concept-classic-series\/"},"modified":"2026-03-05T15:51:46","modified_gmt":"2026-03-05T14:51:46","slug":"filtr-niebieski-46-mm-uv-kf-concept-classic-series","status":"publish","type":"product","link":"https:\/\/ironsky.pl\/sklep\/produkt\/filtr-niebieski-46-mm-uv-kf-concept-classic-series\/","title":{"rendered":"Filtr Niebieski 46 MM UV K&#038;F Concept Classic Series"},"content":{"rendered":"<h3>Filtr niebieski 46 MM HMC UV K&#038;F Concept Classic Series<\/h3>\n<p>Tw\u00f3rz wyj\u0105tkowe uj\u0119cia z filtrem K&#038;F Concept. Produkt poprawia jako\u015b\u0107 zdj\u0119\u0107, skutecznie eliminuj\u0105c \u015bwiat\u0142o UV i zosta\u0142 wykonany z wytrzyma\u0142ych materia\u0142\u00f3w, dzi\u0119ki czemu d\u0142ugo Ci pos\u0142u\u017cy. Dodatkowo jego monta\u017c jest prosty i potrwa zaledwie chwil\u0119.<\/p>\n<p><img decoding=\"async\" src=\"https:\/\/b2b.innpro.pl\/data\/include\/cms\/KF-Concept\/KF01.1420\/2.jpg\" alt=\"KF-Concept\/KF01.1420\/2\"><\/p>\n<h3>Wysoka jako\u015b\u0107 zdj\u0119\u0107<\/h3>\n<p>Filtr absorbuje promieniowanie UV i skutecznie poprawia kontrast zdj\u0119\u0107 i film\u00f3w. Ponadto minimalizuje ilo\u015b\u0107 \u015bwiat\u0142a wpadaj\u0105cego do obiektywu i zmniejsza efekt mg\u0142y. Sprawdzi si\u0119 podczas fotografowania g\u00f3r lub wody. <\/p>\n<p><img decoding=\"async\" src=\"https:\/\/b2b.innpro.pl\/data\/include\/cms\/KF-Concept\/KF01.1420\/6.jpg\" alt=\"KF-Concept\/KF01.1420\/6\"><\/p>\n<h3>Solidna konstrukcja<\/h3>\n<p>Filtr zosta\u0142 wykonany z japo\u0144skiego szk\u0142a optycznego, kt\u00f3re chroni obiektyw aparatu przed zabrudzeniem, zarysowaniem, odciskami palc\u00f3w i innymi uszkodzeniami. Co wi\u0119cej, cienka (3,3 mm) i lekka ramka z aluminium skutecznie zapobiega powstawaniu ciemnych obramowa\u0144 podczas fotografowania szerokok\u0105tnego. <\/p>\n<p><img decoding=\"async\" src=\"https:\/\/b2b.innpro.pl\/data\/include\/cms\/KF-Concept\/KF01.1420\/4.jpg\" alt=\"KF-Concept\/KF01.1420\/4\"><\/p>\n<div class=\"table-wrapper\">\n<table>\n<tbody>\n<tr>\n<th>Producent<\/th>\n<td>K&#038;F Concept<\/td>\n<\/tr>\n<tr>\n<th>Model<\/th>\n<td>KF01.1420<\/td>\n<\/tr>\n<tr>\n<th>Rodzaj<\/th>\n<td>UV<\/td>\n<\/tr>\n<tr>\n<th>Grubo\u015b\u0107<\/th>\n<td>3,3 mm<\/td>\n<\/tr>\n<tr>\n<th>\u015arednica<\/th>\n<td>46 mm<\/td>\n<\/tr>\n<\/tbody>\n<\/table>\n<\/div>\n","protected":false},"excerpt":{"rendered":"<p>Filtr niebieski 46 MM HMC UV K&#038;F Concept Classic Series Tw\u00f3rz wyj\u0105tkowe uj\u0119cia z filtrem K&#038;F Concept. Produkt poprawia jako\u015b\u0107<\/p>\n","protected":false},"featured_media":25522,"comment_status":"closed","ping_status":"open","template":"","meta":{"_acf_changed":false},"product_brand":[],"product_cat":[1132,1133,1128],"product_tag":[],"class_list":{"0":"post-25521","1":"product","2":"type-product","3":"status-publish","4":"has-post-thumbnail","6":"product_cat-filtry-foto","7":"product_cat-do-lustrzanek","8":"product_cat-foto-wideo","9":"pa_box-height-3270","10":"pa_box-length-2370","11":"pa_box-width-1498","12":"pa_gross-weight-4012","13":"pa_hs-code-1741","14":"pa_net-weight-1654","15":"pa_obiektyw-mm-4650","16":"pa_zestaw-nie","18":"first","19":"outofstock","20":"taxable","21":"shipping-taxable","22":"purchasable","23":"product-type-simple"},"acf":[],"yoast_head":"<!-- This site is optimized with the Yoast SEO plugin v27.2 - https:\/\/yoast.com\/product\/yoast-seo-wordpress\/ -->\n<title>Filtr Niebieski 46 MM UV K&amp;F Concept Classic Series - IRONSKY.PL Sklep z Dronami<\/title>\n<meta name=\"description\" content=\"Filtr Niebieski 46 MM UV K&amp;F Concept Classic Series - \u2705 sklep z dronami i fachowym doradztwem. \u2705 Tutaj kupisz produkty DJI, Yuneec, Parrot, Syma i wiele innych, a tak\u017ce kursy i licencje na operatora drona.\" \/>\n<meta name=\"robots\" content=\"index, follow, max-snippet:-1, max-image-preview:large, max-video-preview:-1\" \/>\n<link rel=\"canonical\" href=\"https:\/\/ironsky.pl\/sklep\/produkt\/filtr-niebieski-46-mm-uv-kf-concept-classic-series\/\" \/>\n<meta property=\"og:locale\" content=\"pl_PL\" \/>\n<meta property=\"og:type\" content=\"article\" \/>\n<meta property=\"og:title\" content=\"Filtr Niebieski 46 MM UV K&amp;F Concept Classic Series - IRONSKY.PL Sklep z Dronami\" \/>\n<meta property=\"og:description\" content=\"Filtr Niebieski 46 MM UV K&amp;F Concept Classic Series - \u2705 sklep z dronami i fachowym doradztwem. \u2705 Tutaj kupisz produkty DJI, Yuneec, Parrot, Syma i wiele innych, a tak\u017ce kursy i licencje na operatora drona.\" \/>\n<meta property=\"og:url\" content=\"https:\/\/ironsky.pl\/sklep\/produkt\/filtr-niebieski-46-mm-uv-kf-concept-classic-series\/\" \/>\n<meta property=\"og:site_name\" content=\"IRONSKY.PL Sklep z Dronami\" \/>\n<meta property=\"article:modified_time\" content=\"2026-03-05T14:51:46+00:00\" \/>\n<meta property=\"og:image\" content=\"https:\/\/ironsky.pl\/sklep\/wp-content\/uploads\/2024\/09\/36509_1.jpg\" \/>\n\t<meta property=\"og:image:width\" content=\"800\" \/>\n\t<meta property=\"og:image:height\" content=\"800\" \/>\n\t<meta property=\"og:image:type\" content=\"image\/jpeg\" \/>\n<meta name=\"twitter:card\" content=\"summary_large_image\" \/>\n<meta name=\"twitter:label1\" content=\"Szacowany czas czytania\" \/>\n\t<meta name=\"twitter:data1\" content=\"1 minuta\" \/>\n<script type=\"application\/ld+json\" class=\"yoast-schema-graph\">{\"@context\":\"https:\/\/schema.org\",\"@graph\":[{\"@type\":\"WebPage\",\"@id\":\"https:\/\/ironsky.pl\/sklep\/produkt\/filtr-niebieski-46-mm-uv-kf-concept-classic-series\/\",\"url\":\"https:\/\/ironsky.pl\/sklep\/produkt\/filtr-niebieski-46-mm-uv-kf-concept-classic-series\/\",\"name\":\"Filtr Niebieski 46 MM UV K&F Concept Classic Series - IRONSKY.PL Sklep z Dronami\",\"isPartOf\":{\"@id\":\"https:\/\/ironsky.pl\/sklep\/#website\"},\"primaryImageOfPage\":{\"@id\":\"https:\/\/ironsky.pl\/sklep\/produkt\/filtr-niebieski-46-mm-uv-kf-concept-classic-series\/#primaryimage\"},\"image\":{\"@id\":\"https:\/\/ironsky.pl\/sklep\/produkt\/filtr-niebieski-46-mm-uv-kf-concept-classic-series\/#primaryimage\"},\"thumbnailUrl\":\"https:\/\/ironsky.pl\/sklep\/wp-content\/uploads\/2024\/09\/36509_1.jpg\",\"datePublished\":\"2024-09-16T17:23:14+00:00\",\"dateModified\":\"2026-03-05T14:51:46+00:00\",\"description\":\"Filtr Niebieski 46 MM UV K&F Concept Classic Series - \u2705 sklep z dronami i fachowym doradztwem. \u2705 Tutaj kupisz produkty DJI, Yuneec, Parrot, Syma i wiele innych, a tak\u017ce kursy i licencje na operatora drona.\",\"breadcrumb\":{\"@id\":\"https:\/\/ironsky.pl\/sklep\/produkt\/filtr-niebieski-46-mm-uv-kf-concept-classic-series\/#breadcrumb\"},\"inLanguage\":\"pl-PL\",\"potentialAction\":[{\"@type\":\"ReadAction\",\"target\":[\"https:\/\/ironsky.pl\/sklep\/produkt\/filtr-niebieski-46-mm-uv-kf-concept-classic-series\/\"]}]},{\"@type\":\"ImageObject\",\"inLanguage\":\"pl-PL\",\"@id\":\"https:\/\/ironsky.pl\/sklep\/produkt\/filtr-niebieski-46-mm-uv-kf-concept-classic-series\/#primaryimage\",\"url\":\"https:\/\/ironsky.pl\/sklep\/wp-content\/uploads\/2024\/09\/36509_1.jpg\",\"contentUrl\":\"https:\/\/ironsky.pl\/sklep\/wp-content\/uploads\/2024\/09\/36509_1.jpg\",\"width\":800,\"height\":800},{\"@type\":\"BreadcrumbList\",\"@id\":\"https:\/\/ironsky.pl\/sklep\/produkt\/filtr-niebieski-46-mm-uv-kf-concept-classic-series\/#breadcrumb\",\"itemListElement\":[{\"@type\":\"ListItem\",\"position\":1,\"name\":\"Strona g\u0142\u00f3wna\",\"item\":\"https:\/\/ironsky.pl\/sklep\/\"},{\"@type\":\"ListItem\",\"position\":2,\"name\":\"Wszystkie produkty\",\"item\":\"https:\/\/ironsky.pl\/sklep\/produkty\/\"},{\"@type\":\"ListItem\",\"position\":3,\"name\":\"Filtr Niebieski 46 MM UV K&#038;F Concept Classic Series\"}]},{\"@type\":\"WebSite\",\"@id\":\"https:\/\/ironsky.pl\/sklep\/#website\",\"url\":\"https:\/\/ironsky.pl\/sklep\/\",\"name\":\"IRONSKY.PL Sklep z Dronami\",\"description\":\"IRONSKY.PL Sklep z Dronami\",\"potentialAction\":[{\"@type\":\"SearchAction\",\"target\":{\"@type\":\"EntryPoint\",\"urlTemplate\":\"https:\/\/ironsky.pl\/sklep\/?s={search_term_string}\"},\"query-input\":{\"@type\":\"PropertyValueSpecification\",\"valueRequired\":true,\"valueName\":\"search_term_string\"}}],\"inLanguage\":\"pl-PL\"}]}<\/script>\n<!-- \/ Yoast SEO plugin. -->","yoast_head_json":{"title":"Filtr Niebieski 46 MM UV K&F Concept Classic Series - IRONSKY.PL Sklep z Dronami","description":"Filtr Niebieski 46 MM UV K&F Concept Classic Series - \u2705 sklep z dronami i fachowym doradztwem. \u2705 Tutaj kupisz produkty DJI, Yuneec, Parrot, Syma i wiele innych, a tak\u017ce kursy i licencje na operatora drona.","robots":{"index":"index","follow":"follow","max-snippet":"max-snippet:-1","max-image-preview":"max-image-preview:large","max-video-preview":"max-video-preview:-1"},"canonical":"https:\/\/ironsky.pl\/sklep\/produkt\/filtr-niebieski-46-mm-uv-kf-concept-classic-series\/","og_locale":"pl_PL","og_type":"article","og_title":"Filtr Niebieski 46 MM UV K&F Concept Classic Series - IRONSKY.PL Sklep z Dronami","og_description":"Filtr Niebieski 46 MM UV K&F Concept Classic Series - \u2705 sklep z dronami i fachowym doradztwem. \u2705 Tutaj kupisz produkty DJI, Yuneec, Parrot, Syma i wiele innych, a tak\u017ce kursy i licencje na operatora drona.","og_url":"https:\/\/ironsky.pl\/sklep\/produkt\/filtr-niebieski-46-mm-uv-kf-concept-classic-series\/","og_site_name":"IRONSKY.PL Sklep z Dronami","article_modified_time":"2026-03-05T14:51:46+00:00","og_image":[{"width":800,"height":800,"url":"https:\/\/ironsky.pl\/sklep\/wp-content\/uploads\/2024\/09\/36509_1.jpg","type":"image\/jpeg"}],"twitter_card":"summary_large_image","twitter_misc":{"Szacowany czas czytania":"1 minuta"},"schema":{"@context":"https:\/\/schema.org","@graph":[{"@type":"WebPage","@id":"https:\/\/ironsky.pl\/sklep\/produkt\/filtr-niebieski-46-mm-uv-kf-concept-classic-series\/","url":"https:\/\/ironsky.pl\/sklep\/produkt\/filtr-niebieski-46-mm-uv-kf-concept-classic-series\/","name":"Filtr Niebieski 46 MM UV K&F Concept Classic Series - IRONSKY.PL Sklep z Dronami","isPartOf":{"@id":"https:\/\/ironsky.pl\/sklep\/#website"},"primaryImageOfPage":{"@id":"https:\/\/ironsky.pl\/sklep\/produkt\/filtr-niebieski-46-mm-uv-kf-concept-classic-series\/#primaryimage"},"image":{"@id":"https:\/\/ironsky.pl\/sklep\/produkt\/filtr-niebieski-46-mm-uv-kf-concept-classic-series\/#primaryimage"},"thumbnailUrl":"https:\/\/ironsky.pl\/sklep\/wp-content\/uploads\/2024\/09\/36509_1.jpg","datePublished":"2024-09-16T17:23:14+00:00","dateModified":"2026-03-05T14:51:46+00:00","description":"Filtr Niebieski 46 MM UV K&F Concept Classic Series - \u2705 sklep z dronami i fachowym doradztwem. \u2705 Tutaj kupisz produkty DJI, Yuneec, Parrot, Syma i wiele innych, a tak\u017ce kursy i licencje na operatora drona.","breadcrumb":{"@id":"https:\/\/ironsky.pl\/sklep\/produkt\/filtr-niebieski-46-mm-uv-kf-concept-classic-series\/#breadcrumb"},"inLanguage":"pl-PL","potentialAction":[{"@type":"ReadAction","target":["https:\/\/ironsky.pl\/sklep\/produkt\/filtr-niebieski-46-mm-uv-kf-concept-classic-series\/"]}]},{"@type":"ImageObject","inLanguage":"pl-PL","@id":"https:\/\/ironsky.pl\/sklep\/produkt\/filtr-niebieski-46-mm-uv-kf-concept-classic-series\/#primaryimage","url":"https:\/\/ironsky.pl\/sklep\/wp-content\/uploads\/2024\/09\/36509_1.jpg","contentUrl":"https:\/\/ironsky.pl\/sklep\/wp-content\/uploads\/2024\/09\/36509_1.jpg","width":800,"height":800},{"@type":"BreadcrumbList","@id":"https:\/\/ironsky.pl\/sklep\/produkt\/filtr-niebieski-46-mm-uv-kf-concept-classic-series\/#breadcrumb","itemListElement":[{"@type":"ListItem","position":1,"name":"Strona g\u0142\u00f3wna","item":"https:\/\/ironsky.pl\/sklep\/"},{"@type":"ListItem","position":2,"name":"Wszystkie produkty","item":"https:\/\/ironsky.pl\/sklep\/produkty\/"},{"@type":"ListItem","position":3,"name":"Filtr Niebieski 46 MM UV K&#038;F Concept Classic Series"}]},{"@type":"WebSite","@id":"https:\/\/ironsky.pl\/sklep\/#website","url":"https:\/\/ironsky.pl\/sklep\/","name":"IRONSKY.PL Sklep z Dronami","description":"IRONSKY.PL Sklep z Dronami","potentialAction":[{"@type":"SearchAction","target":{"@type":"EntryPoint","urlTemplate":"https:\/\/ironsky.pl\/sklep\/?s={search_term_string}"},"query-input":{"@type":"PropertyValueSpecification","valueRequired":true,"valueName":"search_term_string"}}],"inLanguage":"pl-PL"}]}},"_links":{"self":[{"href":"https:\/\/ironsky.pl\/sklep\/wp-json\/wp\/v2\/product\/25521","targetHints":{"allow":["GET"]}}],"collection":[{"href":"https:\/\/ironsky.pl\/sklep\/wp-json\/wp\/v2\/product"}],"about":[{"href":"https:\/\/ironsky.pl\/sklep\/wp-json\/wp\/v2\/types\/product"}],"replies":[{"embeddable":true,"href":"https:\/\/ironsky.pl\/sklep\/wp-json\/wp\/v2\/comments?post=25521"}],"wp:featuredmedia":[{"embeddable":true,"href":"https:\/\/ironsky.pl\/sklep\/wp-json\/wp\/v2\/media\/25522"}],"wp:attachment":[{"href":"https:\/\/ironsky.pl\/sklep\/wp-json\/wp\/v2\/media?parent=25521"}],"wp:term":[{"taxonomy":"product_brand","embeddable":true,"href":"https:\/\/ironsky.pl\/sklep\/wp-json\/wp\/v2\/product_brand?post=25521"},{"taxonomy":"product_cat","embeddable":true,"href":"https:\/\/ironsky.pl\/sklep\/wp-json\/wp\/v2\/product_cat?post=25521"},{"taxonomy":"product_tag","embeddable":true,"href":"https:\/\/ironsky.pl\/sklep\/wp-json\/wp\/v2\/product_tag?post=25521"}],"curies":[{"name":"wp","href":"https:\/\/api.w.org\/{rel}","templated":true}]}}