{"id":25295,"date":"2024-09-16T19:18:29","date_gmt":"2024-09-16T17:18:29","guid":{"rendered":"http:\/\/gvshalph.pro-linuxpl.com\/ironskyprodukty\/produkt\/kamera-insta360-ace-pro\/"},"modified":"2026-03-05T15:51:37","modified_gmt":"2026-03-05T14:51:37","slug":"kamera-insta360-ace-pro","status":"publish","type":"product","link":"https:\/\/ironsky.pl\/sklep\/produkt\/kamera-insta360-ace-pro\/","title":{"rendered":"Kamera Insta360 Ace Pro"},"content":{"rendered":"<h3>Kamera Insta360 Ace Pro<\/h3>\n<p>Prowadzisz aktywny tryb \u017cycia? Szukasz kamery sportowej, kt\u00f3ra sprosta ka\u017cdemu wyzwaniu? Insta360 Ace Pro b\u0119dzie prawdziwym strza\u0142em w dziesi\u0105tk\u0119! Urz\u0105dzenie zosta\u0142o stworzone we wsp\u00f3\u0142pracy ze znanym producentem aparat\u00f3w Leica \u2013 dzi\u0119ki 1\/1,3-calowej matrycy umo\u017cliwia nagrywanie wysokiej jako\u015bci film\u00f3w 8K oraz robienie zdj\u0119\u0107 48MP. Doskonale sprawdzi si\u0119 nawet w s\u0142abych warunkach o\u015bwietleniowych! Kamera wyr\u00f3\u017cnia si\u0119 tak\u017ce 2,4-calowym odchylanym ekranem dotykowym i wodoodporn\u0105 konstrukcj\u0105 \u2013 mo\u017cesz bez obaw zanurzy\u0107 j\u0105 na g\u0142\u0119boko\u015b\u0107 do 10 m. Insta360 Ace Pro korzysta te\u017c ze sztucznej inteligencji, aby u\u0142atwi\u0107 Ci nagrywanie i edycj\u0119 materia\u0142\u00f3w wideo.<\/p>\n<p><img decoding=\"async\" src=\"https:\/\/b2b.innpro.pl\/data\/include\/cms\/Insta360\/CINSAAJA\/7.jpg\" alt=\"Insta360\/CINSAAJA\/7\"><\/p>\n<h3>Doskona\u0142a jako\u015b\u0107 obrazu niezale\u017cnie od warunk\u00f3w<\/h3>\n<p>Tym, co wyr\u00f3\u017cnia Insta360 Ace Pro, jest najwy\u017cszej klasy matryca o wielko\u015bci 1\/1,3&#8243;. Dzi\u0119ki niej urz\u0105dzenie zapewnia lepszy zakres dynamiczny i pozwala uzyska\u0107 fantastyczne efekty w niemal ka\u017cdych warunkach. Na uwag\u0119 zas\u0142uguje tak\u017ce Active HDR, kt\u00f3ry zapewnia \u017cyw\u0105, pi\u0119kn\u0105 kolorystyk\u0119 i wi\u0119cej szczeg\u00f3\u0142\u00f3w w jasnych i ciemnych obszarach obrazu. Insta360 Ace Pro to r\u00f3wnie\u017c pierwsza taka kamera sportowa, kt\u00f3ra umo\u017cliwia filmowanie w 8K. Mo\u017cesz wi\u0119c tworzy\u0107 zachwycaj\u0105ce uj\u0119cia, kt\u00f3re zaskocz\u0105 Ci\u0119 bogactwem detali! Ponadto uk\u0142ad 5nm AI oraz specjalny tryb PureVideo pozwol\u0105 Ci nagrywa\u0107 wysokiej jako\u015bci filmy w s\u0142abym o\u015bwietleniu, a nawet w nocy.<\/p>\n<p><img decoding=\"async\" src=\"https:\/\/b2b.innpro.pl\/data\/include\/cms\/Insta360\/CINSAAJA\/8.jpg\" alt=\"Insta360\/CINSAAJA\/8\"><\/p>\n<h3>Ekran dotykowy 2,4&#8243;<\/h3>\n<p>U\u0142atw sobie kadrowanie i zyskaj pe\u0142n\u0105 kontrol\u0119 nad ka\u017cdym uj\u0119ciem. Kamera Insta360 Ace Pro zosta\u0142a wyposa\u017cona w 2,4-calowy odchylany ekran dotykowy. Dzi\u0119ki temu zyskujesz wi\u0119ksz\u0105 elastyczno\u015b\u0107 podczas filmowania \u2013 teraz z \u0142atwo\u015bci\u0105 zrobisz sobie selfie, przygotujesz vloga lub przetestujesz r\u00f3\u017cne k\u0105ty nagrywania!<\/p>\n<p><img decoding=\"async\" src=\"https:\/\/b2b.innpro.pl\/data\/include\/cms\/Insta360\/CINSAAJA\/12.jpg\" alt=\"Insta360\/CINSAAJA\/12\"><\/p>\n<h3>Nowe funkcje u\u0142atwiaj\u0105ce nagrywanie<\/h3>\n<p>Nagrywanie dynamicznych uj\u0119\u0107 nigdy nie by\u0142o prostsze. Insta 360 Ace Pro zapewnia kilka ciekawych funkcji, kt\u00f3re u\u0142atwi\u0105 Ci to zadanie! Kamera oferuje nawet 2-krotny zoom cyfrowy, kt\u00f3ry pozwoli Ci przybli\u017cy\u0107 lub oddali\u0107 obraz bez utraty jako\u015bci. Mo\u017cesz te\u017c robi\u0107 zdj\u0119cia, rozpoczyna\u0107 lub ko\u0144czy\u0107 nagrywanie za pomoc\u0105 prostych gest\u00f3w \u2013 teraz bez trudu wykonasz selfie grupowe i nie tylko! Masz r\u00f3wnie\u017c mo\u017cliwo\u015b\u0107 sterowania urz\u0105dzeniem przy u\u017cyciu komend g\u0142osowych. Co\u015b Ci nie wysz\u0142o i chcesz powt\u00f3rzy\u0107 uj\u0119cie? Insta360 Ace Pro pozwala w ka\u017cdej chwili przerwa\u0107 filmowanie i zacz\u0105\u0107 od nowa. Mo\u017cesz tak\u017ce wygodnie zrobi\u0107 zdj\u0119cie podczas nagrywania \u2013 ju\u017c nie stracisz okazji do wykonania ciekawej fotografii!<\/p>\n<p><img decoding=\"async\" src=\"https:\/\/b2b.innpro.pl\/data\/include\/cms\/Insta360\/CINSAAJA\/2.jpg\" alt=\"Insta360\/CINSAAJA\/2\"><\/p>\n<h3>Odkryj mo\u017cliwo\u015bci sztucznej inteligencji<\/h3>\n<p>Z Insta360 tworzenie zapieraj\u0105cych dech w piersiach film\u00f3w staje si\u0119 prostsze ni\u017c kiedykolwiek wcze\u015bniej. Model Ace Pro oferuje zupe\u0142nie nowe narz\u0119dzie \u2013 AI Highlights Assistant. Automatycznie wybiera ono najciekawsze uj\u0119cia, kt\u00f3re mo\u017cesz nast\u0119pnie przejrze\u0107 i po\u0142\u0105czy\u0107 w jedno lub wybra\u0107 tylko kilka najlepszych. Nast\u0119pnie inteligentny asystent usunie pozosta\u0142e klipy, aby zaoszcz\u0119dzi\u0107 miejsce na karcie pami\u0119ci. Mo\u017cliwa jest r\u00f3wnie\u017c wygodna edycja materia\u0142\u00f3w wideo za pomoc\u0105 AI. Wypr\u00f3buj dost\u0119pne efekty i nadaj swoim filmom niepowtarzalny charakter!<\/p>\n<p><img decoding=\"async\" src=\"https:\/\/b2b.innpro.pl\/data\/include\/cms\/Insta360\/CINSAAJA\/6.jpg\" alt=\"Insta360\/CINSAAJA\/6\"><\/p>\n<h3>Inteligentne funkcje<\/h3>\n<p>Nic ju\u017c nie b\u0119dzie ogranicza\u0107 Twojej kreatywno\u015bci. Insta360 Ace Pro oferuje mn\u00f3stwo inteligentnych funkcji, kt\u00f3re u\u0142atwi\u0105 Ci tworzenie ciekawych materia\u0142\u00f3w! Stats Dashboard pozwala na integracj\u0119 kamery ze smartwatchem Garmin lub Apple Watch \u2013 kiedy to zrobisz, zyskasz mo\u017cliwo\u015b\u0107 uzupe\u0142niania swoich film\u00f3w o informacje takie jak pr\u0119dko\u015b\u0107, lokalizacja i nie tylko. Nowo\u015bci\u0105 jest te\u017c AI Warp. Za pomoc\u0105 tego kreatywnego narz\u0119dzia z \u0142atwo\u015bci\u0105 dodasz do swoich uj\u0119\u0107 mn\u00f3stwo dynamicznych efekt\u00f3w \u2013 mo\u017cesz korzysta\u0107 z gotowych komend, a nawet tworzy\u0107 w\u0142asne! Ace Pro obs\u0142uguje te\u017c wiele innych funkcji, takich jak na przyk\u0142ad timelapse, hyperlapse czy AI Selfie Stick Eraser.<\/p>\n<p><img decoding=\"async\" src=\"https:\/\/b2b.innpro.pl\/data\/include\/cms\/Insta360\/CINSAAJA\/3.jpg\" alt=\"Insta360\/CINSAAJA\/3\"><\/p>\n<h3>Ulepszona konstrukcja<\/h3>\n<p>Insta360 Ace Pro sprawdzi si\u0119 w niemal ka\u017cdej sytuacji \u2013 niestraszne jej \u017cadne wyzwania. Dzi\u0119ki wodoodpornej konstrukcji mo\u017cesz bez obaw zanurzy\u0107 j\u0105 na g\u0142\u0119boko\u015b\u0107 do 10 m. Chcesz zanurkowa\u0107 jeszcze g\u0142\u0119biej? Zaopatrz si\u0119 w dodatkow\u0105 obudow\u0119 Dive Case, kt\u00f3ra pozwoli Ci nagrywa\u0107 nawet 60 m pod wod\u0105! Kamera jest te\u017c odporna na niskie temperatury (do -20\u00b0C) \u2013 za jej pomoc\u0105 bez problemu uchwycisz swoje popisy na nartach czy snowboardzie. Insta360 Ace Pro wyr\u00f3\u017cnia si\u0119 tak\u017ce d\u0142ugim czasem pracy si\u0119gaj\u0105cym 100 minut. Obs\u0142uguje r\u00f3wnie\u017c szybkie \u0142adowanie \u2013 do 80% na\u0142adujesz j\u0105 ju\u017c w oko\u0142o 22 minuty, a do 100% w oko\u0142o 46 minut. Ponadto magnetyczne mocowanie umo\u017cliwia szybk\u0105 i wygodn\u0105 wymian\u0119 akcesori\u00f3w.<\/p>\n<p><img decoding=\"async\" src=\"https:\/\/b2b.innpro.pl\/data\/include\/cms\/Insta360\/CINSAAJA\/1.jpg\" alt=\"Insta360\/CINSAAJA\/1\"><\/p>\n<h3>Niezawodna stabilizacja<\/h3>\n<p>Nie pozw\u00f3l, aby niepo\u017c\u0105dane wstrz\u0105sy zepsu\u0142y Twoje uj\u0119cie. Ace Pro obs\u0142uguje zaawansowane technologie stabilizacji, dzi\u0119ki kt\u00f3rym nawet najbardziej dynamiczne filmy b\u0119d\u0105 niesamowicie p\u0142ynne. FlowState Stabilization skutecznie redukuje drgania kamery, a 360\u00b0 Horizon Lock utrzymuje obraz na r\u00f3wnym poziomie, nawet je\u015bli du\u017co si\u0119 ruszasz. Niezale\u017cnie od tego, czy \u0107wiczysz triki na snowboardzie, czy w szalonym tempie zje\u017cd\u017casz na rowerze ze zbocza, z Insta360 Twoje nagrania b\u0119d\u0105 wyj\u0105tkowo stabilne!<\/p>\n<p><img decoding=\"async\" src=\"https:\/\/b2b.innpro.pl\/data\/include\/cms\/Insta360\/CINSAAJA\/16.jpg\" alt=\"Insta360\/CINSAAJA\/16\"><\/p>\n<div class=\"table-wrapper\">\n<table>\n<tbody>\n<tr>\n<th>Producent<\/th>\n<td>Insta360<\/td>\n<\/tr>\n<tr>\n<th>Model<\/th>\n<td>Ace Pro<\/td>\n<\/tr>\n<tr>\n<th>Matryca<\/th>\n<td>1\/1.3&#8221;<\/td>\n<\/tr>\n<tr>\n<th>Przys\u0142ona<\/th>\n<td>F2.6<\/td>\n<\/tr>\n<tr>\n<th>Ogniskowa r\u00f3wnowa\u017cna<\/th>\n<td>16 mm<\/td>\n<\/tr>\n<tr>\n<th>Rozdzielczo\u015b\u0107 wideo<\/th>\n<td>8K (16:9): 7680&#215;4320@24FPS; 8K (2.35:1): 7680&#215;3272@24FPS; 4K (4:3): 4032&#215;3024@60\/50\/48\/30\/25\/24FPS; 4K (16:9): 3840&#215;2160@120\/100\/60\/50\/48\/30\/25\/24FPS; 2.7K (4:3): 2688&#215;2016@60\/50\/48\/30\/25\/24FPS; 2.7K (16:9): 2688&#215;1520@120\/100\/60\/50\/48\/30\/25\/24FPS; 1440p (4:3): 1920&#215;1440@60\/50\/48\/30\/25\/24FPS; 1080p (16:9): 1920&#215;1080@240\/200\/120\/100\/60\/50\/48\/30\/25\/24FPS; FreeFrame: 4K (4:3): 4032&#215;3024@60\/50\/48\/30\/25\/24FPS; PureVideo 4K(16:9): 3840&#215;2160@30\/25\/24FPS; 2.7K(16:9): 2688&#215;1520@30\/25\/24FPS; 1080p (16:9): 1920&#215;1080@30\/25\/24FPS; Slow Motion: 4K (16:9): 3840&#215;2160@120\/100FPS; 2.7K(16:9): 2688&#215;1520@120\/100FPS; 1080p (16:9): 1920&#215;1080@240\/200\/120\/100FPS;<\/td>\n<\/tr>\n<tr>\n<th>Rozdzielczo\u015b\u0107 zdj\u0119\u0107<\/th>\n<td>48MP (8064&#215;6048); 36MP (8064&#215;4536); 12MP (4032&#215;3024); 9MP (4032&#215;2264);<\/td>\n<\/tr>\n<tr>\n<th>Format wideo<\/th>\n<td>MP4<\/td>\n<\/tr>\n<tr>\n<th>Format zdj\u0119\u0107<\/th>\n<td>JPG, DNG, RAW (mo\u017cliwo\u015b\u0107 eksportu przez aplikacj\u0119 lub Studio)<\/td>\n<\/tr>\n<tr>\n<th>Tryby wideo<\/th>\n<td>Video (z wbudowanym Active HDR), FreeFrame Video, PureVideo, Slow Motion, Starlapse, Timelapse, TimeShift, Pre-Recording, Loop Recording<\/td>\n<\/tr>\n<tr>\n<th>Tryby zdj\u0119\u0107<\/th>\n<td>Photo, HDR Photo, Interval, Burst Photo, Starlapse<\/td>\n<\/tr>\n<tr>\n<th>Profile kolor\u00f3w<\/th>\n<td>Standard, Vivid, Flat<\/td>\n<\/tr>\n<tr>\n<th>Kodeki wideo<\/th>\n<td>H.265, H.264<\/td>\n<\/tr>\n<tr>\n<th>Maks. bitrate wideo<\/th>\n<td>170 Mbps<\/td>\n<\/tr>\n<tr>\n<th>Warto\u015b\u0107 ekspozycji<\/th>\n<td>\u00b14 EV<\/td>\n<\/tr>\n<tr>\n<th>Zakres ISO<\/th>\n<td>100-6400<\/td>\n<\/tr>\n<tr>\n<th>Pr\u0119dko\u015b\u0107 migawki<\/th>\n<td>Zdj\u0119cia: 1\/8000-120 s; Wideo: 1\/8000 do limitu klatek na sekund\u0119;<\/td>\n<\/tr>\n<tr>\n<th>Balans bieli<\/th>\n<td>Auto, 2000-10000K<\/td>\n<\/tr>\n<tr>\n<th>Tryby audio<\/th>\n<td>Wind Reduction, Stereo, Direction Focus<\/td>\n<\/tr>\n<tr>\n<th>Format audio<\/th>\n<td>48 kHz, 16-bit, AAC<\/td>\n<\/tr>\n<tr>\n<th>Liczba mikrofon\u00f3w<\/th>\n<td>3<\/td>\n<\/tr>\n<tr>\n<th>Waga<\/th>\n<td>179,8 g<\/td>\n<\/tr>\n<tr>\n<th>Wymiary<\/th>\n<td>71,9 x 52,15 x 38,5 mm<\/td>\n<\/tr>\n<tr>\n<th>Kolor<\/th>\n<td>Czarny<\/td>\n<\/tr>\n<tr>\n<th>Pami\u0119\u0107<\/th>\n<td>Brak pami\u0119ci wbudowanej. Kompatybilno\u015b\u0107 z kartami microSD o pojemno\u015bci do 1 TB.<\/td>\n<\/tr>\n<tr>\n<th>Pojemno\u015b\u0107 akumulatora<\/th>\n<td>1650 mAh<\/td>\n<\/tr>\n<tr>\n<th>Czas \u0142adowania<\/th>\n<td>Ok. 46 min (przy u\u017cyciu \u0142adowarki 30 W) \/ ok. 63 min (przy u\u017cyciu \u0142adowarki 5 V \/ 3 A) <\/td>\n<\/tr>\n<tr>\n<th>Czas pracy<\/th>\n<td>Ok. 100 min *Przetestowano w \u015brodowisku laboratoryjnym, w temperaturze 25\u00b0C, z wy\u0142\u0105czonym AI Highlights Assistant, podczas nagrywania filmu Active HDR 4K@30FPS. Czas pracy mo\u017ce si\u0119 r\u00f3\u017cni\u0107 w zale\u017cno\u015bci od warunk\u00f3w.<\/td>\n<\/tr>\n<tr>\n<th>Temperatura pracy<\/th>\n<td>Od -20\u00b0C do 40\u00b0C<\/td>\n<\/tr>\n<tr>\n<th>Wodoodporno\u015b\u0107<\/th>\n<td>Bez obudowy: do 10 m; Z dodatkow\u0105 obudow\u0105 Dive Case: do 60 m;<\/td>\n<\/tr>\n<tr>\n<th>Bluetooth<\/th>\n<td>BLE 5.2<\/td>\n<\/tr>\n<tr>\n<th>Wi-Fi<\/th>\n<td>2,4 GHz, 5 GHz; 802.11 a\/b\/g\/n\/ac<\/td>\n<\/tr>\n<tr>\n<th>Port<\/th>\n<td>USB-C<\/td>\n<\/tr>\n<tr>\n<th>\u017byroskop<\/th>\n<td>6-osiowy<\/td>\n<\/tr>\n<tr>\n<th>Kompatybilno\u015b\u0107<\/th>\n<td>Urz\u0105dzenia z systemem iOS: urz\u0105dzenia z chipami A12 i nowszymi oraz systemami iOS 12.0 i nowszymi, w tym iPhone XS, iPhone XS Max, iPhone 11, iPhone 11 Pro, iPhone 11 Pro Max, iPhone 12, iPhone 12 Pro, iPhone 12 Pro Max, iPhone 12 mini, iPhone 13, iPhone 13 Pro, iPhone 13 Pro Max, iPhone 13 mini, iPhone 14, iPhone 14 Plus, iPhone 14 Pro, iPhone 14 Pro Max, iPhone 15, iPhone 15 Plus, iPhone 15 Pro, iPhone 15 Pro Max, iPad Air (2020), iPad Pro i nowsze modele iPad\u00f3w; Urz\u0105dzenia z systemem Android: urz\u0105dzenia z chipami Kirin 990 i nowszymi, na przyk\u0142ad Huawei Mate 30, P40 i nowsze, urz\u0105dzenia z chipami Snapdragon 855 i nowszymi, na przyk\u0142ad Samsung Galaxy S10, Xiaomi Mi 9 i nowsze, urz\u0105dzenia z chipami Exynos 2200 i nowszymi, na przyk\u0142ad Samsung Galaxy S22, S22 Ultra i nowsze (systemy Android 10.0 i nowsze lub HarmonyOS 2.0.0 i nowsze); *Urz\u0105dzenia, kt\u00f3re nie spe\u0142niaj\u0105 powy\u017cszych wymaga\u0144, mog\u0105 nadal by\u0107 w stanie korzysta\u0107 z aplikacji do sterowania kamer\u0105, jednak wydajno\u015b\u0107 niekt\u00f3rych funkcji wymagaj\u0105cych du\u017cej mocy obliczeniowej i opartych na sztucznej inteligencji mo\u017ce by\u0107 nieoptymalna. **Po testach okaza\u0142o si\u0119, \u017ce telefony wyposa\u017cone w chipy Qualcomm SDM765 5G maj\u0105 s\u0142abe mo\u017cliwo\u015bci dekodowania sprz\u0119towego i nie s\u0105 obs\u0142ugiwane, na przyk\u0142ad OPPO Reno 3 5G. ***Aby zainstalowa\u0107 aplikacj\u0119, wymagany jest telefon z systemem 64-bitowym. W przypadku systemu 32-bitowego instalacja aplikacji nie jest mo\u017cliwa.<\/td>\n<\/tr>\n<\/tbody>\n<\/table>\n<\/div>\n","protected":false},"excerpt":{"rendered":"<p>Kamera Insta360 Ace Pro Prowadzisz aktywny tryb \u017cycia? Szukasz kamery sportowej, kt\u00f3ra sprosta ka\u017cdemu wyzwaniu? Insta360 Ace Pro b\u0119dzie prawdziwym<\/p>\n","protected":false},"featured_media":25296,"comment_status":"closed","ping_status":"open","template":"","meta":{"_acf_changed":false},"product_brand":[],"product_cat":[1128,1160,1158],"product_tag":[],"class_list":{"0":"post-25295","1":"product","2":"type-product","3":"status-publish","4":"has-post-thumbnail","6":"product_cat-foto-wideo","7":"product_cat-insta-360","8":"product_cat-kamery-sportowe","9":"pa_box-height-1892","10":"pa_box-length-1981","11":"pa_box-width-1374","12":"pa_gross-weight-1839","13":"pa_hs-code-2354","14":"pa_jakosc-zapisu-4k-uhd","15":"pa_kolejna-dostawa-25-09-2024","16":"pa_net-weight-1597","17":"pa_rodzaj-sportowa-kieszonkowa","19":"first","20":"outofstock","21":"taxable","22":"shipping-taxable","23":"purchasable","24":"product-type-simple"},"acf":[],"yoast_head":"<!-- This site is optimized with the Yoast SEO plugin v27.2 - https:\/\/yoast.com\/product\/yoast-seo-wordpress\/ -->\n<title>Kamera Insta360 Ace Pro - IRONSKY.PL Sklep z Dronami<\/title>\n<meta name=\"description\" content=\"Kamera Insta360 Ace Pro - \u2705 sklep z dronami i fachowym doradztwem. \u2705 Tutaj kupisz produkty DJI, Yuneec, Parrot, Syma i wiele innych, a tak\u017ce kursy i licencje na operatora drona.\" \/>\n<meta name=\"robots\" content=\"index, follow, max-snippet:-1, max-image-preview:large, max-video-preview:-1\" \/>\n<link rel=\"canonical\" href=\"https:\/\/ironsky.pl\/sklep\/produkt\/kamera-insta360-ace-pro\/\" \/>\n<meta property=\"og:locale\" content=\"pl_PL\" \/>\n<meta property=\"og:type\" content=\"article\" \/>\n<meta property=\"og:title\" content=\"Kamera Insta360 Ace Pro - IRONSKY.PL Sklep z Dronami\" \/>\n<meta property=\"og:description\" content=\"Kamera Insta360 Ace Pro - \u2705 sklep z dronami i fachowym doradztwem. \u2705 Tutaj kupisz produkty DJI, Yuneec, Parrot, Syma i wiele innych, a tak\u017ce kursy i licencje na operatora drona.\" \/>\n<meta property=\"og:url\" content=\"https:\/\/ironsky.pl\/sklep\/produkt\/kamera-insta360-ace-pro\/\" \/>\n<meta property=\"og:site_name\" content=\"IRONSKY.PL Sklep z Dronami\" \/>\n<meta property=\"article:modified_time\" content=\"2026-03-05T14:51:37+00:00\" \/>\n<meta property=\"og:image\" content=\"https:\/\/ironsky.pl\/sklep\/wp-content\/uploads\/2024\/09\/36124_7.jpg\" \/>\n\t<meta property=\"og:image:width\" content=\"800\" \/>\n\t<meta property=\"og:image:height\" content=\"800\" \/>\n\t<meta property=\"og:image:type\" content=\"image\/jpeg\" \/>\n<meta name=\"twitter:card\" content=\"summary_large_image\" \/>\n<meta name=\"twitter:label1\" content=\"Szacowany czas czytania\" \/>\n\t<meta name=\"twitter:data1\" content=\"7 minut\" \/>\n<script type=\"application\/ld+json\" class=\"yoast-schema-graph\">{\"@context\":\"https:\/\/schema.org\",\"@graph\":[{\"@type\":\"WebPage\",\"@id\":\"https:\/\/ironsky.pl\/sklep\/produkt\/kamera-insta360-ace-pro\/\",\"url\":\"https:\/\/ironsky.pl\/sklep\/produkt\/kamera-insta360-ace-pro\/\",\"name\":\"Kamera Insta360 Ace Pro - IRONSKY.PL Sklep z Dronami\",\"isPartOf\":{\"@id\":\"https:\/\/ironsky.pl\/sklep\/#website\"},\"primaryImageOfPage\":{\"@id\":\"https:\/\/ironsky.pl\/sklep\/produkt\/kamera-insta360-ace-pro\/#primaryimage\"},\"image\":{\"@id\":\"https:\/\/ironsky.pl\/sklep\/produkt\/kamera-insta360-ace-pro\/#primaryimage\"},\"thumbnailUrl\":\"https:\/\/ironsky.pl\/sklep\/wp-content\/uploads\/2024\/09\/36124_7.jpg\",\"datePublished\":\"2024-09-16T17:18:29+00:00\",\"dateModified\":\"2026-03-05T14:51:37+00:00\",\"description\":\"Kamera Insta360 Ace Pro - \u2705 sklep z dronami i fachowym doradztwem. \u2705 Tutaj kupisz produkty DJI, Yuneec, Parrot, Syma i wiele innych, a tak\u017ce kursy i licencje na operatora drona.\",\"breadcrumb\":{\"@id\":\"https:\/\/ironsky.pl\/sklep\/produkt\/kamera-insta360-ace-pro\/#breadcrumb\"},\"inLanguage\":\"pl-PL\",\"potentialAction\":[{\"@type\":\"ReadAction\",\"target\":[\"https:\/\/ironsky.pl\/sklep\/produkt\/kamera-insta360-ace-pro\/\"]}]},{\"@type\":\"ImageObject\",\"inLanguage\":\"pl-PL\",\"@id\":\"https:\/\/ironsky.pl\/sklep\/produkt\/kamera-insta360-ace-pro\/#primaryimage\",\"url\":\"https:\/\/ironsky.pl\/sklep\/wp-content\/uploads\/2024\/09\/36124_7.jpg\",\"contentUrl\":\"https:\/\/ironsky.pl\/sklep\/wp-content\/uploads\/2024\/09\/36124_7.jpg\",\"width\":800,\"height\":800},{\"@type\":\"BreadcrumbList\",\"@id\":\"https:\/\/ironsky.pl\/sklep\/produkt\/kamera-insta360-ace-pro\/#breadcrumb\",\"itemListElement\":[{\"@type\":\"ListItem\",\"position\":1,\"name\":\"Strona g\u0142\u00f3wna\",\"item\":\"https:\/\/ironsky.pl\/sklep\/\"},{\"@type\":\"ListItem\",\"position\":2,\"name\":\"Wszystkie produkty\",\"item\":\"https:\/\/ironsky.pl\/sklep\/produkty\/\"},{\"@type\":\"ListItem\",\"position\":3,\"name\":\"Kamera Insta360 Ace Pro\"}]},{\"@type\":\"WebSite\",\"@id\":\"https:\/\/ironsky.pl\/sklep\/#website\",\"url\":\"https:\/\/ironsky.pl\/sklep\/\",\"name\":\"IRONSKY.PL Sklep z Dronami\",\"description\":\"IRONSKY.PL Sklep z Dronami\",\"potentialAction\":[{\"@type\":\"SearchAction\",\"target\":{\"@type\":\"EntryPoint\",\"urlTemplate\":\"https:\/\/ironsky.pl\/sklep\/?s={search_term_string}\"},\"query-input\":{\"@type\":\"PropertyValueSpecification\",\"valueRequired\":true,\"valueName\":\"search_term_string\"}}],\"inLanguage\":\"pl-PL\"}]}<\/script>\n<!-- \/ Yoast SEO plugin. -->","yoast_head_json":{"title":"Kamera Insta360 Ace Pro - IRONSKY.PL Sklep z Dronami","description":"Kamera Insta360 Ace Pro - \u2705 sklep z dronami i fachowym doradztwem. \u2705 Tutaj kupisz produkty DJI, Yuneec, Parrot, Syma i wiele innych, a tak\u017ce kursy i licencje na operatora drona.","robots":{"index":"index","follow":"follow","max-snippet":"max-snippet:-1","max-image-preview":"max-image-preview:large","max-video-preview":"max-video-preview:-1"},"canonical":"https:\/\/ironsky.pl\/sklep\/produkt\/kamera-insta360-ace-pro\/","og_locale":"pl_PL","og_type":"article","og_title":"Kamera Insta360 Ace Pro - IRONSKY.PL Sklep z Dronami","og_description":"Kamera Insta360 Ace Pro - \u2705 sklep z dronami i fachowym doradztwem. \u2705 Tutaj kupisz produkty DJI, Yuneec, Parrot, Syma i wiele innych, a tak\u017ce kursy i licencje na operatora drona.","og_url":"https:\/\/ironsky.pl\/sklep\/produkt\/kamera-insta360-ace-pro\/","og_site_name":"IRONSKY.PL Sklep z Dronami","article_modified_time":"2026-03-05T14:51:37+00:00","og_image":[{"width":800,"height":800,"url":"https:\/\/ironsky.pl\/sklep\/wp-content\/uploads\/2024\/09\/36124_7.jpg","type":"image\/jpeg"}],"twitter_card":"summary_large_image","twitter_misc":{"Szacowany czas czytania":"7 minut"},"schema":{"@context":"https:\/\/schema.org","@graph":[{"@type":"WebPage","@id":"https:\/\/ironsky.pl\/sklep\/produkt\/kamera-insta360-ace-pro\/","url":"https:\/\/ironsky.pl\/sklep\/produkt\/kamera-insta360-ace-pro\/","name":"Kamera Insta360 Ace Pro - IRONSKY.PL Sklep z Dronami","isPartOf":{"@id":"https:\/\/ironsky.pl\/sklep\/#website"},"primaryImageOfPage":{"@id":"https:\/\/ironsky.pl\/sklep\/produkt\/kamera-insta360-ace-pro\/#primaryimage"},"image":{"@id":"https:\/\/ironsky.pl\/sklep\/produkt\/kamera-insta360-ace-pro\/#primaryimage"},"thumbnailUrl":"https:\/\/ironsky.pl\/sklep\/wp-content\/uploads\/2024\/09\/36124_7.jpg","datePublished":"2024-09-16T17:18:29+00:00","dateModified":"2026-03-05T14:51:37+00:00","description":"Kamera Insta360 Ace Pro - \u2705 sklep z dronami i fachowym doradztwem. \u2705 Tutaj kupisz produkty DJI, Yuneec, Parrot, Syma i wiele innych, a tak\u017ce kursy i licencje na operatora drona.","breadcrumb":{"@id":"https:\/\/ironsky.pl\/sklep\/produkt\/kamera-insta360-ace-pro\/#breadcrumb"},"inLanguage":"pl-PL","potentialAction":[{"@type":"ReadAction","target":["https:\/\/ironsky.pl\/sklep\/produkt\/kamera-insta360-ace-pro\/"]}]},{"@type":"ImageObject","inLanguage":"pl-PL","@id":"https:\/\/ironsky.pl\/sklep\/produkt\/kamera-insta360-ace-pro\/#primaryimage","url":"https:\/\/ironsky.pl\/sklep\/wp-content\/uploads\/2024\/09\/36124_7.jpg","contentUrl":"https:\/\/ironsky.pl\/sklep\/wp-content\/uploads\/2024\/09\/36124_7.jpg","width":800,"height":800},{"@type":"BreadcrumbList","@id":"https:\/\/ironsky.pl\/sklep\/produkt\/kamera-insta360-ace-pro\/#breadcrumb","itemListElement":[{"@type":"ListItem","position":1,"name":"Strona g\u0142\u00f3wna","item":"https:\/\/ironsky.pl\/sklep\/"},{"@type":"ListItem","position":2,"name":"Wszystkie produkty","item":"https:\/\/ironsky.pl\/sklep\/produkty\/"},{"@type":"ListItem","position":3,"name":"Kamera Insta360 Ace Pro"}]},{"@type":"WebSite","@id":"https:\/\/ironsky.pl\/sklep\/#website","url":"https:\/\/ironsky.pl\/sklep\/","name":"IRONSKY.PL Sklep z Dronami","description":"IRONSKY.PL Sklep z Dronami","potentialAction":[{"@type":"SearchAction","target":{"@type":"EntryPoint","urlTemplate":"https:\/\/ironsky.pl\/sklep\/?s={search_term_string}"},"query-input":{"@type":"PropertyValueSpecification","valueRequired":true,"valueName":"search_term_string"}}],"inLanguage":"pl-PL"}]}},"_links":{"self":[{"href":"https:\/\/ironsky.pl\/sklep\/wp-json\/wp\/v2\/product\/25295","targetHints":{"allow":["GET"]}}],"collection":[{"href":"https:\/\/ironsky.pl\/sklep\/wp-json\/wp\/v2\/product"}],"about":[{"href":"https:\/\/ironsky.pl\/sklep\/wp-json\/wp\/v2\/types\/product"}],"replies":[{"embeddable":true,"href":"https:\/\/ironsky.pl\/sklep\/wp-json\/wp\/v2\/comments?post=25295"}],"wp:featuredmedia":[{"embeddable":true,"href":"https:\/\/ironsky.pl\/sklep\/wp-json\/wp\/v2\/media\/25296"}],"wp:attachment":[{"href":"https:\/\/ironsky.pl\/sklep\/wp-json\/wp\/v2\/media?parent=25295"}],"wp:term":[{"taxonomy":"product_brand","embeddable":true,"href":"https:\/\/ironsky.pl\/sklep\/wp-json\/wp\/v2\/product_brand?post=25295"},{"taxonomy":"product_cat","embeddable":true,"href":"https:\/\/ironsky.pl\/sklep\/wp-json\/wp\/v2\/product_cat?post=25295"},{"taxonomy":"product_tag","embeddable":true,"href":"https:\/\/ironsky.pl\/sklep\/wp-json\/wp\/v2\/product_tag?post=25295"}],"curies":[{"name":"wp","href":"https:\/\/api.w.org\/{rel}","templated":true}]}}