{"id":25194,"date":"2024-09-16T19:17:29","date_gmt":"2024-09-16T17:17:29","guid":{"rendered":"http:\/\/gvshalph.pro-linuxpl.com\/ironskyprodukty\/produkt\/zestaw-filtrow-nd8-nd16-nd32-nd64-freewell-do-samsung-galaxy-s23-ultra\/"},"modified":"2026-03-05T15:51:33","modified_gmt":"2026-03-05T14:51:33","slug":"zestaw-filtrow-nd8-nd16-nd32-nd64-freewell-do-samsung-galaxy-s23-ultra","status":"publish","type":"product","link":"https:\/\/ironsky.pl\/sklep\/produkt\/zestaw-filtrow-nd8-nd16-nd32-nd64-freewell-do-samsung-galaxy-s23-ultra\/","title":{"rendered":"Zestaw filtr\u00f3w ND8, ND16, ND32, ND64 Freewell do Samsung Galaxy S23 Ultra"},"content":{"rendered":"<h3>Zestaw filtr\u00f3w ND8, ND16, ND32, ND64 Freewell do Samsunga Galaxy S23 Ultra<\/h3>\n<p>Zestaw Freewell sk\u0142ada si\u0119 mi\u0119dzy innymi z filtr\u00f3w ND8, ND16, ND32 oraz ND64 i dedykowany jest Samsungowi Galaxy S23 Ultra. Magnetyczny system monta\u017cu u\u0142atwia wymian\u0119 filtr\u00f3w, a odporno\u015b\u0107 na wod\u0119, kurz, zarysowania i t\u0142uste plamy zwi\u0119ksza \u017cywotno\u015b\u0107 akcesori\u00f3w. Dzi\u0119ki zastosowaniu najwy\u017cszej jako\u015bci powlekanego szk\u0142a optycznego filtry poprawiaj\u0105 jako\u015b\u0107 zdj\u0119\u0107 i film\u00f3w, a tak\u017ce pozwalaj\u0105 na osi\u0105gni\u0119cie efektu kinowego rozmycia. Uwaga: aby m\u00f3c wygodnie korzysta\u0107 z filtr\u00f3w, konieczne jest wyposa\u017cenie si\u0119 w etui Freewell FW-GX-S23U.<\/p>\n<p><img decoding=\"async\" src=\"https:\/\/b2b.innpro.pl\/data\/include\/cms\/Freewell\/FW-GX-ND\/6.jpg\" border=\"0\" alt=\"Freewell\/FW-GX-ND\/6\" \/><\/p>\n<h3>Stworzone dla Samsunga Galaxy S23 Ultra<\/h3>\n<p>Filtry ND zosta\u0142y stworzone dla Samsunga Galaxy S23 Ultra, dzi\u0119ki czemu zapewniaj\u0105 idealne dopasowanie i optymaln\u0105 jako\u015b\u0107 obrazu. Unikalny system magnetyczny umo\u017cliwia \u0142atw\u0105 i szybk\u0105 wymian\u0119 akcesori\u00f3w, co pozwala sprawnie przygotowa\u0107 si\u0119 do nagrywania lub wykonania zdj\u0119cia. Ju\u017c nie musisz marnowa\u0107 czasu na poszukiwanie odpowiedniego slotu!<\/p>\n<p><img decoding=\"async\" src=\"https:\/\/b2b.innpro.pl\/data\/include\/cms\/Freewell\/FW-GX-ND\/4.jpg\" border=\"0\" alt=\"Freewell\/FW-GX-ND\/4\" \/><\/p>\n<h3>Wysokiej klasy wykonanie<\/h3>\n<p>Ka\u017cdy dost\u0119pny w zestawie filtr powsta\u0142 z powlekanego szk\u0142a optycznego, kt\u00f3re jest odporne na wod\u0119, kurz, zarysowania i plamy. Dzi\u0119ki temu wykonane przez Ciebie zdj\u0119cia zawsze b\u0119d\u0105 krystalicznie czyste i wolne od niechcianych zabrudze\u0144.<\/p>\n<p><img decoding=\"async\" src=\"https:\/\/b2b.innpro.pl\/data\/include\/cms\/Freewell\/FW-GX-ND\/5.jpg\" border=\"0\" alt=\"Freewell\/FW-GX-ND\/5\" \/><\/p>\n<h3>Efekty kinowe<\/h3>\n<p>Z zestawem Freewell zwi\u0119kszysz jako\u015b\u0107 swoich materia\u0142\u00f3w. Filtry ND pozwalaj\u0105 kontrolowa\u0107 ilo\u015b\u0107 wpadaj\u0105cego do aparatu \u015bwiat\u0142a, co z kolei umo\u017cliwia tworzenie efekt\u00f3w rozmycia ruchu. Teraz z \u0142atwo\u015bci\u0105 wzbogacisz swoje zdj\u0119cia i nagrania o ciekawy klimat!<\/p>\n<p><img decoding=\"async\" src=\"https:\/\/b2b.innpro.pl\/data\/include\/cms\/Freewell\/FW-GX-ND\/2.jpg\" border=\"0\" alt=\"Freewell\/FW-GX-ND\/2\" \/><\/p>\n<h3>W zestawie:<\/h3>\n<ul>\n<li>Filtr ND8<\/li>\n<li>Filtr ND16<\/li>\n<li>Filtr ND32<\/li>\n<li>Filtr N64<\/li>\n<li>Etui ochronne<\/li>\n<li>\u015aciereczka do czyszczenia<\/li>\n<\/ul>\n<div class=\"table-wrapper\">\n<table>\n<tbody>\n<tr>\n<th>Producent<\/th>\n<td>Freewell<\/td>\n<\/tr>\n<tr>\n<th>Model<\/th>\n<td>FW-GX-ND<\/td>\n<\/tr>\n<tr>\n<th>Kompatybilno\u015b\u0107<\/th>\n<td>Samsung Galaxy S23 Ultra \/ etui Freewell FW-GX-S23U<\/td>\n<\/tr>\n<tr>\n<th>Typ filtr\u00f3w<\/th>\n<td>ND8, ND16, ND32, N64<\/td>\n<\/tr>\n<\/tbody>\n<\/table>\n<\/div>\n","protected":false},"excerpt":{"rendered":"<p>Zestaw filtr\u00f3w ND8, ND16, ND32, ND64 Freewell do Samsunga Galaxy S23 Ultra Zestaw Freewell sk\u0142ada si\u0119 mi\u0119dzy innymi z filtr\u00f3w<\/p>\n","protected":false},"featured_media":25195,"comment_status":"closed","ping_status":"open","template":"","meta":{"_acf_changed":false},"product_brand":[],"product_cat":[1132,1153,1128],"product_tag":[],"class_list":{"0":"post-25194","1":"product","2":"type-product","3":"status-publish","4":"has-post-thumbnail","6":"product_cat-filtry-foto","7":"product_cat-do-smartfonow","8":"product_cat-foto-wideo","9":"pa_box-height-3355","10":"pa_box-length-4045","11":"pa_box-width-1325","12":"pa_gross-weight-4567","13":"pa_model-samsung-s23-ultra","14":"pa_net-weight-2561","16":"first","17":"outofstock","18":"taxable","19":"shipping-taxable","20":"purchasable","21":"product-type-simple"},"acf":[],"yoast_head":"<!-- This site is optimized with the Yoast SEO plugin v27.2 - https:\/\/yoast.com\/product\/yoast-seo-wordpress\/ -->\n<title>Zestaw filtr\u00f3w ND8, ND16, ND32, ND64 Freewell do Samsung Galaxy S23 Ultra - IRONSKY.PL Sklep z Dronami<\/title>\n<meta name=\"description\" content=\"Zestaw filtr\u00f3w ND8, ND16, ND32, ND64 Freewell do Samsung Galaxy S23 Ultra - \u2705 sklep z dronami i fachowym doradztwem. \u2705 Tutaj kupisz produkty DJI, Yuneec, Parrot, Syma i wiele innych, a tak\u017ce kursy i licencje na operatora drona.\" \/>\n<meta name=\"robots\" content=\"index, follow, max-snippet:-1, max-image-preview:large, max-video-preview:-1\" \/>\n<link rel=\"canonical\" href=\"https:\/\/ironsky.pl\/sklep\/produkt\/zestaw-filtrow-nd8-nd16-nd32-nd64-freewell-do-samsung-galaxy-s23-ultra\/\" \/>\n<meta property=\"og:locale\" content=\"pl_PL\" \/>\n<meta property=\"og:type\" content=\"article\" \/>\n<meta property=\"og:title\" content=\"Zestaw filtr\u00f3w ND8, ND16, ND32, ND64 Freewell do Samsung Galaxy S23 Ultra - IRONSKY.PL Sklep z Dronami\" \/>\n<meta property=\"og:description\" content=\"Zestaw filtr\u00f3w ND8, ND16, ND32, ND64 Freewell do Samsung Galaxy S23 Ultra - \u2705 sklep z dronami i fachowym doradztwem. \u2705 Tutaj kupisz produkty DJI, Yuneec, Parrot, Syma i wiele innych, a tak\u017ce kursy i licencje na operatora drona.\" \/>\n<meta property=\"og:url\" content=\"https:\/\/ironsky.pl\/sklep\/produkt\/zestaw-filtrow-nd8-nd16-nd32-nd64-freewell-do-samsung-galaxy-s23-ultra\/\" \/>\n<meta property=\"og:site_name\" content=\"IRONSKY.PL Sklep z Dronami\" \/>\n<meta property=\"article:modified_time\" content=\"2026-03-05T14:51:33+00:00\" \/>\n<meta property=\"og:image\" content=\"https:\/\/ironsky.pl\/sklep\/wp-content\/uploads\/2024\/09\/35789_1.jpg\" \/>\n\t<meta property=\"og:image:width\" content=\"800\" \/>\n\t<meta property=\"og:image:height\" content=\"800\" \/>\n\t<meta property=\"og:image:type\" content=\"image\/jpeg\" \/>\n<meta name=\"twitter:card\" content=\"summary_large_image\" \/>\n<meta name=\"twitter:label1\" content=\"Szacowany czas czytania\" \/>\n\t<meta name=\"twitter:data1\" content=\"1 minuta\" \/>\n<script type=\"application\/ld+json\" class=\"yoast-schema-graph\">{\"@context\":\"https:\/\/schema.org\",\"@graph\":[{\"@type\":\"WebPage\",\"@id\":\"https:\/\/ironsky.pl\/sklep\/produkt\/zestaw-filtrow-nd8-nd16-nd32-nd64-freewell-do-samsung-galaxy-s23-ultra\/\",\"url\":\"https:\/\/ironsky.pl\/sklep\/produkt\/zestaw-filtrow-nd8-nd16-nd32-nd64-freewell-do-samsung-galaxy-s23-ultra\/\",\"name\":\"Zestaw filtr\u00f3w ND8, ND16, ND32, ND64 Freewell do Samsung Galaxy S23 Ultra - IRONSKY.PL Sklep z Dronami\",\"isPartOf\":{\"@id\":\"https:\/\/ironsky.pl\/sklep\/#website\"},\"primaryImageOfPage\":{\"@id\":\"https:\/\/ironsky.pl\/sklep\/produkt\/zestaw-filtrow-nd8-nd16-nd32-nd64-freewell-do-samsung-galaxy-s23-ultra\/#primaryimage\"},\"image\":{\"@id\":\"https:\/\/ironsky.pl\/sklep\/produkt\/zestaw-filtrow-nd8-nd16-nd32-nd64-freewell-do-samsung-galaxy-s23-ultra\/#primaryimage\"},\"thumbnailUrl\":\"https:\/\/ironsky.pl\/sklep\/wp-content\/uploads\/2024\/09\/35789_1.jpg\",\"datePublished\":\"2024-09-16T17:17:29+00:00\",\"dateModified\":\"2026-03-05T14:51:33+00:00\",\"description\":\"Zestaw filtr\u00f3w ND8, ND16, ND32, ND64 Freewell do Samsung Galaxy S23 Ultra - \u2705 sklep z dronami i fachowym doradztwem. \u2705 Tutaj kupisz produkty DJI, Yuneec, Parrot, Syma i wiele innych, a tak\u017ce kursy i licencje na operatora drona.\",\"breadcrumb\":{\"@id\":\"https:\/\/ironsky.pl\/sklep\/produkt\/zestaw-filtrow-nd8-nd16-nd32-nd64-freewell-do-samsung-galaxy-s23-ultra\/#breadcrumb\"},\"inLanguage\":\"pl-PL\",\"potentialAction\":[{\"@type\":\"ReadAction\",\"target\":[\"https:\/\/ironsky.pl\/sklep\/produkt\/zestaw-filtrow-nd8-nd16-nd32-nd64-freewell-do-samsung-galaxy-s23-ultra\/\"]}]},{\"@type\":\"ImageObject\",\"inLanguage\":\"pl-PL\",\"@id\":\"https:\/\/ironsky.pl\/sklep\/produkt\/zestaw-filtrow-nd8-nd16-nd32-nd64-freewell-do-samsung-galaxy-s23-ultra\/#primaryimage\",\"url\":\"https:\/\/ironsky.pl\/sklep\/wp-content\/uploads\/2024\/09\/35789_1.jpg\",\"contentUrl\":\"https:\/\/ironsky.pl\/sklep\/wp-content\/uploads\/2024\/09\/35789_1.jpg\",\"width\":800,\"height\":800},{\"@type\":\"BreadcrumbList\",\"@id\":\"https:\/\/ironsky.pl\/sklep\/produkt\/zestaw-filtrow-nd8-nd16-nd32-nd64-freewell-do-samsung-galaxy-s23-ultra\/#breadcrumb\",\"itemListElement\":[{\"@type\":\"ListItem\",\"position\":1,\"name\":\"Strona g\u0142\u00f3wna\",\"item\":\"https:\/\/ironsky.pl\/sklep\/\"},{\"@type\":\"ListItem\",\"position\":2,\"name\":\"Wszystkie produkty\",\"item\":\"https:\/\/ironsky.pl\/sklep\/produkty\/\"},{\"@type\":\"ListItem\",\"position\":3,\"name\":\"Zestaw filtr\u00f3w ND8, ND16, ND32, ND64 Freewell do Samsung Galaxy S23 Ultra\"}]},{\"@type\":\"WebSite\",\"@id\":\"https:\/\/ironsky.pl\/sklep\/#website\",\"url\":\"https:\/\/ironsky.pl\/sklep\/\",\"name\":\"IRONSKY.PL Sklep z Dronami\",\"description\":\"IRONSKY.PL Sklep z Dronami\",\"potentialAction\":[{\"@type\":\"SearchAction\",\"target\":{\"@type\":\"EntryPoint\",\"urlTemplate\":\"https:\/\/ironsky.pl\/sklep\/?s={search_term_string}\"},\"query-input\":{\"@type\":\"PropertyValueSpecification\",\"valueRequired\":true,\"valueName\":\"search_term_string\"}}],\"inLanguage\":\"pl-PL\"}]}<\/script>\n<!-- \/ Yoast SEO plugin. -->","yoast_head_json":{"title":"Zestaw filtr\u00f3w ND8, ND16, ND32, ND64 Freewell do Samsung Galaxy S23 Ultra - IRONSKY.PL Sklep z Dronami","description":"Zestaw filtr\u00f3w ND8, ND16, ND32, ND64 Freewell do Samsung Galaxy S23 Ultra - \u2705 sklep z dronami i fachowym doradztwem. \u2705 Tutaj kupisz produkty DJI, Yuneec, Parrot, Syma i wiele innych, a tak\u017ce kursy i licencje na operatora drona.","robots":{"index":"index","follow":"follow","max-snippet":"max-snippet:-1","max-image-preview":"max-image-preview:large","max-video-preview":"max-video-preview:-1"},"canonical":"https:\/\/ironsky.pl\/sklep\/produkt\/zestaw-filtrow-nd8-nd16-nd32-nd64-freewell-do-samsung-galaxy-s23-ultra\/","og_locale":"pl_PL","og_type":"article","og_title":"Zestaw filtr\u00f3w ND8, ND16, ND32, ND64 Freewell do Samsung Galaxy S23 Ultra - IRONSKY.PL Sklep z Dronami","og_description":"Zestaw filtr\u00f3w ND8, ND16, ND32, ND64 Freewell do Samsung Galaxy S23 Ultra - \u2705 sklep z dronami i fachowym doradztwem. \u2705 Tutaj kupisz produkty DJI, Yuneec, Parrot, Syma i wiele innych, a tak\u017ce kursy i licencje na operatora drona.","og_url":"https:\/\/ironsky.pl\/sklep\/produkt\/zestaw-filtrow-nd8-nd16-nd32-nd64-freewell-do-samsung-galaxy-s23-ultra\/","og_site_name":"IRONSKY.PL Sklep z Dronami","article_modified_time":"2026-03-05T14:51:33+00:00","og_image":[{"width":800,"height":800,"url":"https:\/\/ironsky.pl\/sklep\/wp-content\/uploads\/2024\/09\/35789_1.jpg","type":"image\/jpeg"}],"twitter_card":"summary_large_image","twitter_misc":{"Szacowany czas czytania":"1 minuta"},"schema":{"@context":"https:\/\/schema.org","@graph":[{"@type":"WebPage","@id":"https:\/\/ironsky.pl\/sklep\/produkt\/zestaw-filtrow-nd8-nd16-nd32-nd64-freewell-do-samsung-galaxy-s23-ultra\/","url":"https:\/\/ironsky.pl\/sklep\/produkt\/zestaw-filtrow-nd8-nd16-nd32-nd64-freewell-do-samsung-galaxy-s23-ultra\/","name":"Zestaw filtr\u00f3w ND8, ND16, ND32, ND64 Freewell do Samsung Galaxy S23 Ultra - IRONSKY.PL Sklep z Dronami","isPartOf":{"@id":"https:\/\/ironsky.pl\/sklep\/#website"},"primaryImageOfPage":{"@id":"https:\/\/ironsky.pl\/sklep\/produkt\/zestaw-filtrow-nd8-nd16-nd32-nd64-freewell-do-samsung-galaxy-s23-ultra\/#primaryimage"},"image":{"@id":"https:\/\/ironsky.pl\/sklep\/produkt\/zestaw-filtrow-nd8-nd16-nd32-nd64-freewell-do-samsung-galaxy-s23-ultra\/#primaryimage"},"thumbnailUrl":"https:\/\/ironsky.pl\/sklep\/wp-content\/uploads\/2024\/09\/35789_1.jpg","datePublished":"2024-09-16T17:17:29+00:00","dateModified":"2026-03-05T14:51:33+00:00","description":"Zestaw filtr\u00f3w ND8, ND16, ND32, ND64 Freewell do Samsung Galaxy S23 Ultra - \u2705 sklep z dronami i fachowym doradztwem. \u2705 Tutaj kupisz produkty DJI, Yuneec, Parrot, Syma i wiele innych, a tak\u017ce kursy i licencje na operatora drona.","breadcrumb":{"@id":"https:\/\/ironsky.pl\/sklep\/produkt\/zestaw-filtrow-nd8-nd16-nd32-nd64-freewell-do-samsung-galaxy-s23-ultra\/#breadcrumb"},"inLanguage":"pl-PL","potentialAction":[{"@type":"ReadAction","target":["https:\/\/ironsky.pl\/sklep\/produkt\/zestaw-filtrow-nd8-nd16-nd32-nd64-freewell-do-samsung-galaxy-s23-ultra\/"]}]},{"@type":"ImageObject","inLanguage":"pl-PL","@id":"https:\/\/ironsky.pl\/sklep\/produkt\/zestaw-filtrow-nd8-nd16-nd32-nd64-freewell-do-samsung-galaxy-s23-ultra\/#primaryimage","url":"https:\/\/ironsky.pl\/sklep\/wp-content\/uploads\/2024\/09\/35789_1.jpg","contentUrl":"https:\/\/ironsky.pl\/sklep\/wp-content\/uploads\/2024\/09\/35789_1.jpg","width":800,"height":800},{"@type":"BreadcrumbList","@id":"https:\/\/ironsky.pl\/sklep\/produkt\/zestaw-filtrow-nd8-nd16-nd32-nd64-freewell-do-samsung-galaxy-s23-ultra\/#breadcrumb","itemListElement":[{"@type":"ListItem","position":1,"name":"Strona g\u0142\u00f3wna","item":"https:\/\/ironsky.pl\/sklep\/"},{"@type":"ListItem","position":2,"name":"Wszystkie produkty","item":"https:\/\/ironsky.pl\/sklep\/produkty\/"},{"@type":"ListItem","position":3,"name":"Zestaw filtr\u00f3w ND8, ND16, ND32, ND64 Freewell do Samsung Galaxy S23 Ultra"}]},{"@type":"WebSite","@id":"https:\/\/ironsky.pl\/sklep\/#website","url":"https:\/\/ironsky.pl\/sklep\/","name":"IRONSKY.PL Sklep z Dronami","description":"IRONSKY.PL Sklep z Dronami","potentialAction":[{"@type":"SearchAction","target":{"@type":"EntryPoint","urlTemplate":"https:\/\/ironsky.pl\/sklep\/?s={search_term_string}"},"query-input":{"@type":"PropertyValueSpecification","valueRequired":true,"valueName":"search_term_string"}}],"inLanguage":"pl-PL"}]}},"_links":{"self":[{"href":"https:\/\/ironsky.pl\/sklep\/wp-json\/wp\/v2\/product\/25194","targetHints":{"allow":["GET"]}}],"collection":[{"href":"https:\/\/ironsky.pl\/sklep\/wp-json\/wp\/v2\/product"}],"about":[{"href":"https:\/\/ironsky.pl\/sklep\/wp-json\/wp\/v2\/types\/product"}],"replies":[{"embeddable":true,"href":"https:\/\/ironsky.pl\/sklep\/wp-json\/wp\/v2\/comments?post=25194"}],"wp:featuredmedia":[{"embeddable":true,"href":"https:\/\/ironsky.pl\/sklep\/wp-json\/wp\/v2\/media\/25195"}],"wp:attachment":[{"href":"https:\/\/ironsky.pl\/sklep\/wp-json\/wp\/v2\/media?parent=25194"}],"wp:term":[{"taxonomy":"product_brand","embeddable":true,"href":"https:\/\/ironsky.pl\/sklep\/wp-json\/wp\/v2\/product_brand?post=25194"},{"taxonomy":"product_cat","embeddable":true,"href":"https:\/\/ironsky.pl\/sklep\/wp-json\/wp\/v2\/product_cat?post=25194"},{"taxonomy":"product_tag","embeddable":true,"href":"https:\/\/ironsky.pl\/sklep\/wp-json\/wp\/v2\/product_tag?post=25194"}],"curies":[{"name":"wp","href":"https:\/\/api.w.org\/{rel}","templated":true}]}}