{"id":24956,"date":"2024-09-16T19:13:20","date_gmt":"2024-09-16T17:13:20","guid":{"rendered":"http:\/\/gvshalph.pro-linuxpl.com\/ironskyprodukty\/produkt\/karta-pamieci-goodram-irdm-microsd-128gb-adapter-ir-m2aa-1280r12\/"},"modified":"2026-03-05T15:51:26","modified_gmt":"2026-03-05T14:51:26","slug":"karta-pamieci-goodram-irdm-microsd-128gb-adapter-ir-m2aa-1280r12","status":"publish","type":"product","link":"https:\/\/ironsky.pl\/sklep\/produkt\/karta-pamieci-goodram-irdm-microsd-128gb-adapter-ir-m2aa-1280r12\/","title":{"rendered":"Karta pami\u0119ci Goodram IRDM microSD 128GB + adapter (IR-M2AA-1280R12)"},"content":{"rendered":"<h3>Karta pami\u0119ci Goodram IRDM microSD 128GB + adapter (IR-M2AA-1280R12)<\/h3>\n<p>Karta pami\u0119ci Goodram microSD 128GB to fantastyczny wyb\u00f3r dla os\u00f3b, kt\u00f3re chc\u0105 nagrywa\u0107 filmy w 4K i slow motion lub zale\u017cy im na szybko\u015bci reakcji karty &#8211; w przypadku odczytu wynosi ona 170MB\/s, a szybko\u015b\u0107 zapisu to 120MB\/s. Pozwoli to sprawne poruszanie si\u0119 mi\u0119dzy zdj\u0119ciami w formacie JPEG i RAW. Je\u015bli szukasz karty pami\u0119ci do telefonu to karta GOODRAM IR M2AA jest \u015bwietnym wyborem tak\u017ce i w tym wypadku. poniewa\u017c wsp\u00f3\u0142pracuje ona z systemem Android &#8211; mo\u017cesz p\u0142ynnie nagrywa\u0107 multimedia i instalowa\u0107 aplikacje. <\/p>\n<p><img decoding=\"async\" src=\"https:\/\/b2b.innpro.pl\/data\/include\/cms\/Goodram\/IR-M2AA-1280R12\/3.jpg\" alt=\"Goodram\/IR-M2AA-1280R12\/3\"><\/p>\n<h3>Zawarto\u015b\u0107 zestawu <\/h3>\n<ul>\n<li>Karta microSD <\/li>\n<li>Adapter<\/li>\n<\/ul>\n<div class=\"table-wrapper\">\n<table>\n<tbody>\n<tr>\n<th>Marka <\/th>\n<td>GOODRAM<\/td>\n<\/tr>\n<tr>\n<th>Model <\/th>\n<td>IR M2AA<\/td>\n<\/tr>\n<tr>\n<th>Pojemno\u015b\u0107 <\/th>\n<td>128GB <\/td>\n<\/tr>\n<tr>\n<th>Szybko\u015b\u0107 odczytu <\/th>\n<td>170MB\/s <\/td>\n<\/tr>\n<tr>\n<th>Szybko\u015b\u0107 zapisu <\/th>\n<td>120MB\/s <\/td>\n<\/tr>\n<tr>\n<th>Wymiary karty<\/th>\n<td>15 x 11 x 1mm<\/td>\n<\/tr>\n<tr>\n<th>Klasa Video Speed <\/th>\n<td>V30 <\/td>\n<\/tr>\n<tr>\n<th>Pr\u0119dko\u015b\u0107 interfejsu <\/th>\n<td>UHS-I U3<\/td>\n<\/tr>\n<tr>\n<th>Kompatybilno\u015b\u0107 z systemem Android <\/th>\n<td>Tak <\/td>\n<\/tr>\n<tr>\n<th><\/th>\n<\/tbody>\n<\/table>\n<\/div>\n","protected":false},"excerpt":{"rendered":"<p>Karta pami\u0119ci Goodram IRDM microSD 128GB + adapter (IR-M2AA-1280R12) Karta pami\u0119ci Goodram microSD 128GB to fantastyczny wyb\u00f3r dla os\u00f3b, kt\u00f3re<\/p>\n","protected":false},"featured_media":24957,"comment_status":"closed","ping_status":"open","template":"","meta":{"_acf_changed":false},"product_brand":[],"product_cat":[1128,1157],"product_tag":[],"class_list":{"0":"post-24956","1":"product","2":"type-product","3":"status-publish","4":"has-post-thumbnail","6":"product_cat-foto-wideo","7":"product_cat-karty-pamieci","8":"pa_box-height-1375","9":"pa_box-length-2210","10":"pa_box-width-2905","11":"pa_gross-weight-2000","12":"pa_hs-code-3119","13":"pa_klasa-predkosci-c-uhs-v","14":"pa_net-weight-1701","15":"pa_pojemnosc-gb-2276","16":"pa_predkosc-zapisu-mb-s-4448","17":"pa_typ-karty-pamieci-micro-sd","19":"first","20":"outofstock","21":"taxable","22":"shipping-taxable","23":"purchasable","24":"product-type-simple"},"acf":[],"yoast_head":"<!-- This site is optimized with the Yoast SEO plugin v27.2 - https:\/\/yoast.com\/product\/yoast-seo-wordpress\/ -->\n<title>Karta pami\u0119ci Goodram IRDM microSD 128GB + adapter (IR-M2AA-1280R12) - IRONSKY.PL Sklep z Dronami<\/title>\n<meta name=\"description\" content=\"Karta pami\u0119ci Goodram IRDM microSD 128GB + adapter (IR-M2AA-1280R12) - \u2705 sklep z dronami i fachowym doradztwem. \u2705 Tutaj kupisz produkty DJI, Yuneec, Parrot, Syma i wiele innych, a tak\u017ce kursy i licencje na operatora drona.\" \/>\n<meta name=\"robots\" content=\"index, follow, max-snippet:-1, max-image-preview:large, max-video-preview:-1\" \/>\n<link rel=\"canonical\" href=\"https:\/\/ironsky.pl\/sklep\/produkt\/karta-pamieci-goodram-irdm-microsd-128gb-adapter-ir-m2aa-1280r12\/\" \/>\n<meta property=\"og:locale\" content=\"pl_PL\" \/>\n<meta property=\"og:type\" content=\"article\" \/>\n<meta property=\"og:title\" content=\"Karta pami\u0119ci Goodram IRDM microSD 128GB + adapter (IR-M2AA-1280R12) - IRONSKY.PL Sklep z Dronami\" \/>\n<meta property=\"og:description\" content=\"Karta pami\u0119ci Goodram IRDM microSD 128GB + adapter (IR-M2AA-1280R12) - \u2705 sklep z dronami i fachowym doradztwem. \u2705 Tutaj kupisz produkty DJI, Yuneec, Parrot, Syma i wiele innych, a tak\u017ce kursy i licencje na operatora drona.\" \/>\n<meta property=\"og:url\" content=\"https:\/\/ironsky.pl\/sklep\/produkt\/karta-pamieci-goodram-irdm-microsd-128gb-adapter-ir-m2aa-1280r12\/\" \/>\n<meta property=\"og:site_name\" content=\"IRONSKY.PL Sklep z Dronami\" \/>\n<meta property=\"article:modified_time\" content=\"2026-03-05T14:51:26+00:00\" \/>\n<meta property=\"og:image\" content=\"https:\/\/ironsky.pl\/sklep\/wp-content\/uploads\/2024\/09\/34376_2.jpg\" \/>\n\t<meta property=\"og:image:width\" content=\"800\" \/>\n\t<meta property=\"og:image:height\" content=\"800\" \/>\n\t<meta property=\"og:image:type\" content=\"image\/jpeg\" \/>\n<meta name=\"twitter:card\" content=\"summary_large_image\" \/>\n<meta name=\"twitter:label1\" content=\"Szacowany czas czytania\" \/>\n\t<meta name=\"twitter:data1\" content=\"1 minuta\" \/>\n<script type=\"application\/ld+json\" class=\"yoast-schema-graph\">{\"@context\":\"https:\/\/schema.org\",\"@graph\":[{\"@type\":\"WebPage\",\"@id\":\"https:\/\/ironsky.pl\/sklep\/produkt\/karta-pamieci-goodram-irdm-microsd-128gb-adapter-ir-m2aa-1280r12\/\",\"url\":\"https:\/\/ironsky.pl\/sklep\/produkt\/karta-pamieci-goodram-irdm-microsd-128gb-adapter-ir-m2aa-1280r12\/\",\"name\":\"Karta pami\u0119ci Goodram IRDM microSD 128GB + adapter (IR-M2AA-1280R12) - IRONSKY.PL Sklep z Dronami\",\"isPartOf\":{\"@id\":\"https:\/\/ironsky.pl\/sklep\/#website\"},\"primaryImageOfPage\":{\"@id\":\"https:\/\/ironsky.pl\/sklep\/produkt\/karta-pamieci-goodram-irdm-microsd-128gb-adapter-ir-m2aa-1280r12\/#primaryimage\"},\"image\":{\"@id\":\"https:\/\/ironsky.pl\/sklep\/produkt\/karta-pamieci-goodram-irdm-microsd-128gb-adapter-ir-m2aa-1280r12\/#primaryimage\"},\"thumbnailUrl\":\"https:\/\/ironsky.pl\/sklep\/wp-content\/uploads\/2024\/09\/34376_2.jpg\",\"datePublished\":\"2024-09-16T17:13:20+00:00\",\"dateModified\":\"2026-03-05T14:51:26+00:00\",\"description\":\"Karta pami\u0119ci Goodram IRDM microSD 128GB + adapter (IR-M2AA-1280R12) - \u2705 sklep z dronami i fachowym doradztwem. \u2705 Tutaj kupisz produkty DJI, Yuneec, Parrot, Syma i wiele innych, a tak\u017ce kursy i licencje na operatora drona.\",\"breadcrumb\":{\"@id\":\"https:\/\/ironsky.pl\/sklep\/produkt\/karta-pamieci-goodram-irdm-microsd-128gb-adapter-ir-m2aa-1280r12\/#breadcrumb\"},\"inLanguage\":\"pl-PL\",\"potentialAction\":[{\"@type\":\"ReadAction\",\"target\":[\"https:\/\/ironsky.pl\/sklep\/produkt\/karta-pamieci-goodram-irdm-microsd-128gb-adapter-ir-m2aa-1280r12\/\"]}]},{\"@type\":\"ImageObject\",\"inLanguage\":\"pl-PL\",\"@id\":\"https:\/\/ironsky.pl\/sklep\/produkt\/karta-pamieci-goodram-irdm-microsd-128gb-adapter-ir-m2aa-1280r12\/#primaryimage\",\"url\":\"https:\/\/ironsky.pl\/sklep\/wp-content\/uploads\/2024\/09\/34376_2.jpg\",\"contentUrl\":\"https:\/\/ironsky.pl\/sklep\/wp-content\/uploads\/2024\/09\/34376_2.jpg\",\"width\":800,\"height\":800},{\"@type\":\"BreadcrumbList\",\"@id\":\"https:\/\/ironsky.pl\/sklep\/produkt\/karta-pamieci-goodram-irdm-microsd-128gb-adapter-ir-m2aa-1280r12\/#breadcrumb\",\"itemListElement\":[{\"@type\":\"ListItem\",\"position\":1,\"name\":\"Strona g\u0142\u00f3wna\",\"item\":\"https:\/\/ironsky.pl\/sklep\/\"},{\"@type\":\"ListItem\",\"position\":2,\"name\":\"Wszystkie produkty\",\"item\":\"https:\/\/ironsky.pl\/sklep\/produkty\/\"},{\"@type\":\"ListItem\",\"position\":3,\"name\":\"Karta pami\u0119ci Goodram IRDM microSD 128GB + adapter (IR-M2AA-1280R12)\"}]},{\"@type\":\"WebSite\",\"@id\":\"https:\/\/ironsky.pl\/sklep\/#website\",\"url\":\"https:\/\/ironsky.pl\/sklep\/\",\"name\":\"IRONSKY.PL Sklep z Dronami\",\"description\":\"IRONSKY.PL Sklep z Dronami\",\"potentialAction\":[{\"@type\":\"SearchAction\",\"target\":{\"@type\":\"EntryPoint\",\"urlTemplate\":\"https:\/\/ironsky.pl\/sklep\/?s={search_term_string}\"},\"query-input\":{\"@type\":\"PropertyValueSpecification\",\"valueRequired\":true,\"valueName\":\"search_term_string\"}}],\"inLanguage\":\"pl-PL\"}]}<\/script>\n<!-- \/ Yoast SEO plugin. -->","yoast_head_json":{"title":"Karta pami\u0119ci Goodram IRDM microSD 128GB + adapter (IR-M2AA-1280R12) - IRONSKY.PL Sklep z Dronami","description":"Karta pami\u0119ci Goodram IRDM microSD 128GB + adapter (IR-M2AA-1280R12) - \u2705 sklep z dronami i fachowym doradztwem. \u2705 Tutaj kupisz produkty DJI, Yuneec, Parrot, Syma i wiele innych, a tak\u017ce kursy i licencje na operatora drona.","robots":{"index":"index","follow":"follow","max-snippet":"max-snippet:-1","max-image-preview":"max-image-preview:large","max-video-preview":"max-video-preview:-1"},"canonical":"https:\/\/ironsky.pl\/sklep\/produkt\/karta-pamieci-goodram-irdm-microsd-128gb-adapter-ir-m2aa-1280r12\/","og_locale":"pl_PL","og_type":"article","og_title":"Karta pami\u0119ci Goodram IRDM microSD 128GB + adapter (IR-M2AA-1280R12) - IRONSKY.PL Sklep z Dronami","og_description":"Karta pami\u0119ci Goodram IRDM microSD 128GB + adapter (IR-M2AA-1280R12) - \u2705 sklep z dronami i fachowym doradztwem. \u2705 Tutaj kupisz produkty DJI, Yuneec, Parrot, Syma i wiele innych, a tak\u017ce kursy i licencje na operatora drona.","og_url":"https:\/\/ironsky.pl\/sklep\/produkt\/karta-pamieci-goodram-irdm-microsd-128gb-adapter-ir-m2aa-1280r12\/","og_site_name":"IRONSKY.PL Sklep z Dronami","article_modified_time":"2026-03-05T14:51:26+00:00","og_image":[{"width":800,"height":800,"url":"https:\/\/ironsky.pl\/sklep\/wp-content\/uploads\/2024\/09\/34376_2.jpg","type":"image\/jpeg"}],"twitter_card":"summary_large_image","twitter_misc":{"Szacowany czas czytania":"1 minuta"},"schema":{"@context":"https:\/\/schema.org","@graph":[{"@type":"WebPage","@id":"https:\/\/ironsky.pl\/sklep\/produkt\/karta-pamieci-goodram-irdm-microsd-128gb-adapter-ir-m2aa-1280r12\/","url":"https:\/\/ironsky.pl\/sklep\/produkt\/karta-pamieci-goodram-irdm-microsd-128gb-adapter-ir-m2aa-1280r12\/","name":"Karta pami\u0119ci Goodram IRDM microSD 128GB + adapter (IR-M2AA-1280R12) - IRONSKY.PL Sklep z Dronami","isPartOf":{"@id":"https:\/\/ironsky.pl\/sklep\/#website"},"primaryImageOfPage":{"@id":"https:\/\/ironsky.pl\/sklep\/produkt\/karta-pamieci-goodram-irdm-microsd-128gb-adapter-ir-m2aa-1280r12\/#primaryimage"},"image":{"@id":"https:\/\/ironsky.pl\/sklep\/produkt\/karta-pamieci-goodram-irdm-microsd-128gb-adapter-ir-m2aa-1280r12\/#primaryimage"},"thumbnailUrl":"https:\/\/ironsky.pl\/sklep\/wp-content\/uploads\/2024\/09\/34376_2.jpg","datePublished":"2024-09-16T17:13:20+00:00","dateModified":"2026-03-05T14:51:26+00:00","description":"Karta pami\u0119ci Goodram IRDM microSD 128GB + adapter (IR-M2AA-1280R12) - \u2705 sklep z dronami i fachowym doradztwem. \u2705 Tutaj kupisz produkty DJI, Yuneec, Parrot, Syma i wiele innych, a tak\u017ce kursy i licencje na operatora drona.","breadcrumb":{"@id":"https:\/\/ironsky.pl\/sklep\/produkt\/karta-pamieci-goodram-irdm-microsd-128gb-adapter-ir-m2aa-1280r12\/#breadcrumb"},"inLanguage":"pl-PL","potentialAction":[{"@type":"ReadAction","target":["https:\/\/ironsky.pl\/sklep\/produkt\/karta-pamieci-goodram-irdm-microsd-128gb-adapter-ir-m2aa-1280r12\/"]}]},{"@type":"ImageObject","inLanguage":"pl-PL","@id":"https:\/\/ironsky.pl\/sklep\/produkt\/karta-pamieci-goodram-irdm-microsd-128gb-adapter-ir-m2aa-1280r12\/#primaryimage","url":"https:\/\/ironsky.pl\/sklep\/wp-content\/uploads\/2024\/09\/34376_2.jpg","contentUrl":"https:\/\/ironsky.pl\/sklep\/wp-content\/uploads\/2024\/09\/34376_2.jpg","width":800,"height":800},{"@type":"BreadcrumbList","@id":"https:\/\/ironsky.pl\/sklep\/produkt\/karta-pamieci-goodram-irdm-microsd-128gb-adapter-ir-m2aa-1280r12\/#breadcrumb","itemListElement":[{"@type":"ListItem","position":1,"name":"Strona g\u0142\u00f3wna","item":"https:\/\/ironsky.pl\/sklep\/"},{"@type":"ListItem","position":2,"name":"Wszystkie produkty","item":"https:\/\/ironsky.pl\/sklep\/produkty\/"},{"@type":"ListItem","position":3,"name":"Karta pami\u0119ci Goodram IRDM microSD 128GB + adapter (IR-M2AA-1280R12)"}]},{"@type":"WebSite","@id":"https:\/\/ironsky.pl\/sklep\/#website","url":"https:\/\/ironsky.pl\/sklep\/","name":"IRONSKY.PL Sklep z Dronami","description":"IRONSKY.PL Sklep z Dronami","potentialAction":[{"@type":"SearchAction","target":{"@type":"EntryPoint","urlTemplate":"https:\/\/ironsky.pl\/sklep\/?s={search_term_string}"},"query-input":{"@type":"PropertyValueSpecification","valueRequired":true,"valueName":"search_term_string"}}],"inLanguage":"pl-PL"}]}},"_links":{"self":[{"href":"https:\/\/ironsky.pl\/sklep\/wp-json\/wp\/v2\/product\/24956","targetHints":{"allow":["GET"]}}],"collection":[{"href":"https:\/\/ironsky.pl\/sklep\/wp-json\/wp\/v2\/product"}],"about":[{"href":"https:\/\/ironsky.pl\/sklep\/wp-json\/wp\/v2\/types\/product"}],"replies":[{"embeddable":true,"href":"https:\/\/ironsky.pl\/sklep\/wp-json\/wp\/v2\/comments?post=24956"}],"wp:featuredmedia":[{"embeddable":true,"href":"https:\/\/ironsky.pl\/sklep\/wp-json\/wp\/v2\/media\/24957"}],"wp:attachment":[{"href":"https:\/\/ironsky.pl\/sklep\/wp-json\/wp\/v2\/media?parent=24956"}],"wp:term":[{"taxonomy":"product_brand","embeddable":true,"href":"https:\/\/ironsky.pl\/sklep\/wp-json\/wp\/v2\/product_brand?post=24956"},{"taxonomy":"product_cat","embeddable":true,"href":"https:\/\/ironsky.pl\/sklep\/wp-json\/wp\/v2\/product_cat?post=24956"},{"taxonomy":"product_tag","embeddable":true,"href":"https:\/\/ironsky.pl\/sklep\/wp-json\/wp\/v2\/product_tag?post=24956"}],"curies":[{"name":"wp","href":"https:\/\/api.w.org\/{rel}","templated":true}]}}