{"id":24926,"date":"2024-09-16T19:13:20","date_gmt":"2024-09-16T17:13:20","guid":{"rendered":"http:\/\/gvshalph.pro-linuxpl.com\/ironskyprodukty\/produkt\/silikonowa-obudowa-puluz-z-oslona-obiektywu-dla-insta360-go-3-czarna\/"},"modified":"2026-03-05T15:51:24","modified_gmt":"2026-03-05T14:51:24","slug":"silikonowa-obudowa-puluz-z-oslona-obiektywu-dla-insta360-go-3-czarna","status":"publish","type":"product","link":"https:\/\/ironsky.pl\/sklep\/produkt\/silikonowa-obudowa-puluz-z-oslona-obiektywu-dla-insta360-go-3-czarna\/","title":{"rendered":"Silikonowa obudowa PULUZ z os\u0142on\u0105 obiektywu dla Insta360 GO 3 czarna"},"content":{"rendered":"<h3>Silikonowa obudowa PULUZ z os\u0142on\u0105 obiektywu dla Insta360 GO 3 (czarna)<\/h3>\n<p>Zadbaj o bezpiecze\u0144stwo swojej kamery sportowej Insta360 GO 3! Silikonowe etui niezawodnie chroni kamer\u0119 i jej obiektyw przed zarysowaniami oraz uszkodzeniem, a tak\u017ce skutecznie zapobiega przedostawaniu si\u0119 kurzu, py\u0142u i innych zanieczyszcze\u0144. Do jego wykonania wykorzystano mi\u0119kki i elastyczny silikon, a jego monta\u017c oraz demonta\u017c nie b\u0119dzie stanowi\u0107 dla Ciebie problemu.<\/p>\n<p><img decoding=\"async\" src=\"https:\/\/b2b.innpro.pl\/data\/include\/cms\/02Puluz\/PU864B\/3.jpg\" alt=\"02Puluz\/PU864B\/3\"><\/p>\n<div class=\"table-wrapper\">\n<table>\n<tbody>\n<tr>\n<th>Producent<\/th>\n<td>Puluz<\/td>\n<\/tr>\n<tr>\n<th>Model<\/th>\n<td>PU864B<\/td>\n<\/tr>\n<tr>\n<th>Kolor<\/th>\n<td>Czarny<\/td>\n<\/tr>\n<tr>\n<th>Kompatybilno\u015b\u0107<\/th>\n<td>Kamera sportowa Insta360 GO 3<\/td>\n<\/tr>\n<\/tbody>\n<\/table>\n<\/div>\n","protected":false},"excerpt":{"rendered":"<p>Silikonowa obudowa PULUZ z os\u0142on\u0105 obiektywu dla Insta360 GO 3 (czarna) Zadbaj o bezpiecze\u0144stwo swojej kamery sportowej Insta360 GO 3!<\/p>\n","protected":false},"featured_media":24927,"comment_status":"closed","ping_status":"open","template":"","meta":{"_acf_changed":false},"product_brand":[],"product_cat":[1130,1137,1128],"product_tag":[],"class_list":{"0":"post-24926","1":"product","2":"type-product","3":"status-publish","4":"has-post-thumbnail","6":"product_cat-akcesoria-foto","7":"product_cat-do-kamer-sportowych","8":"product_cat-foto-wideo","9":"pa_box-height-1424","10":"pa_box-length-1371","11":"pa_box-width-1498","12":"pa_gross-weight-1576","13":"pa_hs-code-1775","14":"pa_kompatybilnosc-insta360","15":"pa_net-weight-1533","17":"first","18":"outofstock","19":"taxable","20":"shipping-taxable","21":"purchasable","22":"product-type-simple"},"acf":[],"yoast_head":"<!-- This site is optimized with the Yoast SEO plugin v27.2 - https:\/\/yoast.com\/product\/yoast-seo-wordpress\/ -->\n<title>Silikonowa obudowa PULUZ z os\u0142on\u0105 obiektywu dla Insta360 GO 3 czarna - IRONSKY.PL Sklep z Dronami<\/title>\n<meta name=\"description\" content=\"Silikonowa obudowa PULUZ z os\u0142on\u0105 obiektywu dla Insta360 GO 3 czarna - \u2705 sklep z dronami i fachowym doradztwem. \u2705 Tutaj kupisz produkty DJI, Yuneec, Parrot, Syma i wiele innych, a tak\u017ce kursy i licencje na operatora drona.\" \/>\n<meta name=\"robots\" content=\"index, follow, max-snippet:-1, max-image-preview:large, max-video-preview:-1\" \/>\n<link rel=\"canonical\" href=\"https:\/\/ironsky.pl\/sklep\/produkt\/silikonowa-obudowa-puluz-z-oslona-obiektywu-dla-insta360-go-3-czarna\/\" \/>\n<meta property=\"og:locale\" content=\"pl_PL\" \/>\n<meta property=\"og:type\" content=\"article\" \/>\n<meta property=\"og:title\" content=\"Silikonowa obudowa PULUZ z os\u0142on\u0105 obiektywu dla Insta360 GO 3 czarna - IRONSKY.PL Sklep z Dronami\" \/>\n<meta property=\"og:description\" content=\"Silikonowa obudowa PULUZ z os\u0142on\u0105 obiektywu dla Insta360 GO 3 czarna - \u2705 sklep z dronami i fachowym doradztwem. \u2705 Tutaj kupisz produkty DJI, Yuneec, Parrot, Syma i wiele innych, a tak\u017ce kursy i licencje na operatora drona.\" \/>\n<meta property=\"og:url\" content=\"https:\/\/ironsky.pl\/sklep\/produkt\/silikonowa-obudowa-puluz-z-oslona-obiektywu-dla-insta360-go-3-czarna\/\" \/>\n<meta property=\"og:site_name\" content=\"IRONSKY.PL Sklep z Dronami\" \/>\n<meta property=\"article:modified_time\" content=\"2026-03-05T14:51:24+00:00\" \/>\n<meta property=\"og:image\" content=\"https:\/\/ironsky.pl\/sklep\/wp-content\/uploads\/2024\/09\/34301_1.jpg\" \/>\n\t<meta property=\"og:image:width\" content=\"800\" \/>\n\t<meta property=\"og:image:height\" content=\"800\" \/>\n\t<meta property=\"og:image:type\" content=\"image\/jpeg\" \/>\n<meta name=\"twitter:card\" content=\"summary_large_image\" \/>\n<script type=\"application\/ld+json\" class=\"yoast-schema-graph\">{\"@context\":\"https:\/\/schema.org\",\"@graph\":[{\"@type\":\"WebPage\",\"@id\":\"https:\/\/ironsky.pl\/sklep\/produkt\/silikonowa-obudowa-puluz-z-oslona-obiektywu-dla-insta360-go-3-czarna\/\",\"url\":\"https:\/\/ironsky.pl\/sklep\/produkt\/silikonowa-obudowa-puluz-z-oslona-obiektywu-dla-insta360-go-3-czarna\/\",\"name\":\"Silikonowa obudowa PULUZ z os\u0142on\u0105 obiektywu dla Insta360 GO 3 czarna - IRONSKY.PL Sklep z Dronami\",\"isPartOf\":{\"@id\":\"https:\/\/ironsky.pl\/sklep\/#website\"},\"primaryImageOfPage\":{\"@id\":\"https:\/\/ironsky.pl\/sklep\/produkt\/silikonowa-obudowa-puluz-z-oslona-obiektywu-dla-insta360-go-3-czarna\/#primaryimage\"},\"image\":{\"@id\":\"https:\/\/ironsky.pl\/sklep\/produkt\/silikonowa-obudowa-puluz-z-oslona-obiektywu-dla-insta360-go-3-czarna\/#primaryimage\"},\"thumbnailUrl\":\"https:\/\/ironsky.pl\/sklep\/wp-content\/uploads\/2024\/09\/34301_1.jpg\",\"datePublished\":\"2024-09-16T17:13:20+00:00\",\"dateModified\":\"2026-03-05T14:51:24+00:00\",\"description\":\"Silikonowa obudowa PULUZ z os\u0142on\u0105 obiektywu dla Insta360 GO 3 czarna - \u2705 sklep z dronami i fachowym doradztwem. \u2705 Tutaj kupisz produkty DJI, Yuneec, Parrot, Syma i wiele innych, a tak\u017ce kursy i licencje na operatora drona.\",\"breadcrumb\":{\"@id\":\"https:\/\/ironsky.pl\/sklep\/produkt\/silikonowa-obudowa-puluz-z-oslona-obiektywu-dla-insta360-go-3-czarna\/#breadcrumb\"},\"inLanguage\":\"pl-PL\",\"potentialAction\":[{\"@type\":\"ReadAction\",\"target\":[\"https:\/\/ironsky.pl\/sklep\/produkt\/silikonowa-obudowa-puluz-z-oslona-obiektywu-dla-insta360-go-3-czarna\/\"]}]},{\"@type\":\"ImageObject\",\"inLanguage\":\"pl-PL\",\"@id\":\"https:\/\/ironsky.pl\/sklep\/produkt\/silikonowa-obudowa-puluz-z-oslona-obiektywu-dla-insta360-go-3-czarna\/#primaryimage\",\"url\":\"https:\/\/ironsky.pl\/sklep\/wp-content\/uploads\/2024\/09\/34301_1.jpg\",\"contentUrl\":\"https:\/\/ironsky.pl\/sklep\/wp-content\/uploads\/2024\/09\/34301_1.jpg\",\"width\":800,\"height\":800},{\"@type\":\"BreadcrumbList\",\"@id\":\"https:\/\/ironsky.pl\/sklep\/produkt\/silikonowa-obudowa-puluz-z-oslona-obiektywu-dla-insta360-go-3-czarna\/#breadcrumb\",\"itemListElement\":[{\"@type\":\"ListItem\",\"position\":1,\"name\":\"Strona g\u0142\u00f3wna\",\"item\":\"https:\/\/ironsky.pl\/sklep\/\"},{\"@type\":\"ListItem\",\"position\":2,\"name\":\"Wszystkie produkty\",\"item\":\"https:\/\/ironsky.pl\/sklep\/produkty\/\"},{\"@type\":\"ListItem\",\"position\":3,\"name\":\"Silikonowa obudowa PULUZ z os\u0142on\u0105 obiektywu dla Insta360 GO 3 czarna\"}]},{\"@type\":\"WebSite\",\"@id\":\"https:\/\/ironsky.pl\/sklep\/#website\",\"url\":\"https:\/\/ironsky.pl\/sklep\/\",\"name\":\"IRONSKY.PL Sklep z Dronami\",\"description\":\"IRONSKY.PL Sklep z Dronami\",\"potentialAction\":[{\"@type\":\"SearchAction\",\"target\":{\"@type\":\"EntryPoint\",\"urlTemplate\":\"https:\/\/ironsky.pl\/sklep\/?s={search_term_string}\"},\"query-input\":{\"@type\":\"PropertyValueSpecification\",\"valueRequired\":true,\"valueName\":\"search_term_string\"}}],\"inLanguage\":\"pl-PL\"}]}<\/script>\n<!-- \/ Yoast SEO plugin. -->","yoast_head_json":{"title":"Silikonowa obudowa PULUZ z os\u0142on\u0105 obiektywu dla Insta360 GO 3 czarna - IRONSKY.PL Sklep z Dronami","description":"Silikonowa obudowa PULUZ z os\u0142on\u0105 obiektywu dla Insta360 GO 3 czarna - \u2705 sklep z dronami i fachowym doradztwem. \u2705 Tutaj kupisz produkty DJI, Yuneec, Parrot, Syma i wiele innych, a tak\u017ce kursy i licencje na operatora drona.","robots":{"index":"index","follow":"follow","max-snippet":"max-snippet:-1","max-image-preview":"max-image-preview:large","max-video-preview":"max-video-preview:-1"},"canonical":"https:\/\/ironsky.pl\/sklep\/produkt\/silikonowa-obudowa-puluz-z-oslona-obiektywu-dla-insta360-go-3-czarna\/","og_locale":"pl_PL","og_type":"article","og_title":"Silikonowa obudowa PULUZ z os\u0142on\u0105 obiektywu dla Insta360 GO 3 czarna - IRONSKY.PL Sklep z Dronami","og_description":"Silikonowa obudowa PULUZ z os\u0142on\u0105 obiektywu dla Insta360 GO 3 czarna - \u2705 sklep z dronami i fachowym doradztwem. \u2705 Tutaj kupisz produkty DJI, Yuneec, Parrot, Syma i wiele innych, a tak\u017ce kursy i licencje na operatora drona.","og_url":"https:\/\/ironsky.pl\/sklep\/produkt\/silikonowa-obudowa-puluz-z-oslona-obiektywu-dla-insta360-go-3-czarna\/","og_site_name":"IRONSKY.PL Sklep z Dronami","article_modified_time":"2026-03-05T14:51:24+00:00","og_image":[{"width":800,"height":800,"url":"https:\/\/ironsky.pl\/sklep\/wp-content\/uploads\/2024\/09\/34301_1.jpg","type":"image\/jpeg"}],"twitter_card":"summary_large_image","schema":{"@context":"https:\/\/schema.org","@graph":[{"@type":"WebPage","@id":"https:\/\/ironsky.pl\/sklep\/produkt\/silikonowa-obudowa-puluz-z-oslona-obiektywu-dla-insta360-go-3-czarna\/","url":"https:\/\/ironsky.pl\/sklep\/produkt\/silikonowa-obudowa-puluz-z-oslona-obiektywu-dla-insta360-go-3-czarna\/","name":"Silikonowa obudowa PULUZ z os\u0142on\u0105 obiektywu dla Insta360 GO 3 czarna - IRONSKY.PL Sklep z Dronami","isPartOf":{"@id":"https:\/\/ironsky.pl\/sklep\/#website"},"primaryImageOfPage":{"@id":"https:\/\/ironsky.pl\/sklep\/produkt\/silikonowa-obudowa-puluz-z-oslona-obiektywu-dla-insta360-go-3-czarna\/#primaryimage"},"image":{"@id":"https:\/\/ironsky.pl\/sklep\/produkt\/silikonowa-obudowa-puluz-z-oslona-obiektywu-dla-insta360-go-3-czarna\/#primaryimage"},"thumbnailUrl":"https:\/\/ironsky.pl\/sklep\/wp-content\/uploads\/2024\/09\/34301_1.jpg","datePublished":"2024-09-16T17:13:20+00:00","dateModified":"2026-03-05T14:51:24+00:00","description":"Silikonowa obudowa PULUZ z os\u0142on\u0105 obiektywu dla Insta360 GO 3 czarna - \u2705 sklep z dronami i fachowym doradztwem. \u2705 Tutaj kupisz produkty DJI, Yuneec, Parrot, Syma i wiele innych, a tak\u017ce kursy i licencje na operatora drona.","breadcrumb":{"@id":"https:\/\/ironsky.pl\/sklep\/produkt\/silikonowa-obudowa-puluz-z-oslona-obiektywu-dla-insta360-go-3-czarna\/#breadcrumb"},"inLanguage":"pl-PL","potentialAction":[{"@type":"ReadAction","target":["https:\/\/ironsky.pl\/sklep\/produkt\/silikonowa-obudowa-puluz-z-oslona-obiektywu-dla-insta360-go-3-czarna\/"]}]},{"@type":"ImageObject","inLanguage":"pl-PL","@id":"https:\/\/ironsky.pl\/sklep\/produkt\/silikonowa-obudowa-puluz-z-oslona-obiektywu-dla-insta360-go-3-czarna\/#primaryimage","url":"https:\/\/ironsky.pl\/sklep\/wp-content\/uploads\/2024\/09\/34301_1.jpg","contentUrl":"https:\/\/ironsky.pl\/sklep\/wp-content\/uploads\/2024\/09\/34301_1.jpg","width":800,"height":800},{"@type":"BreadcrumbList","@id":"https:\/\/ironsky.pl\/sklep\/produkt\/silikonowa-obudowa-puluz-z-oslona-obiektywu-dla-insta360-go-3-czarna\/#breadcrumb","itemListElement":[{"@type":"ListItem","position":1,"name":"Strona g\u0142\u00f3wna","item":"https:\/\/ironsky.pl\/sklep\/"},{"@type":"ListItem","position":2,"name":"Wszystkie produkty","item":"https:\/\/ironsky.pl\/sklep\/produkty\/"},{"@type":"ListItem","position":3,"name":"Silikonowa obudowa PULUZ z os\u0142on\u0105 obiektywu dla Insta360 GO 3 czarna"}]},{"@type":"WebSite","@id":"https:\/\/ironsky.pl\/sklep\/#website","url":"https:\/\/ironsky.pl\/sklep\/","name":"IRONSKY.PL Sklep z Dronami","description":"IRONSKY.PL Sklep z Dronami","potentialAction":[{"@type":"SearchAction","target":{"@type":"EntryPoint","urlTemplate":"https:\/\/ironsky.pl\/sklep\/?s={search_term_string}"},"query-input":{"@type":"PropertyValueSpecification","valueRequired":true,"valueName":"search_term_string"}}],"inLanguage":"pl-PL"}]}},"_links":{"self":[{"href":"https:\/\/ironsky.pl\/sklep\/wp-json\/wp\/v2\/product\/24926","targetHints":{"allow":["GET"]}}],"collection":[{"href":"https:\/\/ironsky.pl\/sklep\/wp-json\/wp\/v2\/product"}],"about":[{"href":"https:\/\/ironsky.pl\/sklep\/wp-json\/wp\/v2\/types\/product"}],"replies":[{"embeddable":true,"href":"https:\/\/ironsky.pl\/sklep\/wp-json\/wp\/v2\/comments?post=24926"}],"wp:featuredmedia":[{"embeddable":true,"href":"https:\/\/ironsky.pl\/sklep\/wp-json\/wp\/v2\/media\/24927"}],"wp:attachment":[{"href":"https:\/\/ironsky.pl\/sklep\/wp-json\/wp\/v2\/media?parent=24926"}],"wp:term":[{"taxonomy":"product_brand","embeddable":true,"href":"https:\/\/ironsky.pl\/sklep\/wp-json\/wp\/v2\/product_brand?post=24926"},{"taxonomy":"product_cat","embeddable":true,"href":"https:\/\/ironsky.pl\/sklep\/wp-json\/wp\/v2\/product_cat?post=24926"},{"taxonomy":"product_tag","embeddable":true,"href":"https:\/\/ironsky.pl\/sklep\/wp-json\/wp\/v2\/product_tag?post=24926"}],"curies":[{"name":"wp","href":"https:\/\/api.w.org\/{rel}","templated":true}]}}