{"id":24895,"date":"2024-09-16T19:12:00","date_gmt":"2024-09-16T17:12:00","guid":{"rendered":"http:\/\/gvshalph.pro-linuxpl.com\/ironskyprodukty\/produkt\/magnetyczna-ramka-zabezpieczajaca-puluz-insta360-go-3-go-3s-z-karabinkiem\/"},"modified":"2026-03-05T15:51:24","modified_gmt":"2026-03-05T14:51:24","slug":"magnetyczna-ramka-zabezpieczajaca-puluz-insta360-go-3-go-3s-z-karabinkiem","status":"publish","type":"product","link":"https:\/\/ironsky.pl\/sklep\/produkt\/magnetyczna-ramka-zabezpieczajaca-puluz-insta360-go-3-go-3s-z-karabinkiem\/","title":{"rendered":"Magnetyczna ramka zabezpieczaj\u0105ca Puluz Insta360 GO 3 \/ GO 3S z karabinkiem"},"content":{"rendered":"<h3>Magnetyczna ramka zabezpieczaj\u0105ca Puluz Insta360 GO 3\/ GO 3S z karabinkiem<\/h3>\n<p>Wykorzystujesz Insta360 GO 3\/ GO 3S do tworzenia niesamowitych uj\u0119\u0107? Spraw, aby Twoja kamera by\u0142a bezpieczna w ka\u017cdej sytuacji. Pomo\u017ce ci w tym magnetyczna ramka zabezpieczaj\u0105ca PULUZ. Wykonana z najlepszych materia\u0142\u00f3w jest bardzo trwa\u0142a i wytrzyma\u0142a. Co wi\u0119cej, b\u0119dziesz w stanie przymocowa\u0107 j\u0105 do r\u00f3\u017cnych, magnetycznych powierzchni, tworz\u0105c zachwycaj\u0105ce uj\u0119cia z r\u00f3\u017cnych perspektyw. Dodatkowo za pomoc\u0105 karabinku mo\u017cesz przymocowa\u0107 kamer\u0119 np. do torby czy kurtki i ju\u017c nigdy jej nie zgubisz! Zobacz, co PULUZ mo\u017ce Ci zaoferowa\u0107.<\/p>\n<p>\n<img decoding=\"async\" src=\"https:\/\/assets.innpro.pl\/7468\/8680\/1.jpg\" border=\"0\" \/>\n<\/p>\n<h3>Przemy\u015blana budowa<\/h3>\n<p>Magnetyczna ramka ochronna to doskona\u0142e rozwi\u0105zanie stworzone specjalnie dla u\u017cytkownik\u00f3w Insta360 GO 3\/ GO 3S. Jej g\u0142\u00f3wn\u0105 zalet\u0105 jest wbudowany magnes, kt\u00f3ry pozwala przyczepi\u0107 kamer\u0119 do r\u00f3\u017cnych metalowych powierzchni, otwieraj\u0105c nowe, niesamowite mo\u017cliwo\u015bci tworzenia uj\u0119\u0107. Dodatkowo, na dole ramki znajduje si\u0119 otw\u00f3r na nakr\u0119tk\u0119 1\/4 cala, umo\u017cliwiaj\u0105cy pod\u0142\u0105czenie kamery do statywu lub selfie sticka. Dzi\u0119ki temu mo\u017cna wykorzystywa\u0107 Insta360 Go 3 w r\u00f3\u017cnych scenariuszach, zapewniaj\u0105c elastyczno\u015b\u0107 i wszechstronno\u015b\u0107 podczas tworzenia tre\u015bci.<\/p>\n<p>\n<img decoding=\"async\" src=\"https:\/\/assets.innpro.pl\/7468\/8680\/2.jpg\" border=\"0\" \/>\n<\/p>\n<h3>Gwarancja bezpiecze\u0144stwa<\/h3>\n<p>Magnetyczna ramka PULUZ jest stworzona z my\u015bl\u0105 o zapewnieniu pe\u0142nej ochrony Twojej kamerze. Wykonana z wysokiej jako\u015bci mieszanki tworzyw ABS i PC, jest nie tylko mocna, ale tak\u017ce trwa\u0142a. To rozwi\u0105zanie odporne na wstrz\u0105sy i uderzenia, kt\u00f3re pozwala skoncentrowa\u0107 si\u0119 na tworzeniu niezapomnianych uj\u0119\u0107, wiedz\u0105c, \u017ce sprz\u0119t jest w pe\u0142ni zabezpieczony. Co wi\u0119cej, w zestawie znajdziesz karabinek, kt\u00f3ry umo\u017cliwi przymocowanie kamery do plecaka czy kurtki. Ju\u017c nie musisz obawia\u0107 si\u0119 o jej zgubienie!<\/p>\n<p>\n<img decoding=\"async\" src=\"https:\/\/assets.innpro.pl\/7468\/8680\/3.jpg\" border=\"0\" \/>\n<\/p>\n<h3>W zestawie<\/h3>\n<ul class=\"list-disc pl-5\">\n<li>magnetyczna ramka zabezpieczaj\u0105ca<\/li>\n<li>karabinek<\/li>\n<\/ul>\n<div class=\"table-wrapper\">\n<p>\u00a0<\/p>\n<h3><\/h3>\n<table>\n<tbody>\n<tr>\n<th>Producent <\/th>\n<td>PULZU<\/td>\n<\/tr>\n<tr>\n<th>Model<\/th>\n<td>PU873B<\/td>\n<\/tr>\n<tr>\n<th>Kompatybilno\u015b\u0107 <\/th>\n<td>Insta360 GO 3\/ GO 3S<\/td>\n<\/tr>\n<tr>\n<th>Materia\u0142 <\/th>\n<td>ABS + PC<\/td>\n<\/tr>\n<\/tbody>\n<\/table>\n<\/div>\n","protected":false},"excerpt":{"rendered":"<p>Magnetyczna ramka zabezpieczaj\u0105ca Puluz Insta360 GO 3\/ GO 3S z karabinkiem Wykorzystujesz Insta360 GO 3\/ GO 3S do tworzenia niesamowitych<\/p>\n","protected":false},"featured_media":24896,"comment_status":"closed","ping_status":"open","template":"","meta":{"_acf_changed":false},"product_brand":[],"product_cat":[1130,1137,1128],"product_tag":[],"class_list":{"0":"post-24895","1":"product","2":"type-product","3":"status-publish","4":"has-post-thumbnail","6":"product_cat-akcesoria-foto","7":"product_cat-do-kamer-sportowych","8":"product_cat-foto-wideo","9":"pa_box-height-1691","10":"pa_box-length-2118","11":"pa_box-width-2001","12":"pa_gross-weight-1788","13":"pa_hs-code-1775","14":"pa_kompatybilnosc-insta360","15":"pa_net-weight-1575","17":"first","18":"outofstock","19":"taxable","20":"shipping-taxable","21":"purchasable","22":"product-type-simple"},"acf":[],"yoast_head":"<!-- This site is optimized with the Yoast SEO plugin v27.2 - https:\/\/yoast.com\/product\/yoast-seo-wordpress\/ -->\n<title>Magnetyczna ramka zabezpieczaj\u0105ca Puluz Insta360 GO 3 \/ GO 3S z karabinkiem - IRONSKY.PL Sklep z Dronami<\/title>\n<meta name=\"description\" content=\"Magnetyczna ramka zabezpieczaj\u0105ca Puluz Insta360 GO 3 \/ GO 3S z karabinkiem - \u2705 sklep z dronami i fachowym doradztwem. \u2705 Tutaj kupisz produkty DJI, Yuneec, Parrot, Syma i wiele innych, a tak\u017ce kursy i licencje na operatora drona.\" \/>\n<meta name=\"robots\" content=\"index, follow, max-snippet:-1, max-image-preview:large, max-video-preview:-1\" \/>\n<link rel=\"canonical\" href=\"https:\/\/ironsky.pl\/sklep\/produkt\/magnetyczna-ramka-zabezpieczajaca-puluz-insta360-go-3-go-3s-z-karabinkiem\/\" \/>\n<meta property=\"og:locale\" content=\"pl_PL\" \/>\n<meta property=\"og:type\" content=\"article\" \/>\n<meta property=\"og:title\" content=\"Magnetyczna ramka zabezpieczaj\u0105ca Puluz Insta360 GO 3 \/ GO 3S z karabinkiem - IRONSKY.PL Sklep z Dronami\" \/>\n<meta property=\"og:description\" content=\"Magnetyczna ramka zabezpieczaj\u0105ca Puluz Insta360 GO 3 \/ GO 3S z karabinkiem - \u2705 sklep z dronami i fachowym doradztwem. \u2705 Tutaj kupisz produkty DJI, Yuneec, Parrot, Syma i wiele innych, a tak\u017ce kursy i licencje na operatora drona.\" \/>\n<meta property=\"og:url\" content=\"https:\/\/ironsky.pl\/sklep\/produkt\/magnetyczna-ramka-zabezpieczajaca-puluz-insta360-go-3-go-3s-z-karabinkiem\/\" \/>\n<meta property=\"og:site_name\" content=\"IRONSKY.PL Sklep z Dronami\" \/>\n<meta property=\"article:modified_time\" content=\"2026-03-05T14:51:24+00:00\" \/>\n<meta property=\"og:image\" content=\"https:\/\/ironsky.pl\/sklep\/wp-content\/uploads\/2024\/09\/34166_1.jpg\" \/>\n\t<meta property=\"og:image:width\" content=\"800\" \/>\n\t<meta property=\"og:image:height\" content=\"800\" \/>\n\t<meta property=\"og:image:type\" content=\"image\/jpeg\" \/>\n<meta name=\"twitter:card\" content=\"summary_large_image\" \/>\n<meta name=\"twitter:label1\" content=\"Szacowany czas czytania\" \/>\n\t<meta name=\"twitter:data1\" content=\"1 minuta\" \/>\n<script type=\"application\/ld+json\" class=\"yoast-schema-graph\">{\"@context\":\"https:\/\/schema.org\",\"@graph\":[{\"@type\":\"WebPage\",\"@id\":\"https:\/\/ironsky.pl\/sklep\/produkt\/magnetyczna-ramka-zabezpieczajaca-puluz-insta360-go-3-go-3s-z-karabinkiem\/\",\"url\":\"https:\/\/ironsky.pl\/sklep\/produkt\/magnetyczna-ramka-zabezpieczajaca-puluz-insta360-go-3-go-3s-z-karabinkiem\/\",\"name\":\"Magnetyczna ramka zabezpieczaj\u0105ca Puluz Insta360 GO 3 \/ GO 3S z karabinkiem - IRONSKY.PL Sklep z Dronami\",\"isPartOf\":{\"@id\":\"https:\/\/ironsky.pl\/sklep\/#website\"},\"primaryImageOfPage\":{\"@id\":\"https:\/\/ironsky.pl\/sklep\/produkt\/magnetyczna-ramka-zabezpieczajaca-puluz-insta360-go-3-go-3s-z-karabinkiem\/#primaryimage\"},\"image\":{\"@id\":\"https:\/\/ironsky.pl\/sklep\/produkt\/magnetyczna-ramka-zabezpieczajaca-puluz-insta360-go-3-go-3s-z-karabinkiem\/#primaryimage\"},\"thumbnailUrl\":\"https:\/\/ironsky.pl\/sklep\/wp-content\/uploads\/2024\/09\/34166_1.jpg\",\"datePublished\":\"2024-09-16T17:12:00+00:00\",\"dateModified\":\"2026-03-05T14:51:24+00:00\",\"description\":\"Magnetyczna ramka zabezpieczaj\u0105ca Puluz Insta360 GO 3 \/ GO 3S z karabinkiem - \u2705 sklep z dronami i fachowym doradztwem. \u2705 Tutaj kupisz produkty DJI, Yuneec, Parrot, Syma i wiele innych, a tak\u017ce kursy i licencje na operatora drona.\",\"breadcrumb\":{\"@id\":\"https:\/\/ironsky.pl\/sklep\/produkt\/magnetyczna-ramka-zabezpieczajaca-puluz-insta360-go-3-go-3s-z-karabinkiem\/#breadcrumb\"},\"inLanguage\":\"pl-PL\",\"potentialAction\":[{\"@type\":\"ReadAction\",\"target\":[\"https:\/\/ironsky.pl\/sklep\/produkt\/magnetyczna-ramka-zabezpieczajaca-puluz-insta360-go-3-go-3s-z-karabinkiem\/\"]}]},{\"@type\":\"ImageObject\",\"inLanguage\":\"pl-PL\",\"@id\":\"https:\/\/ironsky.pl\/sklep\/produkt\/magnetyczna-ramka-zabezpieczajaca-puluz-insta360-go-3-go-3s-z-karabinkiem\/#primaryimage\",\"url\":\"https:\/\/ironsky.pl\/sklep\/wp-content\/uploads\/2024\/09\/34166_1.jpg\",\"contentUrl\":\"https:\/\/ironsky.pl\/sklep\/wp-content\/uploads\/2024\/09\/34166_1.jpg\",\"width\":800,\"height\":800},{\"@type\":\"BreadcrumbList\",\"@id\":\"https:\/\/ironsky.pl\/sklep\/produkt\/magnetyczna-ramka-zabezpieczajaca-puluz-insta360-go-3-go-3s-z-karabinkiem\/#breadcrumb\",\"itemListElement\":[{\"@type\":\"ListItem\",\"position\":1,\"name\":\"Strona g\u0142\u00f3wna\",\"item\":\"https:\/\/ironsky.pl\/sklep\/\"},{\"@type\":\"ListItem\",\"position\":2,\"name\":\"Wszystkie produkty\",\"item\":\"https:\/\/ironsky.pl\/sklep\/produkty\/\"},{\"@type\":\"ListItem\",\"position\":3,\"name\":\"Magnetyczna ramka zabezpieczaj\u0105ca Puluz Insta360 GO 3 \/ GO 3S z karabinkiem\"}]},{\"@type\":\"WebSite\",\"@id\":\"https:\/\/ironsky.pl\/sklep\/#website\",\"url\":\"https:\/\/ironsky.pl\/sklep\/\",\"name\":\"IRONSKY.PL Sklep z Dronami\",\"description\":\"IRONSKY.PL Sklep z Dronami\",\"potentialAction\":[{\"@type\":\"SearchAction\",\"target\":{\"@type\":\"EntryPoint\",\"urlTemplate\":\"https:\/\/ironsky.pl\/sklep\/?s={search_term_string}\"},\"query-input\":{\"@type\":\"PropertyValueSpecification\",\"valueRequired\":true,\"valueName\":\"search_term_string\"}}],\"inLanguage\":\"pl-PL\"}]}<\/script>\n<!-- \/ Yoast SEO plugin. -->","yoast_head_json":{"title":"Magnetyczna ramka zabezpieczaj\u0105ca Puluz Insta360 GO 3 \/ GO 3S z karabinkiem - IRONSKY.PL Sklep z Dronami","description":"Magnetyczna ramka zabezpieczaj\u0105ca Puluz Insta360 GO 3 \/ GO 3S z karabinkiem - \u2705 sklep z dronami i fachowym doradztwem. \u2705 Tutaj kupisz produkty DJI, Yuneec, Parrot, Syma i wiele innych, a tak\u017ce kursy i licencje na operatora drona.","robots":{"index":"index","follow":"follow","max-snippet":"max-snippet:-1","max-image-preview":"max-image-preview:large","max-video-preview":"max-video-preview:-1"},"canonical":"https:\/\/ironsky.pl\/sklep\/produkt\/magnetyczna-ramka-zabezpieczajaca-puluz-insta360-go-3-go-3s-z-karabinkiem\/","og_locale":"pl_PL","og_type":"article","og_title":"Magnetyczna ramka zabezpieczaj\u0105ca Puluz Insta360 GO 3 \/ GO 3S z karabinkiem - IRONSKY.PL Sklep z Dronami","og_description":"Magnetyczna ramka zabezpieczaj\u0105ca Puluz Insta360 GO 3 \/ GO 3S z karabinkiem - \u2705 sklep z dronami i fachowym doradztwem. \u2705 Tutaj kupisz produkty DJI, Yuneec, Parrot, Syma i wiele innych, a tak\u017ce kursy i licencje na operatora drona.","og_url":"https:\/\/ironsky.pl\/sklep\/produkt\/magnetyczna-ramka-zabezpieczajaca-puluz-insta360-go-3-go-3s-z-karabinkiem\/","og_site_name":"IRONSKY.PL Sklep z Dronami","article_modified_time":"2026-03-05T14:51:24+00:00","og_image":[{"width":800,"height":800,"url":"https:\/\/ironsky.pl\/sklep\/wp-content\/uploads\/2024\/09\/34166_1.jpg","type":"image\/jpeg"}],"twitter_card":"summary_large_image","twitter_misc":{"Szacowany czas czytania":"1 minuta"},"schema":{"@context":"https:\/\/schema.org","@graph":[{"@type":"WebPage","@id":"https:\/\/ironsky.pl\/sklep\/produkt\/magnetyczna-ramka-zabezpieczajaca-puluz-insta360-go-3-go-3s-z-karabinkiem\/","url":"https:\/\/ironsky.pl\/sklep\/produkt\/magnetyczna-ramka-zabezpieczajaca-puluz-insta360-go-3-go-3s-z-karabinkiem\/","name":"Magnetyczna ramka zabezpieczaj\u0105ca Puluz Insta360 GO 3 \/ GO 3S z karabinkiem - IRONSKY.PL Sklep z Dronami","isPartOf":{"@id":"https:\/\/ironsky.pl\/sklep\/#website"},"primaryImageOfPage":{"@id":"https:\/\/ironsky.pl\/sklep\/produkt\/magnetyczna-ramka-zabezpieczajaca-puluz-insta360-go-3-go-3s-z-karabinkiem\/#primaryimage"},"image":{"@id":"https:\/\/ironsky.pl\/sklep\/produkt\/magnetyczna-ramka-zabezpieczajaca-puluz-insta360-go-3-go-3s-z-karabinkiem\/#primaryimage"},"thumbnailUrl":"https:\/\/ironsky.pl\/sklep\/wp-content\/uploads\/2024\/09\/34166_1.jpg","datePublished":"2024-09-16T17:12:00+00:00","dateModified":"2026-03-05T14:51:24+00:00","description":"Magnetyczna ramka zabezpieczaj\u0105ca Puluz Insta360 GO 3 \/ GO 3S z karabinkiem - \u2705 sklep z dronami i fachowym doradztwem. \u2705 Tutaj kupisz produkty DJI, Yuneec, Parrot, Syma i wiele innych, a tak\u017ce kursy i licencje na operatora drona.","breadcrumb":{"@id":"https:\/\/ironsky.pl\/sklep\/produkt\/magnetyczna-ramka-zabezpieczajaca-puluz-insta360-go-3-go-3s-z-karabinkiem\/#breadcrumb"},"inLanguage":"pl-PL","potentialAction":[{"@type":"ReadAction","target":["https:\/\/ironsky.pl\/sklep\/produkt\/magnetyczna-ramka-zabezpieczajaca-puluz-insta360-go-3-go-3s-z-karabinkiem\/"]}]},{"@type":"ImageObject","inLanguage":"pl-PL","@id":"https:\/\/ironsky.pl\/sklep\/produkt\/magnetyczna-ramka-zabezpieczajaca-puluz-insta360-go-3-go-3s-z-karabinkiem\/#primaryimage","url":"https:\/\/ironsky.pl\/sklep\/wp-content\/uploads\/2024\/09\/34166_1.jpg","contentUrl":"https:\/\/ironsky.pl\/sklep\/wp-content\/uploads\/2024\/09\/34166_1.jpg","width":800,"height":800},{"@type":"BreadcrumbList","@id":"https:\/\/ironsky.pl\/sklep\/produkt\/magnetyczna-ramka-zabezpieczajaca-puluz-insta360-go-3-go-3s-z-karabinkiem\/#breadcrumb","itemListElement":[{"@type":"ListItem","position":1,"name":"Strona g\u0142\u00f3wna","item":"https:\/\/ironsky.pl\/sklep\/"},{"@type":"ListItem","position":2,"name":"Wszystkie produkty","item":"https:\/\/ironsky.pl\/sklep\/produkty\/"},{"@type":"ListItem","position":3,"name":"Magnetyczna ramka zabezpieczaj\u0105ca Puluz Insta360 GO 3 \/ GO 3S z karabinkiem"}]},{"@type":"WebSite","@id":"https:\/\/ironsky.pl\/sklep\/#website","url":"https:\/\/ironsky.pl\/sklep\/","name":"IRONSKY.PL Sklep z Dronami","description":"IRONSKY.PL Sklep z Dronami","potentialAction":[{"@type":"SearchAction","target":{"@type":"EntryPoint","urlTemplate":"https:\/\/ironsky.pl\/sklep\/?s={search_term_string}"},"query-input":{"@type":"PropertyValueSpecification","valueRequired":true,"valueName":"search_term_string"}}],"inLanguage":"pl-PL"}]}},"_links":{"self":[{"href":"https:\/\/ironsky.pl\/sklep\/wp-json\/wp\/v2\/product\/24895","targetHints":{"allow":["GET"]}}],"collection":[{"href":"https:\/\/ironsky.pl\/sklep\/wp-json\/wp\/v2\/product"}],"about":[{"href":"https:\/\/ironsky.pl\/sklep\/wp-json\/wp\/v2\/types\/product"}],"replies":[{"embeddable":true,"href":"https:\/\/ironsky.pl\/sklep\/wp-json\/wp\/v2\/comments?post=24895"}],"wp:featuredmedia":[{"embeddable":true,"href":"https:\/\/ironsky.pl\/sklep\/wp-json\/wp\/v2\/media\/24896"}],"wp:attachment":[{"href":"https:\/\/ironsky.pl\/sklep\/wp-json\/wp\/v2\/media?parent=24895"}],"wp:term":[{"taxonomy":"product_brand","embeddable":true,"href":"https:\/\/ironsky.pl\/sklep\/wp-json\/wp\/v2\/product_brand?post=24895"},{"taxonomy":"product_cat","embeddable":true,"href":"https:\/\/ironsky.pl\/sklep\/wp-json\/wp\/v2\/product_cat?post=24895"},{"taxonomy":"product_tag","embeddable":true,"href":"https:\/\/ironsky.pl\/sklep\/wp-json\/wp\/v2\/product_tag?post=24895"}],"curies":[{"name":"wp","href":"https:\/\/api.w.org\/{rel}","templated":true}]}}