{"id":24688,"date":"2024-09-16T19:08:45","date_gmt":"2024-09-16T17:08:45","guid":{"rendered":"http:\/\/gvshalph.pro-linuxpl.com\/ironskyprodukty\/produkt\/zabawka-dla-psa-z-mocowaniem-na-kamere-insta360-go-3\/"},"modified":"2026-03-10T19:18:51","modified_gmt":"2026-03-10T18:18:51","slug":"zabawka-dla-psa-z-mocowaniem-na-kamere-insta360-go-3","status":"publish","type":"product","link":"https:\/\/ironsky.pl\/sklep\/produkt\/zabawka-dla-psa-z-mocowaniem-na-kamere-insta360-go-3\/","title":{"rendered":"Zabawka dla psa z mocowaniem na kamer\u0119 Insta360 GO 3"},"content":{"rendered":"<style type=\"text\/css\"><!--\ntd {border: 1px solid #cccccc;}br {mso-data-placement:same-cell;}\n--><\/style>\n<h3><span data-sheets-root=\"1\" data-sheets-value=\"{&quot;1&quot;:2,&quot;2&quot;:&quot;Zabawka dla psa z mocowaniem na kamer\u0119 Insta360 GO 3&quot;}\" data-sheets-userformat=\"{&quot;2&quot;:15107,&quot;3&quot;:{&quot;1&quot;:0},&quot;4&quot;:{&quot;1&quot;:2,&quot;2&quot;:16777215},&quot;11&quot;:4,&quot;12&quot;:0,&quot;14&quot;:{&quot;1&quot;:2,&quot;2&quot;:2764340},&quot;15&quot;:&quot;inherit&quot;,&quot;16&quot;:11}\">Zabawka dla psa z mocowaniem na kamer\u0119 Insta360 GO 3<\/span><\/h3>\n<p>Uchwy\u0107 zupe\u0142nie now\u0105 perspektyw\u0119 z zabawk\u0105 dla zwierz\u0105t Insta360! Akcesorium o konstrukcji kija selfie powsta\u0142o z nietoksycznej gumy i umo\u017cliwia bezpieczny monta\u017c kamery GO 3, pozwalaj\u0105c na tworzenie nagra\u0144 przez Twojego psa, nad kt\u00f3rymi masz zdaln\u0105 kontrol\u0119 dzi\u0119ki Action Pod (w zasi\u0119gu do 5 m). Wbudowana stabilizacja FlowState w kamerze oraz blokada 360 Horizon Lock sprawiaj\u0105, \u017ce obraz nie trz\u0119sie si\u0119, a Ty mo\u017cesz ogl\u0105da\u0107 \u015bwiat z perspektywy swojego pupila!<\/p>\n<p><img decoding=\"async\" src=\"https:\/\/b2b.innpro.pl\/data\/include\/cms\/Insta360\/CINSBBKP\/1.jpg\" border=\"0\" alt=\"Insta360\/CINSBBKP\/1\" \/><\/p>\n<h3>Podw\u00f3jnie bezpieczna<\/h3>\n<p>Zabawka powsta\u0142a z nietoksycznej gumy wolnej od BPA, co daje Ci pewno\u015b\u0107, \u017ce Tw\u00f3j pupil mo\u017ce bezpiecznie trzyma\u0107 j\u0105 w pysku. Co wi\u0119cej, gumowa konstrukcja sprawia, \u017ce kamera jest chroniona przed uszkodzeniami, wi\u0119c mo\u017cesz bez obaw pozwoli\u0107 psu na swobodn\u0105 zabaw\u0119, w czasie kt\u00f3rej GO 3 zarejestruje jego pieskie \u017cycie!<\/p>\n<p><img decoding=\"async\" src=\"https:\/\/b2b.innpro.pl\/data\/include\/cms\/Insta360\/CINSBBKP\/3.jpg\" border=\"0\" alt=\"Insta360\/CINSBBKP\/3\" \/><\/p>\n<div class=\"table-wrapper\">\n<table>\n<tbody>\n<tr>\n<th>Producent<\/th>\n<td>Insta360<\/td>\n<\/tr>\n<tr>\n<th>Kod producenta<\/th>\n<td>CINSBBKP<\/td>\n<\/tr>\n<tr>\n<th>Kompatybilno\u015b\u0107<\/th>\n<td>Insta360 GO 3<\/td>\n<\/tr>\n<\/tbody>\n<\/table>\n<\/div>\n","protected":false},"excerpt":{"rendered":"<p>Zabawka dla psa z mocowaniem na kamer\u0119 Insta360 GO 3 Uchwy\u0107 zupe\u0142nie now\u0105 perspektyw\u0119 z zabawk\u0105 dla zwierz\u0105t Insta360! Akcesorium<\/p>\n","protected":false},"featured_media":24689,"comment_status":"closed","ping_status":"open","template":"","meta":{"_acf_changed":false},"product_brand":[],"product_cat":[1130,1137,1128],"product_tag":[],"class_list":{"0":"post-24688","1":"product","2":"type-product","3":"status-publish","4":"has-post-thumbnail","6":"product_cat-akcesoria-foto","7":"product_cat-do-kamer-sportowych","8":"product_cat-foto-wideo","9":"pa_box-height-4313","10":"pa_box-length-4233","11":"pa_box-width-4312","12":"pa_gross-weight-4267","13":"pa_hs-code-1775","14":"pa_kompatybilnosc-insta360","15":"pa_net-weight-1485","17":"first","18":"outofstock","19":"taxable","20":"shipping-taxable","21":"purchasable","22":"product-type-simple"},"acf":[],"yoast_head":"<!-- This site is optimized with the Yoast SEO plugin v27.2 - https:\/\/yoast.com\/product\/yoast-seo-wordpress\/ -->\n<title>Zabawka dla psa z mocowaniem na kamer\u0119 Insta360 GO 3 - IRONSKY.PL Sklep z Dronami<\/title>\n<meta name=\"description\" content=\"Zabawka dla psa z mocowaniem na kamer\u0119 Insta360 GO 3 - \u2705 sklep z dronami i fachowym doradztwem. \u2705 Tutaj kupisz produkty DJI, Yuneec, Parrot, Syma i wiele innych, a tak\u017ce kursy i licencje na operatora drona.\" \/>\n<meta name=\"robots\" content=\"index, follow, max-snippet:-1, max-image-preview:large, max-video-preview:-1\" \/>\n<link rel=\"canonical\" href=\"https:\/\/ironsky.pl\/sklep\/produkt\/zabawka-dla-psa-z-mocowaniem-na-kamere-insta360-go-3\/\" \/>\n<meta property=\"og:locale\" content=\"pl_PL\" \/>\n<meta property=\"og:type\" content=\"article\" \/>\n<meta property=\"og:title\" content=\"Zabawka dla psa z mocowaniem na kamer\u0119 Insta360 GO 3 - IRONSKY.PL Sklep z Dronami\" \/>\n<meta property=\"og:description\" content=\"Zabawka dla psa z mocowaniem na kamer\u0119 Insta360 GO 3 - \u2705 sklep z dronami i fachowym doradztwem. \u2705 Tutaj kupisz produkty DJI, Yuneec, Parrot, Syma i wiele innych, a tak\u017ce kursy i licencje na operatora drona.\" \/>\n<meta property=\"og:url\" content=\"https:\/\/ironsky.pl\/sklep\/produkt\/zabawka-dla-psa-z-mocowaniem-na-kamere-insta360-go-3\/\" \/>\n<meta property=\"og:site_name\" content=\"IRONSKY.PL Sklep z Dronami\" \/>\n<meta property=\"article:modified_time\" content=\"2026-03-10T18:18:51+00:00\" \/>\n<meta property=\"og:image\" content=\"https:\/\/ironsky.pl\/sklep\/wp-content\/uploads\/2024\/09\/32976_3.jpg\" \/>\n\t<meta property=\"og:image:width\" content=\"800\" \/>\n\t<meta property=\"og:image:height\" content=\"800\" \/>\n\t<meta property=\"og:image:type\" content=\"image\/jpeg\" \/>\n<meta name=\"twitter:card\" content=\"summary_large_image\" \/>\n<meta name=\"twitter:label1\" content=\"Szacowany czas czytania\" \/>\n\t<meta name=\"twitter:data1\" content=\"1 minuta\" \/>\n<script type=\"application\/ld+json\" class=\"yoast-schema-graph\">{\"@context\":\"https:\/\/schema.org\",\"@graph\":[{\"@type\":\"WebPage\",\"@id\":\"https:\/\/ironsky.pl\/sklep\/produkt\/zabawka-dla-psa-z-mocowaniem-na-kamere-insta360-go-3\/\",\"url\":\"https:\/\/ironsky.pl\/sklep\/produkt\/zabawka-dla-psa-z-mocowaniem-na-kamere-insta360-go-3\/\",\"name\":\"Zabawka dla psa z mocowaniem na kamer\u0119 Insta360 GO 3 - IRONSKY.PL Sklep z Dronami\",\"isPartOf\":{\"@id\":\"https:\/\/ironsky.pl\/sklep\/#website\"},\"primaryImageOfPage\":{\"@id\":\"https:\/\/ironsky.pl\/sklep\/produkt\/zabawka-dla-psa-z-mocowaniem-na-kamere-insta360-go-3\/#primaryimage\"},\"image\":{\"@id\":\"https:\/\/ironsky.pl\/sklep\/produkt\/zabawka-dla-psa-z-mocowaniem-na-kamere-insta360-go-3\/#primaryimage\"},\"thumbnailUrl\":\"https:\/\/ironsky.pl\/sklep\/wp-content\/uploads\/2024\/09\/32976_3.jpg\",\"datePublished\":\"2024-09-16T17:08:45+00:00\",\"dateModified\":\"2026-03-10T18:18:51+00:00\",\"description\":\"Zabawka dla psa z mocowaniem na kamer\u0119 Insta360 GO 3 - \u2705 sklep z dronami i fachowym doradztwem. \u2705 Tutaj kupisz produkty DJI, Yuneec, Parrot, Syma i wiele innych, a tak\u017ce kursy i licencje na operatora drona.\",\"breadcrumb\":{\"@id\":\"https:\/\/ironsky.pl\/sklep\/produkt\/zabawka-dla-psa-z-mocowaniem-na-kamere-insta360-go-3\/#breadcrumb\"},\"inLanguage\":\"pl-PL\",\"potentialAction\":[{\"@type\":\"ReadAction\",\"target\":[\"https:\/\/ironsky.pl\/sklep\/produkt\/zabawka-dla-psa-z-mocowaniem-na-kamere-insta360-go-3\/\"]}]},{\"@type\":\"ImageObject\",\"inLanguage\":\"pl-PL\",\"@id\":\"https:\/\/ironsky.pl\/sklep\/produkt\/zabawka-dla-psa-z-mocowaniem-na-kamere-insta360-go-3\/#primaryimage\",\"url\":\"https:\/\/ironsky.pl\/sklep\/wp-content\/uploads\/2024\/09\/32976_3.jpg\",\"contentUrl\":\"https:\/\/ironsky.pl\/sklep\/wp-content\/uploads\/2024\/09\/32976_3.jpg\",\"width\":800,\"height\":800},{\"@type\":\"BreadcrumbList\",\"@id\":\"https:\/\/ironsky.pl\/sklep\/produkt\/zabawka-dla-psa-z-mocowaniem-na-kamere-insta360-go-3\/#breadcrumb\",\"itemListElement\":[{\"@type\":\"ListItem\",\"position\":1,\"name\":\"Strona g\u0142\u00f3wna\",\"item\":\"https:\/\/ironsky.pl\/sklep\/\"},{\"@type\":\"ListItem\",\"position\":2,\"name\":\"Wszystkie produkty\",\"item\":\"https:\/\/ironsky.pl\/sklep\/produkty\/\"},{\"@type\":\"ListItem\",\"position\":3,\"name\":\"Zabawka dla psa z mocowaniem na kamer\u0119 Insta360 GO 3\"}]},{\"@type\":\"WebSite\",\"@id\":\"https:\/\/ironsky.pl\/sklep\/#website\",\"url\":\"https:\/\/ironsky.pl\/sklep\/\",\"name\":\"IRONSKY.PL Sklep z Dronami\",\"description\":\"IRONSKY.PL Sklep z Dronami\",\"potentialAction\":[{\"@type\":\"SearchAction\",\"target\":{\"@type\":\"EntryPoint\",\"urlTemplate\":\"https:\/\/ironsky.pl\/sklep\/?s={search_term_string}\"},\"query-input\":{\"@type\":\"PropertyValueSpecification\",\"valueRequired\":true,\"valueName\":\"search_term_string\"}}],\"inLanguage\":\"pl-PL\"}]}<\/script>\n<!-- \/ Yoast SEO plugin. -->","yoast_head_json":{"title":"Zabawka dla psa z mocowaniem na kamer\u0119 Insta360 GO 3 - IRONSKY.PL Sklep z Dronami","description":"Zabawka dla psa z mocowaniem na kamer\u0119 Insta360 GO 3 - \u2705 sklep z dronami i fachowym doradztwem. \u2705 Tutaj kupisz produkty DJI, Yuneec, Parrot, Syma i wiele innych, a tak\u017ce kursy i licencje na operatora drona.","robots":{"index":"index","follow":"follow","max-snippet":"max-snippet:-1","max-image-preview":"max-image-preview:large","max-video-preview":"max-video-preview:-1"},"canonical":"https:\/\/ironsky.pl\/sklep\/produkt\/zabawka-dla-psa-z-mocowaniem-na-kamere-insta360-go-3\/","og_locale":"pl_PL","og_type":"article","og_title":"Zabawka dla psa z mocowaniem na kamer\u0119 Insta360 GO 3 - IRONSKY.PL Sklep z Dronami","og_description":"Zabawka dla psa z mocowaniem na kamer\u0119 Insta360 GO 3 - \u2705 sklep z dronami i fachowym doradztwem. \u2705 Tutaj kupisz produkty DJI, Yuneec, Parrot, Syma i wiele innych, a tak\u017ce kursy i licencje na operatora drona.","og_url":"https:\/\/ironsky.pl\/sklep\/produkt\/zabawka-dla-psa-z-mocowaniem-na-kamere-insta360-go-3\/","og_site_name":"IRONSKY.PL Sklep z Dronami","article_modified_time":"2026-03-10T18:18:51+00:00","og_image":[{"width":800,"height":800,"url":"https:\/\/ironsky.pl\/sklep\/wp-content\/uploads\/2024\/09\/32976_3.jpg","type":"image\/jpeg"}],"twitter_card":"summary_large_image","twitter_misc":{"Szacowany czas czytania":"1 minuta"},"schema":{"@context":"https:\/\/schema.org","@graph":[{"@type":"WebPage","@id":"https:\/\/ironsky.pl\/sklep\/produkt\/zabawka-dla-psa-z-mocowaniem-na-kamere-insta360-go-3\/","url":"https:\/\/ironsky.pl\/sklep\/produkt\/zabawka-dla-psa-z-mocowaniem-na-kamere-insta360-go-3\/","name":"Zabawka dla psa z mocowaniem na kamer\u0119 Insta360 GO 3 - IRONSKY.PL Sklep z Dronami","isPartOf":{"@id":"https:\/\/ironsky.pl\/sklep\/#website"},"primaryImageOfPage":{"@id":"https:\/\/ironsky.pl\/sklep\/produkt\/zabawka-dla-psa-z-mocowaniem-na-kamere-insta360-go-3\/#primaryimage"},"image":{"@id":"https:\/\/ironsky.pl\/sklep\/produkt\/zabawka-dla-psa-z-mocowaniem-na-kamere-insta360-go-3\/#primaryimage"},"thumbnailUrl":"https:\/\/ironsky.pl\/sklep\/wp-content\/uploads\/2024\/09\/32976_3.jpg","datePublished":"2024-09-16T17:08:45+00:00","dateModified":"2026-03-10T18:18:51+00:00","description":"Zabawka dla psa z mocowaniem na kamer\u0119 Insta360 GO 3 - \u2705 sklep z dronami i fachowym doradztwem. \u2705 Tutaj kupisz produkty DJI, Yuneec, Parrot, Syma i wiele innych, a tak\u017ce kursy i licencje na operatora drona.","breadcrumb":{"@id":"https:\/\/ironsky.pl\/sklep\/produkt\/zabawka-dla-psa-z-mocowaniem-na-kamere-insta360-go-3\/#breadcrumb"},"inLanguage":"pl-PL","potentialAction":[{"@type":"ReadAction","target":["https:\/\/ironsky.pl\/sklep\/produkt\/zabawka-dla-psa-z-mocowaniem-na-kamere-insta360-go-3\/"]}]},{"@type":"ImageObject","inLanguage":"pl-PL","@id":"https:\/\/ironsky.pl\/sklep\/produkt\/zabawka-dla-psa-z-mocowaniem-na-kamere-insta360-go-3\/#primaryimage","url":"https:\/\/ironsky.pl\/sklep\/wp-content\/uploads\/2024\/09\/32976_3.jpg","contentUrl":"https:\/\/ironsky.pl\/sklep\/wp-content\/uploads\/2024\/09\/32976_3.jpg","width":800,"height":800},{"@type":"BreadcrumbList","@id":"https:\/\/ironsky.pl\/sklep\/produkt\/zabawka-dla-psa-z-mocowaniem-na-kamere-insta360-go-3\/#breadcrumb","itemListElement":[{"@type":"ListItem","position":1,"name":"Strona g\u0142\u00f3wna","item":"https:\/\/ironsky.pl\/sklep\/"},{"@type":"ListItem","position":2,"name":"Wszystkie produkty","item":"https:\/\/ironsky.pl\/sklep\/produkty\/"},{"@type":"ListItem","position":3,"name":"Zabawka dla psa z mocowaniem na kamer\u0119 Insta360 GO 3"}]},{"@type":"WebSite","@id":"https:\/\/ironsky.pl\/sklep\/#website","url":"https:\/\/ironsky.pl\/sklep\/","name":"IRONSKY.PL Sklep z Dronami","description":"IRONSKY.PL Sklep z Dronami","potentialAction":[{"@type":"SearchAction","target":{"@type":"EntryPoint","urlTemplate":"https:\/\/ironsky.pl\/sklep\/?s={search_term_string}"},"query-input":{"@type":"PropertyValueSpecification","valueRequired":true,"valueName":"search_term_string"}}],"inLanguage":"pl-PL"}]}},"_links":{"self":[{"href":"https:\/\/ironsky.pl\/sklep\/wp-json\/wp\/v2\/product\/24688","targetHints":{"allow":["GET"]}}],"collection":[{"href":"https:\/\/ironsky.pl\/sklep\/wp-json\/wp\/v2\/product"}],"about":[{"href":"https:\/\/ironsky.pl\/sklep\/wp-json\/wp\/v2\/types\/product"}],"replies":[{"embeddable":true,"href":"https:\/\/ironsky.pl\/sklep\/wp-json\/wp\/v2\/comments?post=24688"}],"wp:featuredmedia":[{"embeddable":true,"href":"https:\/\/ironsky.pl\/sklep\/wp-json\/wp\/v2\/media\/24689"}],"wp:attachment":[{"href":"https:\/\/ironsky.pl\/sklep\/wp-json\/wp\/v2\/media?parent=24688"}],"wp:term":[{"taxonomy":"product_brand","embeddable":true,"href":"https:\/\/ironsky.pl\/sklep\/wp-json\/wp\/v2\/product_brand?post=24688"},{"taxonomy":"product_cat","embeddable":true,"href":"https:\/\/ironsky.pl\/sklep\/wp-json\/wp\/v2\/product_cat?post=24688"},{"taxonomy":"product_tag","embeddable":true,"href":"https:\/\/ironsky.pl\/sklep\/wp-json\/wp\/v2\/product_tag?post=24688"}],"curies":[{"name":"wp","href":"https:\/\/api.w.org\/{rel}","templated":true}]}}