{"id":24662,"date":"2024-09-16T19:08:45","date_gmt":"2024-09-16T17:08:45","guid":{"rendered":"http:\/\/gvshalph.pro-linuxpl.com\/ironskyprodukty\/produkt\/mocowanie-kulowe-z-szybkozlaczka-do-kamery-insta360-go-3-samoprzylepne\/"},"modified":"2026-03-05T15:51:16","modified_gmt":"2026-03-05T14:51:16","slug":"mocowanie-kulowe-z-szybkozlaczka-do-kamery-insta360-go-3-samoprzylepne","status":"publish","type":"product","link":"https:\/\/ironsky.pl\/sklep\/produkt\/mocowanie-kulowe-z-szybkozlaczka-do-kamery-insta360-go-3-samoprzylepne\/","title":{"rendered":"Mocowanie kulowe z szybkoz\u0142\u0105czk\u0105 do kamery Insta360 GO 3 (samoprzylepne)"},"content":{"rendered":"<h3>Mocowanie kulowe z szybkoz\u0142\u0105czk\u0105 do kamery Insta360 GO 3S \/ GO 3 (samoprzylepne)<\/h3>\n<p>To akcesorium otwiera przed Tob\u0105 nowe mo\u017cliwo\u015bci tworzenia wyj\u0105tkowych materia\u0142\u00f3w! Stojak obrotowy przeznaczony do kamer GO 3\/ GO 3S oraz Action Pod, montowany jest na samoprzylepnej podstawie wielokrotnego u\u017cytku i \u015bwietnie sprawdzi si\u0119 na r\u00f3\u017cnego rodzaju p\u0142askich powierzchniach. Kulisty przegub umo\u017cliwia regulacj\u0119 k\u0105ta kamery w szerokim zakresie, daj\u0105c Ci swobod\u0119 i elastyczno\u015b\u0107 w poszukiwania kreatywnych kadr\u00f3w! Szybki i bezproblemowy monta\u017c na magnetycznym zatrzasku, to dodatkowy atut, kt\u00f3ry sprawia, \u017ce jeste\u015b zawsze got\u00f3w do akcji!<\/p>\n<p>\n<img decoding=\"async\" src=\"https:\/\/assets.innpro.pl\/1300\/15466\/3.jpg\" border=\"0\" alt=\"\" \/>\n<\/p>\n<h3>Samoprzylepna podstawa<\/h3>\n<p>Stojak obrotowy Insta360 zamontujesz na dowolnej p\u0142askiej powierzchni, zyskuj\u0105c szerokie mo\u017cliwo\u015bci, gdy chodzi o tworzenie zachwycaj\u0105cych uj\u0119\u0107. Znajd\u017a such\u0105, czyst\u0105 powierzchni\u0119, przyklej samoprzylepn\u0105 podstaw\u0119 stojaka i ju\u017c! Nagrywasz tutoriale dla pocz\u0105tkuj\u0105cych gitarzyst\u00f3w? Przymocuj stojak Insta360 na pudle gitary i stw\u00f3rz nagranie z zupe\u0142nie nowej perspektywy! Twoje mo\u017cliwo\u015bci s\u0105 niemal nieograniczone!<\/p>\n<p>\n<img decoding=\"async\" src=\"https:\/\/assets.innpro.pl\/1300\/15466\/2.jpg\" border=\"0\" alt=\"\" \/>\n<\/p>\n<h3>Nieograniczona kreatywno\u015b\u0107<\/h3>\n<p>Teraz znalezienie idealnego kadru to nie problem! Stojak obrotowy wykorzystuje konstrukcj\u0119 przegubu kulowego, dzi\u0119ki kt\u00f3remu mo\u017cesz dowolnie obraca\u0107 kamer\u0119 w pionie i poziomie. Takie rozwi\u0105zanie daje Ci ogromn\u0105 elastyczno\u015b\u0107 w fotografowaniu i nagrywaniu pod niecodziennym k\u0105tem. Wreszcie mo\u017cesz pu\u015bci\u0107 wodze fantazji i uzyska\u0107 efekt, o jakim marzysz!<\/p>\n<p>\n<img decoding=\"async\" src=\"https:\/\/assets.innpro.pl\/1300\/15466\/4.jpg\" border=\"0\" alt=\"\" \/>\n<\/p>\n<h3>Magnetyczny zatrzask<\/h3>\n<p>Monta\u017c urz\u0105dze\u0144 na stojaku jest dziecinnie \u0142atwy! Zosta\u0142 on wyposa\u017cony w magnetyczny zatrzask, kt\u00f3ry b\u0142yskawicznie chwyta kamer\u0119, zapewniaj\u0105c wymarzon\u0105 stabilno\u015b\u0107. Nic nie stoi na przeszkodzie, je\u015bli wolisz zamocowa\u0107 kamer\u0119 z Action Pod &#8211; magnetyczna konstrukcja doskonale sprawdzi si\u0119 i w tym wypadku! Monta\u017c i demonta\u017c urz\u0105dze\u0144 jest bezproblemowy i b\u0142yskawiczny, wi\u0119c nie musisz traci\u0107 ani chwili, gdy korzysta\u0107 ze stojaka!<\/p>\n<p>\n<img decoding=\"async\" src=\"https:\/\/assets.innpro.pl\/1300\/15466\/1.jpg\" border=\"0\" alt=\"\" \/>\n<\/p>\n<h3>Uniwersalny i praktyczny<\/h3>\n<p>To wszechstronne akcesorium zosta\u0142o wyposa\u017cone w uniwersalny punkt monta\u017cowy \u00bc\u2019\u2019. Oznacza to, \u017ce bez przeszk\u00f3d u\u017cyjesz go z innymi akcesoriami. Sprawdzaj, eksperymentuj i odkrywaj niesko\u0144czone mo\u017cliwo\u015bci z Insta360!<\/p>\n<p>\n<img decoding=\"async\" src=\"https:\/\/assets.innpro.pl\/1300\/15466\/6.jpg\" border=\"0\" alt=\"\" \/>\n<\/p>\n<div class=\"table-wrapper\">\n<p>\u00a0<\/p>\n<h3><\/h3>\n<table>\n<tbody>\n<tr>\n<th>Prodcent <\/th>\n<td>Insta360<\/td>\n<\/tr>\n<tr>\n<th>Model <\/th>\n<td>CINSBBKC<\/td>\n<\/tr>\n<tr>\n<th>Materia\u0142 <\/th>\n<td>Odlew aluminiowy + silikon<\/td>\n<\/tr>\n<tr>\n<th>Waga <\/th>\n<td>65.5 g<\/td>\n<\/tr>\n<tr>\n<th>Wymiary <\/th>\n<td>51.8 x 67 x 52.5 mm<\/td>\n<\/tr>\n<tr>\n<th>Kompatybilno\u015b\u0107 <\/th>\n<td>GO 3S\/ GO 3<\/td>\n<\/tr>\n<\/tbody>\n<\/table>\n<\/div>\n","protected":false},"excerpt":{"rendered":"<p>Mocowanie kulowe z szybkoz\u0142\u0105czk\u0105 do kamery Insta360 GO 3S \/ GO 3 (samoprzylepne) To akcesorium otwiera przed Tob\u0105 nowe mo\u017cliwo\u015bci<\/p>\n","protected":false},"featured_media":24663,"comment_status":"closed","ping_status":"open","template":"","meta":{"_acf_changed":false},"product_brand":[],"product_cat":[1128,1139,1140,1141,1138],"product_tag":[],"class_list":{"0":"post-24662","1":"product","2":"type-product","3":"status-publish","4":"has-post-thumbnail","6":"product_cat-foto-wideo","7":"product_cat-selfie-stick","8":"product_cat-statywy","9":"product_cat-uchwyty-do-mocowania-kamer-i-aparatow","10":"product_cat-wysiegniki","11":"pa_box-height-1976","12":"pa_box-length-1787","13":"pa_box-width-1579","14":"pa_gross-weight-4309","15":"pa_hs-code-1983","16":"pa_net-weight-1801","17":"pa_przeznaczenie-do-kamer","18":"pa_rodzaj-mocowanie","20":"first","21":"outofstock","22":"taxable","23":"shipping-taxable","24":"purchasable","25":"product-type-simple"},"acf":[],"yoast_head":"<!-- This site is optimized with the Yoast SEO plugin v27.2 - https:\/\/yoast.com\/product\/yoast-seo-wordpress\/ -->\n<title>Mocowanie kulowe z szybkoz\u0142\u0105czk\u0105 do kamery Insta360 GO 3 (samoprzylepne) - IRONSKY.PL Sklep z Dronami<\/title>\n<meta name=\"description\" content=\"Mocowanie kulowe z szybkoz\u0142\u0105czk\u0105 do kamery Insta360 GO 3 (samoprzylepne) - \u2705 sklep z dronami i fachowym doradztwem. \u2705 Tutaj kupisz produkty DJI, Yuneec, Parrot, Syma i wiele innych, a tak\u017ce kursy i licencje na operatora drona.\" \/>\n<meta name=\"robots\" content=\"index, follow, max-snippet:-1, max-image-preview:large, max-video-preview:-1\" \/>\n<link rel=\"canonical\" href=\"https:\/\/ironsky.pl\/sklep\/produkt\/mocowanie-kulowe-z-szybkozlaczka-do-kamery-insta360-go-3-samoprzylepne\/\" \/>\n<meta property=\"og:locale\" content=\"pl_PL\" \/>\n<meta property=\"og:type\" content=\"article\" \/>\n<meta property=\"og:title\" content=\"Mocowanie kulowe z szybkoz\u0142\u0105czk\u0105 do kamery Insta360 GO 3 (samoprzylepne) - IRONSKY.PL Sklep z Dronami\" \/>\n<meta property=\"og:description\" content=\"Mocowanie kulowe z szybkoz\u0142\u0105czk\u0105 do kamery Insta360 GO 3 (samoprzylepne) - \u2705 sklep z dronami i fachowym doradztwem. \u2705 Tutaj kupisz produkty DJI, Yuneec, Parrot, Syma i wiele innych, a tak\u017ce kursy i licencje na operatora drona.\" \/>\n<meta property=\"og:url\" content=\"https:\/\/ironsky.pl\/sklep\/produkt\/mocowanie-kulowe-z-szybkozlaczka-do-kamery-insta360-go-3-samoprzylepne\/\" \/>\n<meta property=\"og:site_name\" content=\"IRONSKY.PL Sklep z Dronami\" \/>\n<meta property=\"article:modified_time\" content=\"2026-03-05T14:51:16+00:00\" \/>\n<meta property=\"og:image\" content=\"https:\/\/ironsky.pl\/sklep\/wp-content\/uploads\/2024\/09\/32970_4.jpg\" \/>\n\t<meta property=\"og:image:width\" content=\"800\" \/>\n\t<meta property=\"og:image:height\" content=\"800\" \/>\n\t<meta property=\"og:image:type\" content=\"image\/jpeg\" \/>\n<meta name=\"twitter:card\" content=\"summary_large_image\" \/>\n<meta name=\"twitter:label1\" content=\"Szacowany czas czytania\" \/>\n\t<meta name=\"twitter:data1\" content=\"2 minuty\" \/>\n<script type=\"application\/ld+json\" class=\"yoast-schema-graph\">{\"@context\":\"https:\/\/schema.org\",\"@graph\":[{\"@type\":\"WebPage\",\"@id\":\"https:\/\/ironsky.pl\/sklep\/produkt\/mocowanie-kulowe-z-szybkozlaczka-do-kamery-insta360-go-3-samoprzylepne\/\",\"url\":\"https:\/\/ironsky.pl\/sklep\/produkt\/mocowanie-kulowe-z-szybkozlaczka-do-kamery-insta360-go-3-samoprzylepne\/\",\"name\":\"Mocowanie kulowe z szybkoz\u0142\u0105czk\u0105 do kamery Insta360 GO 3 (samoprzylepne) - IRONSKY.PL Sklep z Dronami\",\"isPartOf\":{\"@id\":\"https:\/\/ironsky.pl\/sklep\/#website\"},\"primaryImageOfPage\":{\"@id\":\"https:\/\/ironsky.pl\/sklep\/produkt\/mocowanie-kulowe-z-szybkozlaczka-do-kamery-insta360-go-3-samoprzylepne\/#primaryimage\"},\"image\":{\"@id\":\"https:\/\/ironsky.pl\/sklep\/produkt\/mocowanie-kulowe-z-szybkozlaczka-do-kamery-insta360-go-3-samoprzylepne\/#primaryimage\"},\"thumbnailUrl\":\"https:\/\/ironsky.pl\/sklep\/wp-content\/uploads\/2024\/09\/32970_4.jpg\",\"datePublished\":\"2024-09-16T17:08:45+00:00\",\"dateModified\":\"2026-03-05T14:51:16+00:00\",\"description\":\"Mocowanie kulowe z szybkoz\u0142\u0105czk\u0105 do kamery Insta360 GO 3 (samoprzylepne) - \u2705 sklep z dronami i fachowym doradztwem. \u2705 Tutaj kupisz produkty DJI, Yuneec, Parrot, Syma i wiele innych, a tak\u017ce kursy i licencje na operatora drona.\",\"breadcrumb\":{\"@id\":\"https:\/\/ironsky.pl\/sklep\/produkt\/mocowanie-kulowe-z-szybkozlaczka-do-kamery-insta360-go-3-samoprzylepne\/#breadcrumb\"},\"inLanguage\":\"pl-PL\",\"potentialAction\":[{\"@type\":\"ReadAction\",\"target\":[\"https:\/\/ironsky.pl\/sklep\/produkt\/mocowanie-kulowe-z-szybkozlaczka-do-kamery-insta360-go-3-samoprzylepne\/\"]}]},{\"@type\":\"ImageObject\",\"inLanguage\":\"pl-PL\",\"@id\":\"https:\/\/ironsky.pl\/sklep\/produkt\/mocowanie-kulowe-z-szybkozlaczka-do-kamery-insta360-go-3-samoprzylepne\/#primaryimage\",\"url\":\"https:\/\/ironsky.pl\/sklep\/wp-content\/uploads\/2024\/09\/32970_4.jpg\",\"contentUrl\":\"https:\/\/ironsky.pl\/sklep\/wp-content\/uploads\/2024\/09\/32970_4.jpg\",\"width\":800,\"height\":800},{\"@type\":\"BreadcrumbList\",\"@id\":\"https:\/\/ironsky.pl\/sklep\/produkt\/mocowanie-kulowe-z-szybkozlaczka-do-kamery-insta360-go-3-samoprzylepne\/#breadcrumb\",\"itemListElement\":[{\"@type\":\"ListItem\",\"position\":1,\"name\":\"Strona g\u0142\u00f3wna\",\"item\":\"https:\/\/ironsky.pl\/sklep\/\"},{\"@type\":\"ListItem\",\"position\":2,\"name\":\"Wszystkie produkty\",\"item\":\"https:\/\/ironsky.pl\/sklep\/produkty\/\"},{\"@type\":\"ListItem\",\"position\":3,\"name\":\"Mocowanie kulowe z szybkoz\u0142\u0105czk\u0105 do kamery Insta360 GO 3 (samoprzylepne)\"}]},{\"@type\":\"WebSite\",\"@id\":\"https:\/\/ironsky.pl\/sklep\/#website\",\"url\":\"https:\/\/ironsky.pl\/sklep\/\",\"name\":\"IRONSKY.PL Sklep z Dronami\",\"description\":\"IRONSKY.PL Sklep z Dronami\",\"potentialAction\":[{\"@type\":\"SearchAction\",\"target\":{\"@type\":\"EntryPoint\",\"urlTemplate\":\"https:\/\/ironsky.pl\/sklep\/?s={search_term_string}\"},\"query-input\":{\"@type\":\"PropertyValueSpecification\",\"valueRequired\":true,\"valueName\":\"search_term_string\"}}],\"inLanguage\":\"pl-PL\"}]}<\/script>\n<!-- \/ Yoast SEO plugin. -->","yoast_head_json":{"title":"Mocowanie kulowe z szybkoz\u0142\u0105czk\u0105 do kamery Insta360 GO 3 (samoprzylepne) - IRONSKY.PL Sklep z Dronami","description":"Mocowanie kulowe z szybkoz\u0142\u0105czk\u0105 do kamery Insta360 GO 3 (samoprzylepne) - \u2705 sklep z dronami i fachowym doradztwem. \u2705 Tutaj kupisz produkty DJI, Yuneec, Parrot, Syma i wiele innych, a tak\u017ce kursy i licencje na operatora drona.","robots":{"index":"index","follow":"follow","max-snippet":"max-snippet:-1","max-image-preview":"max-image-preview:large","max-video-preview":"max-video-preview:-1"},"canonical":"https:\/\/ironsky.pl\/sklep\/produkt\/mocowanie-kulowe-z-szybkozlaczka-do-kamery-insta360-go-3-samoprzylepne\/","og_locale":"pl_PL","og_type":"article","og_title":"Mocowanie kulowe z szybkoz\u0142\u0105czk\u0105 do kamery Insta360 GO 3 (samoprzylepne) - IRONSKY.PL Sklep z Dronami","og_description":"Mocowanie kulowe z szybkoz\u0142\u0105czk\u0105 do kamery Insta360 GO 3 (samoprzylepne) - \u2705 sklep z dronami i fachowym doradztwem. \u2705 Tutaj kupisz produkty DJI, Yuneec, Parrot, Syma i wiele innych, a tak\u017ce kursy i licencje na operatora drona.","og_url":"https:\/\/ironsky.pl\/sklep\/produkt\/mocowanie-kulowe-z-szybkozlaczka-do-kamery-insta360-go-3-samoprzylepne\/","og_site_name":"IRONSKY.PL Sklep z Dronami","article_modified_time":"2026-03-05T14:51:16+00:00","og_image":[{"width":800,"height":800,"url":"https:\/\/ironsky.pl\/sklep\/wp-content\/uploads\/2024\/09\/32970_4.jpg","type":"image\/jpeg"}],"twitter_card":"summary_large_image","twitter_misc":{"Szacowany czas czytania":"2 minuty"},"schema":{"@context":"https:\/\/schema.org","@graph":[{"@type":"WebPage","@id":"https:\/\/ironsky.pl\/sklep\/produkt\/mocowanie-kulowe-z-szybkozlaczka-do-kamery-insta360-go-3-samoprzylepne\/","url":"https:\/\/ironsky.pl\/sklep\/produkt\/mocowanie-kulowe-z-szybkozlaczka-do-kamery-insta360-go-3-samoprzylepne\/","name":"Mocowanie kulowe z szybkoz\u0142\u0105czk\u0105 do kamery Insta360 GO 3 (samoprzylepne) - IRONSKY.PL Sklep z Dronami","isPartOf":{"@id":"https:\/\/ironsky.pl\/sklep\/#website"},"primaryImageOfPage":{"@id":"https:\/\/ironsky.pl\/sklep\/produkt\/mocowanie-kulowe-z-szybkozlaczka-do-kamery-insta360-go-3-samoprzylepne\/#primaryimage"},"image":{"@id":"https:\/\/ironsky.pl\/sklep\/produkt\/mocowanie-kulowe-z-szybkozlaczka-do-kamery-insta360-go-3-samoprzylepne\/#primaryimage"},"thumbnailUrl":"https:\/\/ironsky.pl\/sklep\/wp-content\/uploads\/2024\/09\/32970_4.jpg","datePublished":"2024-09-16T17:08:45+00:00","dateModified":"2026-03-05T14:51:16+00:00","description":"Mocowanie kulowe z szybkoz\u0142\u0105czk\u0105 do kamery Insta360 GO 3 (samoprzylepne) - \u2705 sklep z dronami i fachowym doradztwem. \u2705 Tutaj kupisz produkty DJI, Yuneec, Parrot, Syma i wiele innych, a tak\u017ce kursy i licencje na operatora drona.","breadcrumb":{"@id":"https:\/\/ironsky.pl\/sklep\/produkt\/mocowanie-kulowe-z-szybkozlaczka-do-kamery-insta360-go-3-samoprzylepne\/#breadcrumb"},"inLanguage":"pl-PL","potentialAction":[{"@type":"ReadAction","target":["https:\/\/ironsky.pl\/sklep\/produkt\/mocowanie-kulowe-z-szybkozlaczka-do-kamery-insta360-go-3-samoprzylepne\/"]}]},{"@type":"ImageObject","inLanguage":"pl-PL","@id":"https:\/\/ironsky.pl\/sklep\/produkt\/mocowanie-kulowe-z-szybkozlaczka-do-kamery-insta360-go-3-samoprzylepne\/#primaryimage","url":"https:\/\/ironsky.pl\/sklep\/wp-content\/uploads\/2024\/09\/32970_4.jpg","contentUrl":"https:\/\/ironsky.pl\/sklep\/wp-content\/uploads\/2024\/09\/32970_4.jpg","width":800,"height":800},{"@type":"BreadcrumbList","@id":"https:\/\/ironsky.pl\/sklep\/produkt\/mocowanie-kulowe-z-szybkozlaczka-do-kamery-insta360-go-3-samoprzylepne\/#breadcrumb","itemListElement":[{"@type":"ListItem","position":1,"name":"Strona g\u0142\u00f3wna","item":"https:\/\/ironsky.pl\/sklep\/"},{"@type":"ListItem","position":2,"name":"Wszystkie produkty","item":"https:\/\/ironsky.pl\/sklep\/produkty\/"},{"@type":"ListItem","position":3,"name":"Mocowanie kulowe z szybkoz\u0142\u0105czk\u0105 do kamery Insta360 GO 3 (samoprzylepne)"}]},{"@type":"WebSite","@id":"https:\/\/ironsky.pl\/sklep\/#website","url":"https:\/\/ironsky.pl\/sklep\/","name":"IRONSKY.PL Sklep z Dronami","description":"IRONSKY.PL Sklep z Dronami","potentialAction":[{"@type":"SearchAction","target":{"@type":"EntryPoint","urlTemplate":"https:\/\/ironsky.pl\/sklep\/?s={search_term_string}"},"query-input":{"@type":"PropertyValueSpecification","valueRequired":true,"valueName":"search_term_string"}}],"inLanguage":"pl-PL"}]}},"_links":{"self":[{"href":"https:\/\/ironsky.pl\/sklep\/wp-json\/wp\/v2\/product\/24662","targetHints":{"allow":["GET"]}}],"collection":[{"href":"https:\/\/ironsky.pl\/sklep\/wp-json\/wp\/v2\/product"}],"about":[{"href":"https:\/\/ironsky.pl\/sklep\/wp-json\/wp\/v2\/types\/product"}],"replies":[{"embeddable":true,"href":"https:\/\/ironsky.pl\/sklep\/wp-json\/wp\/v2\/comments?post=24662"}],"wp:featuredmedia":[{"embeddable":true,"href":"https:\/\/ironsky.pl\/sklep\/wp-json\/wp\/v2\/media\/24663"}],"wp:attachment":[{"href":"https:\/\/ironsky.pl\/sklep\/wp-json\/wp\/v2\/media?parent=24662"}],"wp:term":[{"taxonomy":"product_brand","embeddable":true,"href":"https:\/\/ironsky.pl\/sklep\/wp-json\/wp\/v2\/product_brand?post=24662"},{"taxonomy":"product_cat","embeddable":true,"href":"https:\/\/ironsky.pl\/sklep\/wp-json\/wp\/v2\/product_cat?post=24662"},{"taxonomy":"product_tag","embeddable":true,"href":"https:\/\/ironsky.pl\/sklep\/wp-json\/wp\/v2\/product_tag?post=24662"}],"curies":[{"name":"wp","href":"https:\/\/api.w.org\/{rel}","templated":true}]}}