{"id":24126,"date":"2024-09-16T19:00:26","date_gmt":"2024-09-16T17:00:26","guid":{"rendered":"http:\/\/gvshalph.pro-linuxpl.com\/ironskyprodukty\/produkt\/plecak-fotograficzny-pgytech-onemo-lite-22l-czarny\/"},"modified":"2026-03-05T15:50:57","modified_gmt":"2026-03-05T14:50:57","slug":"plecak-fotograficzny-pgytech-onemo-lite-22l-czarny","status":"publish","type":"product","link":"https:\/\/ironsky.pl\/sklep\/produkt\/plecak-fotograficzny-pgytech-onemo-lite-22l-czarny\/","title":{"rendered":"Plecak fotograficzny PGYTECH OneMo Lite 22L (Czarny)"},"content":{"rendered":"<h3>Plecak fotograficzny PGYTECH OneMo Lite 22L (Czarny)<\/h3>\n<p>Plecak fotograficzny PGYTECH OneMo sprawdzi si\u0119 w takich zastosowaniach jak praca czy podr\u00f3\u017c. Dzi\u0119ki pojemno\u015bci 22 l zmie\u015bcisz w nim nie tylko sprz\u0119t fotograficzny, ale r\u00f3wnie\u017c przeznaczone do niego akcesoria, laptop czy dokumenty. Do\u0142\u0105czone do zestawu przegr\u00f3dki pozwol\u0105 Ci rozplanowa\u0107 przestrze\u0144 plecaka, a wysokiej klasy materia\u0142y chroni\u0105 zar\u00f3wno P-CB-115, jak i jego zawarto\u015b\u0107 przed uszkodzeniem.<\/p>\n<p><img decoding=\"async\" src=\"https:\/\/b2b.innpro.pl\/data\/include\/cms\/PGYTECH\/P-CB-115\/6.jpg\"><\/p>\n<h3>Dostosowany do Twoich potrzeb<\/h3>\n<p>Plecak fotograficzny PGYTECH OneMo wyr\u00f3\u017cnia si\u0119 modu\u0142ow\u0105 konstrukcj\u0105, dzi\u0119ki czemu od Ciebie zale\u017cy, jak rozplanujesz jego przestrze\u0144. Do zestawu do\u0142\u0105czono 8 przegr\u00f3dek r\u00f3\u017cnego rodzaju, kt\u00f3re Ci w tym pomog\u0105. Takie rozwi\u0105zanie pozwoli Ci te\u017c zachowa\u0107 porz\u0105dek.<\/p>\n<p><img decoding=\"async\" src=\"https:\/\/b2b.innpro.pl\/data\/include\/cms\/PGYTECH\/P-CB-115\/2.jpg\"><\/p>\n<h3>Wygodny dost\u0119p do najwa\u017cniejszych rzeczy<\/h3>\n<p>Potrzebujesz szybko zrobi\u0107 zdj\u0119cie? \u017baden problem! Plecak fotograficzny PGYTECH OneMo zosta\u0142 wyposa\u017cony w boczn\u0105 kiesze\u0144, dzi\u0119ki kt\u00f3rej szybko si\u0119gniesz po aparat i nie stracisz wa\u017cnego uj\u0119cia. Dodatkowo mo\u017cesz ca\u0142kowicie otworzy\u0107 front plecaka, aby wyj\u0105\u0107 z niego dowolny przedmiot. Ciesz si\u0119 rozwi\u0105zaniami, jakie oferuje P-CB-115.<\/p>\n<p><img decoding=\"async\" src=\"https:\/\/b2b.innpro.pl\/data\/include\/cms\/PGYTECH\/P-CB-115\/7.jpg\"><\/p>\n<h3>W trosce o komfort<\/h3>\n<p>Plecak zosta\u0142 zaprojektowany tak, aby jego u\u017cytkowanie by\u0142o wygodne. P-CB-115 wyr\u00f3\u017cnia si\u0119 ergonomicznym designem, a dzi\u0119ki zastosowaniu oddychaj\u0105cych materia\u0142\u00f3w mo\u017cesz z niego korzysta\u0107 przez d\u0142u\u017cszy czas bez uczucia zm\u0119czenia czy dyskomfortu. Dodatkowo posiada szerokie paski i 3 uchwyty, dzi\u0119ki kt\u00f3rym transport plecaka b\u0119dzie prostszy.<\/p>\n<p><img decoding=\"async\" src=\"https:\/\/b2b.innpro.pl\/data\/include\/cms\/PGYTECH\/P-CB-115\/3.jpg\"><\/p>\n<h3>Dopracowana konstrukcja<\/h3>\n<p>PGYTECH OneMo P-CB-115 zosta\u0142 wyko\u0144czony materia\u0142em PU, dzi\u0119ki czemu jest odporny na zachlapania i zu\u017cycie. Posiada te\u017c szczelne zamki, aby chroni\u0107 zawarto\u015b\u0107 plecaka przed uszkodzeniem. Oferuje specjaln\u0105 kiesze\u0144 na tripod oraz gimbal. Opr\u00f3cz tego pozwala bezpiecznie przechowywa\u0107 dokumenty, laptop czy tablet. To nie wszystko! Dedykowane kieszenie na akumulatory zosta\u0142y wyposa\u017cone w specjalne wska\u017aniki, za pomoc\u0105 kt\u00f3rych oznaczysz ich poziom na\u0142adowania.<\/p>\n<p><img decoding=\"async\" src=\"https:\/\/b2b.innpro.pl\/data\/include\/cms\/PGYTECH\/P-CB-115\/5.jpg\"><br \/><\/br><!DOCTYPE html><br \/>\n<html lang=\"pl\"><br \/>\n<head><br \/>\n    <meta charset=\"UTF-8\"><br \/>\n    <meta name=\"viewport\" content=\"width=device-width, initial-scale=1.0\"><br \/>\n    <title><\/title><br \/>\n<\/head><br \/>\n<body><br \/>\n    <iframe width=\"100%\" height=\"720px\" src=\"https:\/\/www.youtube.com\/embed\/cqfG-kNdnGo?playlist=cqfG-kNdnGo&#038;loop=1\" frameborder=\"0\" allow=\"accelerometer; autoplay; clipboard-write; encrypted-media; gyroscope; picture-in-picture\" allowfullscreen><\/iframe><br \/>\n<\/body><br \/>\n<\/html><\/p>\n<h3>W zestawie<\/h3>\n<ul>\n<li>plecak<\/li>\n<li>przegr\u00f3dka A<\/li>\n<li>przegr\u00f3dka B x2<\/li>\n<li>przegr\u00f3dka C x5<\/li>\n<li>pasek x3<\/li>\n<\/ul>\n<div class=\"table-wrapper\">\n<table>\n<tbody>\n<tr>\n<th>Producent<\/th>\n<td>PGYTECH<\/td>\n<\/tr>\n<tr>\n<th>Nazwa<\/th>\n<td>OneMo Lite<\/td>\n<\/tr>\n<tr>\n<th>Model<\/th>\n<td>P-CB-115<\/td>\n<\/tr>\n<tr>\n<th>Kolor<\/th>\n<td>czarny<\/td>\n<\/tr>\n<tr>\n<th>Pojemno\u015b\u0107<\/th>\n<td>22 l<\/td>\n<\/tr>\n<tr>\n<th>Materia\u0142<\/th>\n<td>POLY+PU<\/td>\n<\/tr>\n<tr>\n<th>Waga<\/th>\n<td>1.6 kg (z przegr\u00f3dkami), 1.28 kg (bez przegr\u00f3dek)<\/td>\n<\/tr>\n<tr>\n<th>Wymiary<\/th>\n<td>460 x 330 x 260 mm<\/td>\n<\/tr>\n<\/tbody>\n<\/table>\n<\/div>\n","protected":false},"excerpt":{"rendered":"<p>Plecak fotograficzny PGYTECH OneMo Lite 22L (Czarny) Plecak fotograficzny PGYTECH OneMo sprawdzi si\u0119 w takich zastosowaniach jak praca czy podr\u00f3\u017c.<\/p>\n","protected":false},"featured_media":24127,"comment_status":"closed","ping_status":"open","template":"","meta":{"_acf_changed":false},"product_brand":[],"product_cat":[1128,5764,5761],"product_tag":[],"class_list":{"0":"post-24126","1":"product","2":"type-product","3":"status-publish","4":"has-post-thumbnail","6":"product_cat-foto-wideo","7":"product_cat-plecaki-fotograficzne","8":"product_cat-transport","9":"pa_box-height-3849","10":"pa_box-length-3850","11":"pa_box-width-3848","12":"pa_gross-weight-3851","13":"pa_hs-code-2462","14":"pa_kompatybilnosc-etui-i-pokrowce","15":"pa_net-weight-3847","17":"first","18":"outofstock","19":"taxable","20":"shipping-taxable","21":"purchasable","22":"product-type-simple"},"acf":[],"yoast_head":"<!-- This site is optimized with the Yoast SEO plugin v27.2 - https:\/\/yoast.com\/product\/yoast-seo-wordpress\/ -->\n<title>Plecak fotograficzny PGYTECH OneMo Lite 22L (Czarny) - IRONSKY.PL Sklep z Dronami<\/title>\n<meta name=\"description\" content=\"Plecak fotograficzny PGYTECH OneMo Lite 22L (Czarny) - \u2705 sklep z dronami i fachowym doradztwem. \u2705 Tutaj kupisz produkty DJI, Yuneec, Parrot, Syma i wiele innych, a tak\u017ce kursy i licencje na operatora drona.\" \/>\n<meta name=\"robots\" content=\"index, follow, max-snippet:-1, max-image-preview:large, max-video-preview:-1\" \/>\n<link rel=\"canonical\" href=\"https:\/\/ironsky.pl\/sklep\/produkt\/plecak-fotograficzny-pgytech-onemo-lite-22l-czarny\/\" \/>\n<meta property=\"og:locale\" content=\"pl_PL\" \/>\n<meta property=\"og:type\" content=\"article\" \/>\n<meta property=\"og:title\" content=\"Plecak fotograficzny PGYTECH OneMo Lite 22L (Czarny) - IRONSKY.PL Sklep z Dronami\" \/>\n<meta property=\"og:description\" content=\"Plecak fotograficzny PGYTECH OneMo Lite 22L (Czarny) - \u2705 sklep z dronami i fachowym doradztwem. \u2705 Tutaj kupisz produkty DJI, Yuneec, Parrot, Syma i wiele innych, a tak\u017ce kursy i licencje na operatora drona.\" \/>\n<meta property=\"og:url\" content=\"https:\/\/ironsky.pl\/sklep\/produkt\/plecak-fotograficzny-pgytech-onemo-lite-22l-czarny\/\" \/>\n<meta property=\"og:site_name\" content=\"IRONSKY.PL Sklep z Dronami\" \/>\n<meta property=\"article:modified_time\" content=\"2026-03-05T14:50:57+00:00\" \/>\n<meta property=\"og:image\" content=\"https:\/\/ironsky.pl\/sklep\/wp-content\/uploads\/2024\/09\/27768_1.jpg\" \/>\n\t<meta property=\"og:image:width\" content=\"800\" \/>\n\t<meta property=\"og:image:height\" content=\"800\" \/>\n\t<meta property=\"og:image:type\" content=\"image\/jpeg\" \/>\n<meta name=\"twitter:card\" content=\"summary_large_image\" \/>\n<meta name=\"twitter:label1\" content=\"Szacowany czas czytania\" \/>\n\t<meta name=\"twitter:data1\" content=\"2 minuty\" \/>\n<script type=\"application\/ld+json\" class=\"yoast-schema-graph\">{\"@context\":\"https:\/\/schema.org\",\"@graph\":[{\"@type\":\"WebPage\",\"@id\":\"https:\/\/ironsky.pl\/sklep\/produkt\/plecak-fotograficzny-pgytech-onemo-lite-22l-czarny\/\",\"url\":\"https:\/\/ironsky.pl\/sklep\/produkt\/plecak-fotograficzny-pgytech-onemo-lite-22l-czarny\/\",\"name\":\"Plecak fotograficzny PGYTECH OneMo Lite 22L (Czarny) - IRONSKY.PL Sklep z Dronami\",\"isPartOf\":{\"@id\":\"https:\/\/ironsky.pl\/sklep\/#website\"},\"primaryImageOfPage\":{\"@id\":\"https:\/\/ironsky.pl\/sklep\/produkt\/plecak-fotograficzny-pgytech-onemo-lite-22l-czarny\/#primaryimage\"},\"image\":{\"@id\":\"https:\/\/ironsky.pl\/sklep\/produkt\/plecak-fotograficzny-pgytech-onemo-lite-22l-czarny\/#primaryimage\"},\"thumbnailUrl\":\"https:\/\/ironsky.pl\/sklep\/wp-content\/uploads\/2024\/09\/27768_1.jpg\",\"datePublished\":\"2024-09-16T17:00:26+00:00\",\"dateModified\":\"2026-03-05T14:50:57+00:00\",\"description\":\"Plecak fotograficzny PGYTECH OneMo Lite 22L (Czarny) - \u2705 sklep z dronami i fachowym doradztwem. \u2705 Tutaj kupisz produkty DJI, Yuneec, Parrot, Syma i wiele innych, a tak\u017ce kursy i licencje na operatora drona.\",\"breadcrumb\":{\"@id\":\"https:\/\/ironsky.pl\/sklep\/produkt\/plecak-fotograficzny-pgytech-onemo-lite-22l-czarny\/#breadcrumb\"},\"inLanguage\":\"pl-PL\",\"potentialAction\":[{\"@type\":\"ReadAction\",\"target\":[\"https:\/\/ironsky.pl\/sklep\/produkt\/plecak-fotograficzny-pgytech-onemo-lite-22l-czarny\/\"]}]},{\"@type\":\"ImageObject\",\"inLanguage\":\"pl-PL\",\"@id\":\"https:\/\/ironsky.pl\/sklep\/produkt\/plecak-fotograficzny-pgytech-onemo-lite-22l-czarny\/#primaryimage\",\"url\":\"https:\/\/ironsky.pl\/sklep\/wp-content\/uploads\/2024\/09\/27768_1.jpg\",\"contentUrl\":\"https:\/\/ironsky.pl\/sklep\/wp-content\/uploads\/2024\/09\/27768_1.jpg\",\"width\":800,\"height\":800},{\"@type\":\"BreadcrumbList\",\"@id\":\"https:\/\/ironsky.pl\/sklep\/produkt\/plecak-fotograficzny-pgytech-onemo-lite-22l-czarny\/#breadcrumb\",\"itemListElement\":[{\"@type\":\"ListItem\",\"position\":1,\"name\":\"Strona g\u0142\u00f3wna\",\"item\":\"https:\/\/ironsky.pl\/sklep\/\"},{\"@type\":\"ListItem\",\"position\":2,\"name\":\"Wszystkie produkty\",\"item\":\"https:\/\/ironsky.pl\/sklep\/produkty\/\"},{\"@type\":\"ListItem\",\"position\":3,\"name\":\"Plecak fotograficzny PGYTECH OneMo Lite 22L (Czarny)\"}]},{\"@type\":\"WebSite\",\"@id\":\"https:\/\/ironsky.pl\/sklep\/#website\",\"url\":\"https:\/\/ironsky.pl\/sklep\/\",\"name\":\"IRONSKY.PL Sklep z Dronami\",\"description\":\"IRONSKY.PL Sklep z Dronami\",\"potentialAction\":[{\"@type\":\"SearchAction\",\"target\":{\"@type\":\"EntryPoint\",\"urlTemplate\":\"https:\/\/ironsky.pl\/sklep\/?s={search_term_string}\"},\"query-input\":{\"@type\":\"PropertyValueSpecification\",\"valueRequired\":true,\"valueName\":\"search_term_string\"}}],\"inLanguage\":\"pl-PL\"}]}<\/script>\n<!-- \/ Yoast SEO plugin. -->","yoast_head_json":{"title":"Plecak fotograficzny PGYTECH OneMo Lite 22L (Czarny) - IRONSKY.PL Sklep z Dronami","description":"Plecak fotograficzny PGYTECH OneMo Lite 22L (Czarny) - \u2705 sklep z dronami i fachowym doradztwem. \u2705 Tutaj kupisz produkty DJI, Yuneec, Parrot, Syma i wiele innych, a tak\u017ce kursy i licencje na operatora drona.","robots":{"index":"index","follow":"follow","max-snippet":"max-snippet:-1","max-image-preview":"max-image-preview:large","max-video-preview":"max-video-preview:-1"},"canonical":"https:\/\/ironsky.pl\/sklep\/produkt\/plecak-fotograficzny-pgytech-onemo-lite-22l-czarny\/","og_locale":"pl_PL","og_type":"article","og_title":"Plecak fotograficzny PGYTECH OneMo Lite 22L (Czarny) - IRONSKY.PL Sklep z Dronami","og_description":"Plecak fotograficzny PGYTECH OneMo Lite 22L (Czarny) - \u2705 sklep z dronami i fachowym doradztwem. \u2705 Tutaj kupisz produkty DJI, Yuneec, Parrot, Syma i wiele innych, a tak\u017ce kursy i licencje na operatora drona.","og_url":"https:\/\/ironsky.pl\/sklep\/produkt\/plecak-fotograficzny-pgytech-onemo-lite-22l-czarny\/","og_site_name":"IRONSKY.PL Sklep z Dronami","article_modified_time":"2026-03-05T14:50:57+00:00","og_image":[{"width":800,"height":800,"url":"https:\/\/ironsky.pl\/sklep\/wp-content\/uploads\/2024\/09\/27768_1.jpg","type":"image\/jpeg"}],"twitter_card":"summary_large_image","twitter_misc":{"Szacowany czas czytania":"2 minuty"},"schema":{"@context":"https:\/\/schema.org","@graph":[{"@type":"WebPage","@id":"https:\/\/ironsky.pl\/sklep\/produkt\/plecak-fotograficzny-pgytech-onemo-lite-22l-czarny\/","url":"https:\/\/ironsky.pl\/sklep\/produkt\/plecak-fotograficzny-pgytech-onemo-lite-22l-czarny\/","name":"Plecak fotograficzny PGYTECH OneMo Lite 22L (Czarny) - IRONSKY.PL Sklep z Dronami","isPartOf":{"@id":"https:\/\/ironsky.pl\/sklep\/#website"},"primaryImageOfPage":{"@id":"https:\/\/ironsky.pl\/sklep\/produkt\/plecak-fotograficzny-pgytech-onemo-lite-22l-czarny\/#primaryimage"},"image":{"@id":"https:\/\/ironsky.pl\/sklep\/produkt\/plecak-fotograficzny-pgytech-onemo-lite-22l-czarny\/#primaryimage"},"thumbnailUrl":"https:\/\/ironsky.pl\/sklep\/wp-content\/uploads\/2024\/09\/27768_1.jpg","datePublished":"2024-09-16T17:00:26+00:00","dateModified":"2026-03-05T14:50:57+00:00","description":"Plecak fotograficzny PGYTECH OneMo Lite 22L (Czarny) - \u2705 sklep z dronami i fachowym doradztwem. \u2705 Tutaj kupisz produkty DJI, Yuneec, Parrot, Syma i wiele innych, a tak\u017ce kursy i licencje na operatora drona.","breadcrumb":{"@id":"https:\/\/ironsky.pl\/sklep\/produkt\/plecak-fotograficzny-pgytech-onemo-lite-22l-czarny\/#breadcrumb"},"inLanguage":"pl-PL","potentialAction":[{"@type":"ReadAction","target":["https:\/\/ironsky.pl\/sklep\/produkt\/plecak-fotograficzny-pgytech-onemo-lite-22l-czarny\/"]}]},{"@type":"ImageObject","inLanguage":"pl-PL","@id":"https:\/\/ironsky.pl\/sklep\/produkt\/plecak-fotograficzny-pgytech-onemo-lite-22l-czarny\/#primaryimage","url":"https:\/\/ironsky.pl\/sklep\/wp-content\/uploads\/2024\/09\/27768_1.jpg","contentUrl":"https:\/\/ironsky.pl\/sklep\/wp-content\/uploads\/2024\/09\/27768_1.jpg","width":800,"height":800},{"@type":"BreadcrumbList","@id":"https:\/\/ironsky.pl\/sklep\/produkt\/plecak-fotograficzny-pgytech-onemo-lite-22l-czarny\/#breadcrumb","itemListElement":[{"@type":"ListItem","position":1,"name":"Strona g\u0142\u00f3wna","item":"https:\/\/ironsky.pl\/sklep\/"},{"@type":"ListItem","position":2,"name":"Wszystkie produkty","item":"https:\/\/ironsky.pl\/sklep\/produkty\/"},{"@type":"ListItem","position":3,"name":"Plecak fotograficzny PGYTECH OneMo Lite 22L (Czarny)"}]},{"@type":"WebSite","@id":"https:\/\/ironsky.pl\/sklep\/#website","url":"https:\/\/ironsky.pl\/sklep\/","name":"IRONSKY.PL Sklep z Dronami","description":"IRONSKY.PL Sklep z Dronami","potentialAction":[{"@type":"SearchAction","target":{"@type":"EntryPoint","urlTemplate":"https:\/\/ironsky.pl\/sklep\/?s={search_term_string}"},"query-input":{"@type":"PropertyValueSpecification","valueRequired":true,"valueName":"search_term_string"}}],"inLanguage":"pl-PL"}]}},"_links":{"self":[{"href":"https:\/\/ironsky.pl\/sklep\/wp-json\/wp\/v2\/product\/24126","targetHints":{"allow":["GET"]}}],"collection":[{"href":"https:\/\/ironsky.pl\/sklep\/wp-json\/wp\/v2\/product"}],"about":[{"href":"https:\/\/ironsky.pl\/sklep\/wp-json\/wp\/v2\/types\/product"}],"replies":[{"embeddable":true,"href":"https:\/\/ironsky.pl\/sklep\/wp-json\/wp\/v2\/comments?post=24126"}],"wp:featuredmedia":[{"embeddable":true,"href":"https:\/\/ironsky.pl\/sklep\/wp-json\/wp\/v2\/media\/24127"}],"wp:attachment":[{"href":"https:\/\/ironsky.pl\/sklep\/wp-json\/wp\/v2\/media?parent=24126"}],"wp:term":[{"taxonomy":"product_brand","embeddable":true,"href":"https:\/\/ironsky.pl\/sklep\/wp-json\/wp\/v2\/product_brand?post=24126"},{"taxonomy":"product_cat","embeddable":true,"href":"https:\/\/ironsky.pl\/sklep\/wp-json\/wp\/v2\/product_cat?post=24126"},{"taxonomy":"product_tag","embeddable":true,"href":"https:\/\/ironsky.pl\/sklep\/wp-json\/wp\/v2\/product_tag?post=24126"}],"curies":[{"name":"wp","href":"https:\/\/api.w.org\/{rel}","templated":true}]}}