{"id":24065,"date":"2024-09-16T18:59:23","date_gmt":"2024-09-16T16:59:23","guid":{"rendered":"http:\/\/gvshalph.pro-linuxpl.com\/ironskyprodukty\/produkt\/zestaw-4-filtrow-nd-pl-8-16-32-64-pgytech-do-dji-osmo-action-3\/"},"modified":"2026-03-05T15:50:54","modified_gmt":"2026-03-05T14:50:54","slug":"zestaw-4-filtrow-nd-pl-8-16-32-64-pgytech-do-dji-osmo-action-3","status":"publish","type":"product","link":"https:\/\/ironsky.pl\/sklep\/produkt\/zestaw-4-filtrow-nd-pl-8-16-32-64-pgytech-do-dji-osmo-action-3\/","title":{"rendered":"Zestaw 4 filtr\u00f3w ND-PL (8\/16\/32\/64) PGYTECH do DJI Osmo Action 3"},"content":{"rendered":"<h3>Zestaw 4 filtr\u00f3w ND-PL (8\/16\/32\/64) PGYTECH do DJI Osmo Action 3<\/h3>\n<p>Tw\u00f3rz jeszcze ciekawsze materia\u0142y i przygotuj si\u0119 na zr\u00f3\u017cnicowane warunki o\u015bwietleniowe. Zaprojektowane z my\u015bl\u0105 o kamerze DJI Osmo Action 3 filtry ND-PL (8\/16\/32\/64) marki PGYTECH pozwol\u0105 Ci uzyska\u0107 pi\u0119kne, wyra\u017ane obrazy i \u017cyw\u0105, naturaln\u0105 kolorystyk\u0119. Akcesoria powsta\u0142y z wysokiej jako\u015bci szk\u0142a optycznego SCHOTT i zosta\u0142y pokryte specjaln\u0105 pow\u0142ok\u0105, kt\u00f3ra chroni je przed wod\u0105, t\u0142uszczem i zarysowaniem.<\/p>\n<p><img decoding=\"async\" src=\"https:\/\/b2b.innpro.pl\/data\/include\/cms\/PGYTECH\/P-32C-013\/5.jpg\"><\/p>\n<h3>Profesjonalne filtry ND-PL<\/h3>\n<p>Teraz z \u0142atwo\u015bci\u0105 uzyskasz zachwycaj\u0105ce rezultaty nawet w trudnych warunkach o\u015bwietleniowych. W sk\u0142ad zestawu wchodz\u0105 4 hybrydowe filtry ND-PL \u2013 8 (3 stopnie), 16 (4 stopnie), 32 (5 stopni) i 64 (6 stopni). Korzystaj\u0105c z nich, unikniesz niepo\u017c\u0105danych refleks\u00f3w i uzyskasz pi\u0119kne, nasycone kolory. Akcesoria pozwalaj\u0105 zmniejszy\u0107 pr\u0119dko\u015b\u0107 migawki i zapobiegaj\u0105 prze\u015bwietleniu, dzi\u0119ki czemu mo\u017cesz cieszy\u0107 si\u0119 \u017cywym, wyra\u017anym obrazem. Istnieje tak\u017ce mo\u017cliwo\u015b\u0107 zmiany efektu polaryzacyjnego \u2013 wystarczy obr\u00f3ci\u0107 filtr.<\/p>\n<p><img decoding=\"async\" src=\"https:\/\/b2b.innpro.pl\/data\/include\/cms\/PGYTECH\/P-32C-013\/7.jpg\"><\/p>\n<h3>Najwy\u017csza jako\u015b\u0107 wykonania<\/h3>\n<p>Do wykonania filtr\u00f3w zastosowano najwy\u017cszej jako\u015bci szk\u0142o optyczne, kt\u00f3re zosta\u0142o poddane wielokrotnemu szlifowaniu i polerowaniu. Dzi\u0119ki temu wyr\u00f3\u017cnia si\u0119 niskim wsp\u00f3\u0142czynnikiem za\u0142amania i pozwala uchwyci\u0107 naturaln\u0105 kolorystyk\u0119 fotografowanych obiekt\u00f3w. Akcesoria pokryto te\u017c specjaln\u0105 pow\u0142ok\u0105, kt\u00f3ra zapewnia im odporno\u015b\u0107 na wod\u0119, t\u0142uszcz i zarysowania. To oznacza, \u017ce bez trudu zachowasz je w doskona\u0142ym stanie! Ponadto ramki filtr\u00f3w powsta\u0142y z lekkiego, a zarazem wytrzyma\u0142ego stopu aluminium.<\/p>\n<p><img decoding=\"async\" src=\"https:\/\/b2b.innpro.pl\/data\/include\/cms\/PGYTECH\/P-32C-013\/4.jpg\"><\/p>\n<h3>W zestawie<\/h3>\n<ul>\n<li>Filtry ND-PL (8\/16\/32\/64) do DJI Osmo Action 3<\/li>\n<li>\u015aciereczka do czyszczenia filtr\u00f3w<\/li>\n<li>Instrukcja obs\u0142ugi<\/li>\n<\/ul>\n<div class=\"table-wrapper\">\n<table>\n<tbody>\n<tr>\n<th>Producent<\/th>\n<td>PGYTECH<\/td>\n<\/tr>\n<tr>\n<th>Model<\/th>\n<td>P-32C-013<\/td>\n<\/tr>\n<tr>\n<th>Rodzaj filtr\u00f3w<\/th>\n<td>ND8 PL (3 stopnie), ND16 PL (4 stopnie), ND32 PL (5 stopni), ND64 PL (6 stopni)<\/td>\n<\/tr>\n<tr>\n<th>Materia\u0142<\/th>\n<td>Aluminium, szk\u0142o optyczne<\/td>\n<\/tr>\n<tr>\n<th>Wymiary jednego filtra<\/th>\n<td>36,7 x 36,7 x 6,3 mm<\/td>\n<\/tr>\n<tr>\n<th>Waga jednego filtra<\/th>\n<td>8,1 g<\/td>\n<\/tr>\n<tr>\n<th>Kompatybilno\u015b\u0107<\/th>\n<td>DJI Osmo Action 3<\/td>\n<\/tr>\n<\/tbody>\n<\/table>\n<\/div>\n","protected":false},"excerpt":{"rendered":"<p>Zestaw 4 filtr\u00f3w ND-PL (8\/16\/32\/64) PGYTECH do DJI Osmo Action 3 Tw\u00f3rz jeszcze ciekawsze materia\u0142y i przygotuj si\u0119 na zr\u00f3\u017cnicowane<\/p>\n","protected":false},"featured_media":24066,"comment_status":"closed","ping_status":"open","template":"","meta":{"_acf_changed":false},"product_brand":[],"product_cat":[1130,1137,1128],"product_tag":[],"class_list":{"0":"post-24065","1":"product","2":"type-product","3":"status-publish","4":"has-post-thumbnail","6":"product_cat-akcesoria-foto","7":"product_cat-do-kamer-sportowych","8":"product_cat-foto-wideo","9":"pa_box-height-1691","10":"pa_box-length-1384","11":"pa_box-width-1374","12":"pa_gross-weight-1747","13":"pa_hs-code-1741","14":"pa_kompatybilnosc-filtry","15":"pa_model-action","16":"pa_net-weight-3721","17":"pa_seria-action-dji-osmo-action-3","19":"first","20":"outofstock","21":"taxable","22":"shipping-taxable","23":"purchasable","24":"product-type-simple"},"acf":[],"yoast_head":"<!-- This site is optimized with the Yoast SEO plugin v27.2 - https:\/\/yoast.com\/product\/yoast-seo-wordpress\/ -->\n<title>Zestaw 4 filtr\u00f3w ND-PL (8\/16\/32\/64) PGYTECH do DJI Osmo Action 3 - IRONSKY.PL Sklep z Dronami<\/title>\n<meta name=\"description\" content=\"Zestaw 4 filtr\u00f3w ND-PL (8\/16\/32\/64) PGYTECH do DJI Osmo Action 3 - \u2705 sklep z dronami i fachowym doradztwem. \u2705 Tutaj kupisz produkty DJI, Yuneec, Parrot, Syma i wiele innych, a tak\u017ce kursy i licencje na operatora drona.\" \/>\n<meta name=\"robots\" content=\"index, follow, max-snippet:-1, max-image-preview:large, max-video-preview:-1\" \/>\n<link rel=\"canonical\" href=\"https:\/\/ironsky.pl\/sklep\/produkt\/zestaw-4-filtrow-nd-pl-8-16-32-64-pgytech-do-dji-osmo-action-3\/\" \/>\n<meta property=\"og:locale\" content=\"pl_PL\" \/>\n<meta property=\"og:type\" content=\"article\" \/>\n<meta property=\"og:title\" content=\"Zestaw 4 filtr\u00f3w ND-PL (8\/16\/32\/64) PGYTECH do DJI Osmo Action 3 - IRONSKY.PL Sklep z Dronami\" \/>\n<meta property=\"og:description\" content=\"Zestaw 4 filtr\u00f3w ND-PL (8\/16\/32\/64) PGYTECH do DJI Osmo Action 3 - \u2705 sklep z dronami i fachowym doradztwem. \u2705 Tutaj kupisz produkty DJI, Yuneec, Parrot, Syma i wiele innych, a tak\u017ce kursy i licencje na operatora drona.\" \/>\n<meta property=\"og:url\" content=\"https:\/\/ironsky.pl\/sklep\/produkt\/zestaw-4-filtrow-nd-pl-8-16-32-64-pgytech-do-dji-osmo-action-3\/\" \/>\n<meta property=\"og:site_name\" content=\"IRONSKY.PL Sklep z Dronami\" \/>\n<meta property=\"article:modified_time\" content=\"2026-03-05T14:50:54+00:00\" \/>\n<meta property=\"og:image\" content=\"https:\/\/ironsky.pl\/sklep\/wp-content\/uploads\/2024\/09\/27236_1.jpg\" \/>\n\t<meta property=\"og:image:width\" content=\"800\" \/>\n\t<meta property=\"og:image:height\" content=\"800\" \/>\n\t<meta property=\"og:image:type\" content=\"image\/jpeg\" \/>\n<meta name=\"twitter:card\" content=\"summary_large_image\" \/>\n<meta name=\"twitter:label1\" content=\"Szacowany czas czytania\" \/>\n\t<meta name=\"twitter:data1\" content=\"1 minuta\" \/>\n<script type=\"application\/ld+json\" class=\"yoast-schema-graph\">{\"@context\":\"https:\/\/schema.org\",\"@graph\":[{\"@type\":\"WebPage\",\"@id\":\"https:\/\/ironsky.pl\/sklep\/produkt\/zestaw-4-filtrow-nd-pl-8-16-32-64-pgytech-do-dji-osmo-action-3\/\",\"url\":\"https:\/\/ironsky.pl\/sklep\/produkt\/zestaw-4-filtrow-nd-pl-8-16-32-64-pgytech-do-dji-osmo-action-3\/\",\"name\":\"Zestaw 4 filtr\u00f3w ND-PL (8\/16\/32\/64) PGYTECH do DJI Osmo Action 3 - IRONSKY.PL Sklep z Dronami\",\"isPartOf\":{\"@id\":\"https:\/\/ironsky.pl\/sklep\/#website\"},\"primaryImageOfPage\":{\"@id\":\"https:\/\/ironsky.pl\/sklep\/produkt\/zestaw-4-filtrow-nd-pl-8-16-32-64-pgytech-do-dji-osmo-action-3\/#primaryimage\"},\"image\":{\"@id\":\"https:\/\/ironsky.pl\/sklep\/produkt\/zestaw-4-filtrow-nd-pl-8-16-32-64-pgytech-do-dji-osmo-action-3\/#primaryimage\"},\"thumbnailUrl\":\"https:\/\/ironsky.pl\/sklep\/wp-content\/uploads\/2024\/09\/27236_1.jpg\",\"datePublished\":\"2024-09-16T16:59:23+00:00\",\"dateModified\":\"2026-03-05T14:50:54+00:00\",\"description\":\"Zestaw 4 filtr\u00f3w ND-PL (8\/16\/32\/64) PGYTECH do DJI Osmo Action 3 - \u2705 sklep z dronami i fachowym doradztwem. \u2705 Tutaj kupisz produkty DJI, Yuneec, Parrot, Syma i wiele innych, a tak\u017ce kursy i licencje na operatora drona.\",\"breadcrumb\":{\"@id\":\"https:\/\/ironsky.pl\/sklep\/produkt\/zestaw-4-filtrow-nd-pl-8-16-32-64-pgytech-do-dji-osmo-action-3\/#breadcrumb\"},\"inLanguage\":\"pl-PL\",\"potentialAction\":[{\"@type\":\"ReadAction\",\"target\":[\"https:\/\/ironsky.pl\/sklep\/produkt\/zestaw-4-filtrow-nd-pl-8-16-32-64-pgytech-do-dji-osmo-action-3\/\"]}]},{\"@type\":\"ImageObject\",\"inLanguage\":\"pl-PL\",\"@id\":\"https:\/\/ironsky.pl\/sklep\/produkt\/zestaw-4-filtrow-nd-pl-8-16-32-64-pgytech-do-dji-osmo-action-3\/#primaryimage\",\"url\":\"https:\/\/ironsky.pl\/sklep\/wp-content\/uploads\/2024\/09\/27236_1.jpg\",\"contentUrl\":\"https:\/\/ironsky.pl\/sklep\/wp-content\/uploads\/2024\/09\/27236_1.jpg\",\"width\":800,\"height\":800},{\"@type\":\"BreadcrumbList\",\"@id\":\"https:\/\/ironsky.pl\/sklep\/produkt\/zestaw-4-filtrow-nd-pl-8-16-32-64-pgytech-do-dji-osmo-action-3\/#breadcrumb\",\"itemListElement\":[{\"@type\":\"ListItem\",\"position\":1,\"name\":\"Strona g\u0142\u00f3wna\",\"item\":\"https:\/\/ironsky.pl\/sklep\/\"},{\"@type\":\"ListItem\",\"position\":2,\"name\":\"Wszystkie produkty\",\"item\":\"https:\/\/ironsky.pl\/sklep\/produkty\/\"},{\"@type\":\"ListItem\",\"position\":3,\"name\":\"Zestaw 4 filtr\u00f3w ND-PL (8\/16\/32\/64) PGYTECH do DJI Osmo Action 3\"}]},{\"@type\":\"WebSite\",\"@id\":\"https:\/\/ironsky.pl\/sklep\/#website\",\"url\":\"https:\/\/ironsky.pl\/sklep\/\",\"name\":\"IRONSKY.PL Sklep z Dronami\",\"description\":\"IRONSKY.PL Sklep z Dronami\",\"potentialAction\":[{\"@type\":\"SearchAction\",\"target\":{\"@type\":\"EntryPoint\",\"urlTemplate\":\"https:\/\/ironsky.pl\/sklep\/?s={search_term_string}\"},\"query-input\":{\"@type\":\"PropertyValueSpecification\",\"valueRequired\":true,\"valueName\":\"search_term_string\"}}],\"inLanguage\":\"pl-PL\"}]}<\/script>\n<!-- \/ Yoast SEO plugin. -->","yoast_head_json":{"title":"Zestaw 4 filtr\u00f3w ND-PL (8\/16\/32\/64) PGYTECH do DJI Osmo Action 3 - IRONSKY.PL Sklep z Dronami","description":"Zestaw 4 filtr\u00f3w ND-PL (8\/16\/32\/64) PGYTECH do DJI Osmo Action 3 - \u2705 sklep z dronami i fachowym doradztwem. \u2705 Tutaj kupisz produkty DJI, Yuneec, Parrot, Syma i wiele innych, a tak\u017ce kursy i licencje na operatora drona.","robots":{"index":"index","follow":"follow","max-snippet":"max-snippet:-1","max-image-preview":"max-image-preview:large","max-video-preview":"max-video-preview:-1"},"canonical":"https:\/\/ironsky.pl\/sklep\/produkt\/zestaw-4-filtrow-nd-pl-8-16-32-64-pgytech-do-dji-osmo-action-3\/","og_locale":"pl_PL","og_type":"article","og_title":"Zestaw 4 filtr\u00f3w ND-PL (8\/16\/32\/64) PGYTECH do DJI Osmo Action 3 - IRONSKY.PL Sklep z Dronami","og_description":"Zestaw 4 filtr\u00f3w ND-PL (8\/16\/32\/64) PGYTECH do DJI Osmo Action 3 - \u2705 sklep z dronami i fachowym doradztwem. \u2705 Tutaj kupisz produkty DJI, Yuneec, Parrot, Syma i wiele innych, a tak\u017ce kursy i licencje na operatora drona.","og_url":"https:\/\/ironsky.pl\/sklep\/produkt\/zestaw-4-filtrow-nd-pl-8-16-32-64-pgytech-do-dji-osmo-action-3\/","og_site_name":"IRONSKY.PL Sklep z Dronami","article_modified_time":"2026-03-05T14:50:54+00:00","og_image":[{"width":800,"height":800,"url":"https:\/\/ironsky.pl\/sklep\/wp-content\/uploads\/2024\/09\/27236_1.jpg","type":"image\/jpeg"}],"twitter_card":"summary_large_image","twitter_misc":{"Szacowany czas czytania":"1 minuta"},"schema":{"@context":"https:\/\/schema.org","@graph":[{"@type":"WebPage","@id":"https:\/\/ironsky.pl\/sklep\/produkt\/zestaw-4-filtrow-nd-pl-8-16-32-64-pgytech-do-dji-osmo-action-3\/","url":"https:\/\/ironsky.pl\/sklep\/produkt\/zestaw-4-filtrow-nd-pl-8-16-32-64-pgytech-do-dji-osmo-action-3\/","name":"Zestaw 4 filtr\u00f3w ND-PL (8\/16\/32\/64) PGYTECH do DJI Osmo Action 3 - IRONSKY.PL Sklep z Dronami","isPartOf":{"@id":"https:\/\/ironsky.pl\/sklep\/#website"},"primaryImageOfPage":{"@id":"https:\/\/ironsky.pl\/sklep\/produkt\/zestaw-4-filtrow-nd-pl-8-16-32-64-pgytech-do-dji-osmo-action-3\/#primaryimage"},"image":{"@id":"https:\/\/ironsky.pl\/sklep\/produkt\/zestaw-4-filtrow-nd-pl-8-16-32-64-pgytech-do-dji-osmo-action-3\/#primaryimage"},"thumbnailUrl":"https:\/\/ironsky.pl\/sklep\/wp-content\/uploads\/2024\/09\/27236_1.jpg","datePublished":"2024-09-16T16:59:23+00:00","dateModified":"2026-03-05T14:50:54+00:00","description":"Zestaw 4 filtr\u00f3w ND-PL (8\/16\/32\/64) PGYTECH do DJI Osmo Action 3 - \u2705 sklep z dronami i fachowym doradztwem. \u2705 Tutaj kupisz produkty DJI, Yuneec, Parrot, Syma i wiele innych, a tak\u017ce kursy i licencje na operatora drona.","breadcrumb":{"@id":"https:\/\/ironsky.pl\/sklep\/produkt\/zestaw-4-filtrow-nd-pl-8-16-32-64-pgytech-do-dji-osmo-action-3\/#breadcrumb"},"inLanguage":"pl-PL","potentialAction":[{"@type":"ReadAction","target":["https:\/\/ironsky.pl\/sklep\/produkt\/zestaw-4-filtrow-nd-pl-8-16-32-64-pgytech-do-dji-osmo-action-3\/"]}]},{"@type":"ImageObject","inLanguage":"pl-PL","@id":"https:\/\/ironsky.pl\/sklep\/produkt\/zestaw-4-filtrow-nd-pl-8-16-32-64-pgytech-do-dji-osmo-action-3\/#primaryimage","url":"https:\/\/ironsky.pl\/sklep\/wp-content\/uploads\/2024\/09\/27236_1.jpg","contentUrl":"https:\/\/ironsky.pl\/sklep\/wp-content\/uploads\/2024\/09\/27236_1.jpg","width":800,"height":800},{"@type":"BreadcrumbList","@id":"https:\/\/ironsky.pl\/sklep\/produkt\/zestaw-4-filtrow-nd-pl-8-16-32-64-pgytech-do-dji-osmo-action-3\/#breadcrumb","itemListElement":[{"@type":"ListItem","position":1,"name":"Strona g\u0142\u00f3wna","item":"https:\/\/ironsky.pl\/sklep\/"},{"@type":"ListItem","position":2,"name":"Wszystkie produkty","item":"https:\/\/ironsky.pl\/sklep\/produkty\/"},{"@type":"ListItem","position":3,"name":"Zestaw 4 filtr\u00f3w ND-PL (8\/16\/32\/64) PGYTECH do DJI Osmo Action 3"}]},{"@type":"WebSite","@id":"https:\/\/ironsky.pl\/sklep\/#website","url":"https:\/\/ironsky.pl\/sklep\/","name":"IRONSKY.PL Sklep z Dronami","description":"IRONSKY.PL Sklep z Dronami","potentialAction":[{"@type":"SearchAction","target":{"@type":"EntryPoint","urlTemplate":"https:\/\/ironsky.pl\/sklep\/?s={search_term_string}"},"query-input":{"@type":"PropertyValueSpecification","valueRequired":true,"valueName":"search_term_string"}}],"inLanguage":"pl-PL"}]}},"_links":{"self":[{"href":"https:\/\/ironsky.pl\/sklep\/wp-json\/wp\/v2\/product\/24065","targetHints":{"allow":["GET"]}}],"collection":[{"href":"https:\/\/ironsky.pl\/sklep\/wp-json\/wp\/v2\/product"}],"about":[{"href":"https:\/\/ironsky.pl\/sklep\/wp-json\/wp\/v2\/types\/product"}],"replies":[{"embeddable":true,"href":"https:\/\/ironsky.pl\/sklep\/wp-json\/wp\/v2\/comments?post=24065"}],"wp:featuredmedia":[{"embeddable":true,"href":"https:\/\/ironsky.pl\/sklep\/wp-json\/wp\/v2\/media\/24066"}],"wp:attachment":[{"href":"https:\/\/ironsky.pl\/sklep\/wp-json\/wp\/v2\/media?parent=24065"}],"wp:term":[{"taxonomy":"product_brand","embeddable":true,"href":"https:\/\/ironsky.pl\/sklep\/wp-json\/wp\/v2\/product_brand?post=24065"},{"taxonomy":"product_cat","embeddable":true,"href":"https:\/\/ironsky.pl\/sklep\/wp-json\/wp\/v2\/product_cat?post=24065"},{"taxonomy":"product_tag","embeddable":true,"href":"https:\/\/ironsky.pl\/sklep\/wp-json\/wp\/v2\/product_tag?post=24065"}],"curies":[{"name":"wp","href":"https:\/\/api.w.org\/{rel}","templated":true}]}}