{"id":23571,"date":"2024-09-16T18:49:38","date_gmt":"2024-09-16T16:49:38","guid":{"rendered":"http:\/\/gvshalph.pro-linuxpl.com\/ironskyprodukty\/produkt\/mocowanie-pgytech-360-typu-arca-swiss-do-kamer-sportowych-p-cg-014\/"},"modified":"2026-03-05T15:50:36","modified_gmt":"2026-03-05T14:50:36","slug":"mocowanie-pgytech-360-typu-arca-swiss-do-kamer-sportowych-p-cg-014","status":"publish","type":"product","link":"https:\/\/ironsky.pl\/sklep\/produkt\/mocowanie-pgytech-360-typu-arca-swiss-do-kamer-sportowych-p-cg-014\/","title":{"rendered":"Mocowanie PGYTECH 360\u00b0 typu Arca-Swiss do kamer sportowych (P-CG-014)"},"content":{"rendered":"<h3>Mocowanie PGYTECH 360\u00b0 typu Arca-Swiss do kamer sportowych<\/h3>\n<p>Klips do kamer sportowych marki PGYTECH zapewnia wi\u0119ksz\u0105 elastyczno\u015b\u0107 podczas nagrywania. Specjalnie zaprojektowana szybkoz\u0142\u0105czka pozwala na szybki monta\u017c i demonta\u017c urz\u0105dzenia. Produkt jest kompatybilny z systemem Arca-Swiss, a interfejs i adapter\u00a0zapewniaj\u0105 kompatybilno\u015b\u0107 z wi\u0119kszo\u015bci\u0105 kamer sportowych. Akcesorium jest te\u017c lekkie i wytrzyma\u0142e. Mo\u017cesz zabra\u0107 je ze sob\u0105, gdzie chcesz.<\/p>\n<p><img decoding=\"async\" src=\"https:\/\/b2b.innpro.pl\/data\/include\/cms\/06PGY\/P-CG-014\/5.jpg\"><\/p>\n<h3>Elastyczne k\u0105ty<\/h3>\n<p>Konstrukcja g\u0142owicy kulowej pozwala na obr\u00f3t o 360\u00b0 i pochylenie o 32\u00b0. Funkcja ta doda kreatywno\u015bci Twoim zdj\u0119ciom.<\/p>\n<p><img decoding=\"async\" src=\"https:\/\/b2b.innpro.pl\/data\/include\/cms\/06PGY\/P-CG-014\/9.jpg\"><\/p>\n<h3>Specjalna szybkoz\u0142\u0105czka<\/h3>\n<p>W celu zamontowania b\u0105d\u017a zdemontowania kamery nale\u017cy odblokowa\u0107 mocowanie, obr\u00f3ci\u0107 je o 90\u00b0, a nast\u0119pnie zablokowa\u0107.<\/p>\n<p><img decoding=\"async\" src=\"https:\/\/b2b.innpro.pl\/data\/include\/cms\/06PGY\/P-CG-014\/4.jpg\"><\/p>\n<h3>Kompatybilno\u015b\u0107<\/h3>\n<p>Kwadratowy kszta\u0142t klipsa jest kompatybilny z systemem Arca-Swiss. Akcesorium pasuje te\u017c do PGYTECH Beatles CameraClip. Ponadto interfejs i adapter 1\/4\u201d-20 zapewniaj\u0105 kompatybilno\u015b\u0107 z wi\u0119kszo\u015bci\u0105 kamer sportowych takich jak GoPro, DJI Osmo Action\/Pocket czy Insta 360.<\/p>\n<p><img decoding=\"async\" src=\"https:\/\/b2b.innpro.pl\/data\/include\/cms\/06PGY\/P-CG-014\/6.jpg\"><\/p>\n<h3>Lekko\u015b\u0107, wytrzyma\u0142o\u015b\u0107 i por\u0119czno\u015b\u0107<\/h3>\n<p>Niezwyk\u0142\u0105 wytrzyma\u0142o\u015b\u0107 i lekko\u015b\u0107 urz\u0105dzenie zawdzi\u0119cza materia\u0142owi, z jakiego zosta\u0142a wykonana podstawa p\u0142ytki i g\u0142owica kulowa. Materia\u0142 ten to aluminium. Produkt wa\u017cy tylko 40 g, dzi\u0119ki czemu \u0142atwo go przenie\u015b\u0107.<\/p>\n<p><img decoding=\"async\" src=\"https:\/\/b2b.innpro.pl\/data\/include\/cms\/06PGY\/P-CG-014\/7.jpg\"><\/p>\n<ul>\n<li>Mocowanie do kamer<\/li>\n<li>Pin x2<\/li>\n<li>Uniwersalny interfejs z mocowaniem 1\/4\u201d<\/li>\n<li>Element zapobiegaj\u0105cy luzowaniu si\u0119 akcesorium x4<\/li>\n<li>Instrukcja obs\u0142ugi<\/li>\n<\/ul>\n<div class=\"table-wrapper\">\n<table>\n<tbody>\n<tr>\n<th>Marka<\/th>\n<td>PGYTECH<\/td>\n<\/tr>\n<tr>\n<th>Model<\/th>\n<td>P-CG-014<\/td>\n<\/tr>\n<tr>\n<th>Materia\u0142<\/th>\n<td>stop aluminium<\/td>\n<\/tr>\n<tr>\n<th>Waga<\/th>\n<td>34 g<\/td>\n<\/tr>\n<tr>\n<th>Rozmiar<\/th>\n<td>38mm* 38mm*41,5mm<\/td>\n<\/tr>\n<\/tbody>\n<\/table>\n<\/div>\n","protected":false},"excerpt":{"rendered":"<p>Mocowanie PGYTECH 360\u00b0 typu Arca-Swiss do kamer sportowych Klips do kamer sportowych marki PGYTECH zapewnia wi\u0119ksz\u0105 elastyczno\u015b\u0107 podczas nagrywania. Specjalnie<\/p>\n","protected":false},"featured_media":23572,"comment_status":"closed","ping_status":"open","template":"","meta":{"_acf_changed":false},"product_brand":[],"product_cat":[1128,1139,1140,1141,1138],"product_tag":[],"class_list":{"0":"post-23571","1":"product","2":"type-product","3":"status-publish","4":"has-post-thumbnail","6":"product_cat-foto-wideo","7":"product_cat-selfie-stick","8":"product_cat-statywy","9":"product_cat-uchwyty-do-mocowania-kamer-i-aparatow","10":"product_cat-wysiegniki","11":"pa_box-height-2967","12":"pa_box-length-1662","13":"pa_box-width-2879","14":"pa_gross-weight-2424","15":"pa_hs-code-1799","16":"pa_kompatybilnosc-mocowania-i-adaptery","17":"pa_model-action","18":"pa_net-weight-1458","19":"pa_przeznaczenie-do-kamer","20":"pa_rodzaj-mocowanie","22":"first","23":"outofstock","24":"taxable","25":"shipping-taxable","26":"purchasable","27":"product-type-simple"},"acf":[],"yoast_head":"<!-- This site is optimized with the Yoast SEO plugin v27.2 - https:\/\/yoast.com\/product\/yoast-seo-wordpress\/ -->\n<title>Mocowanie PGYTECH 360\u00b0 typu Arca-Swiss do kamer sportowych (P-CG-014) - IRONSKY.PL Sklep z Dronami<\/title>\n<meta name=\"description\" content=\"Mocowanie PGYTECH 360\u00b0 typu Arca-Swiss do kamer sportowych (P-CG-014) - \u2705 sklep z dronami i fachowym doradztwem. \u2705 Tutaj kupisz produkty DJI, Yuneec, Parrot, Syma i wiele innych, a tak\u017ce kursy i licencje na operatora drona.\" \/>\n<meta name=\"robots\" content=\"index, follow, max-snippet:-1, max-image-preview:large, max-video-preview:-1\" \/>\n<link rel=\"canonical\" href=\"https:\/\/ironsky.pl\/sklep\/produkt\/mocowanie-pgytech-360-typu-arca-swiss-do-kamer-sportowych-p-cg-014\/\" \/>\n<meta property=\"og:locale\" content=\"pl_PL\" \/>\n<meta property=\"og:type\" content=\"article\" \/>\n<meta property=\"og:title\" content=\"Mocowanie PGYTECH 360\u00b0 typu Arca-Swiss do kamer sportowych (P-CG-014) - IRONSKY.PL Sklep z Dronami\" \/>\n<meta property=\"og:description\" content=\"Mocowanie PGYTECH 360\u00b0 typu Arca-Swiss do kamer sportowych (P-CG-014) - \u2705 sklep z dronami i fachowym doradztwem. \u2705 Tutaj kupisz produkty DJI, Yuneec, Parrot, Syma i wiele innych, a tak\u017ce kursy i licencje na operatora drona.\" \/>\n<meta property=\"og:url\" content=\"https:\/\/ironsky.pl\/sklep\/produkt\/mocowanie-pgytech-360-typu-arca-swiss-do-kamer-sportowych-p-cg-014\/\" \/>\n<meta property=\"og:site_name\" content=\"IRONSKY.PL Sklep z Dronami\" \/>\n<meta property=\"article:modified_time\" content=\"2026-03-05T14:50:36+00:00\" \/>\n<meta property=\"og:image\" content=\"https:\/\/ironsky.pl\/sklep\/wp-content\/uploads\/2024\/09\/22760_2.jpg\" \/>\n\t<meta property=\"og:image:width\" content=\"1000\" \/>\n\t<meta property=\"og:image:height\" content=\"1000\" \/>\n\t<meta property=\"og:image:type\" content=\"image\/jpeg\" \/>\n<meta name=\"twitter:card\" content=\"summary_large_image\" \/>\n<meta name=\"twitter:label1\" content=\"Szacowany czas czytania\" \/>\n\t<meta name=\"twitter:data1\" content=\"1 minuta\" \/>\n<script type=\"application\/ld+json\" class=\"yoast-schema-graph\">{\"@context\":\"https:\/\/schema.org\",\"@graph\":[{\"@type\":\"WebPage\",\"@id\":\"https:\/\/ironsky.pl\/sklep\/produkt\/mocowanie-pgytech-360-typu-arca-swiss-do-kamer-sportowych-p-cg-014\/\",\"url\":\"https:\/\/ironsky.pl\/sklep\/produkt\/mocowanie-pgytech-360-typu-arca-swiss-do-kamer-sportowych-p-cg-014\/\",\"name\":\"Mocowanie PGYTECH 360\u00b0 typu Arca-Swiss do kamer sportowych (P-CG-014) - IRONSKY.PL Sklep z Dronami\",\"isPartOf\":{\"@id\":\"https:\/\/ironsky.pl\/sklep\/#website\"},\"primaryImageOfPage\":{\"@id\":\"https:\/\/ironsky.pl\/sklep\/produkt\/mocowanie-pgytech-360-typu-arca-swiss-do-kamer-sportowych-p-cg-014\/#primaryimage\"},\"image\":{\"@id\":\"https:\/\/ironsky.pl\/sklep\/produkt\/mocowanie-pgytech-360-typu-arca-swiss-do-kamer-sportowych-p-cg-014\/#primaryimage\"},\"thumbnailUrl\":\"https:\/\/ironsky.pl\/sklep\/wp-content\/uploads\/2024\/09\/22760_2.jpg\",\"datePublished\":\"2024-09-16T16:49:38+00:00\",\"dateModified\":\"2026-03-05T14:50:36+00:00\",\"description\":\"Mocowanie PGYTECH 360\u00b0 typu Arca-Swiss do kamer sportowych (P-CG-014) - \u2705 sklep z dronami i fachowym doradztwem. \u2705 Tutaj kupisz produkty DJI, Yuneec, Parrot, Syma i wiele innych, a tak\u017ce kursy i licencje na operatora drona.\",\"breadcrumb\":{\"@id\":\"https:\/\/ironsky.pl\/sklep\/produkt\/mocowanie-pgytech-360-typu-arca-swiss-do-kamer-sportowych-p-cg-014\/#breadcrumb\"},\"inLanguage\":\"pl-PL\",\"potentialAction\":[{\"@type\":\"ReadAction\",\"target\":[\"https:\/\/ironsky.pl\/sklep\/produkt\/mocowanie-pgytech-360-typu-arca-swiss-do-kamer-sportowych-p-cg-014\/\"]}]},{\"@type\":\"ImageObject\",\"inLanguage\":\"pl-PL\",\"@id\":\"https:\/\/ironsky.pl\/sklep\/produkt\/mocowanie-pgytech-360-typu-arca-swiss-do-kamer-sportowych-p-cg-014\/#primaryimage\",\"url\":\"https:\/\/ironsky.pl\/sklep\/wp-content\/uploads\/2024\/09\/22760_2.jpg\",\"contentUrl\":\"https:\/\/ironsky.pl\/sklep\/wp-content\/uploads\/2024\/09\/22760_2.jpg\",\"width\":1000,\"height\":1000},{\"@type\":\"BreadcrumbList\",\"@id\":\"https:\/\/ironsky.pl\/sklep\/produkt\/mocowanie-pgytech-360-typu-arca-swiss-do-kamer-sportowych-p-cg-014\/#breadcrumb\",\"itemListElement\":[{\"@type\":\"ListItem\",\"position\":1,\"name\":\"Strona g\u0142\u00f3wna\",\"item\":\"https:\/\/ironsky.pl\/sklep\/\"},{\"@type\":\"ListItem\",\"position\":2,\"name\":\"Wszystkie produkty\",\"item\":\"https:\/\/ironsky.pl\/sklep\/produkty\/\"},{\"@type\":\"ListItem\",\"position\":3,\"name\":\"Mocowanie PGYTECH 360\u00b0 typu Arca-Swiss do kamer sportowych (P-CG-014)\"}]},{\"@type\":\"WebSite\",\"@id\":\"https:\/\/ironsky.pl\/sklep\/#website\",\"url\":\"https:\/\/ironsky.pl\/sklep\/\",\"name\":\"IRONSKY.PL Sklep z Dronami\",\"description\":\"IRONSKY.PL Sklep z Dronami\",\"potentialAction\":[{\"@type\":\"SearchAction\",\"target\":{\"@type\":\"EntryPoint\",\"urlTemplate\":\"https:\/\/ironsky.pl\/sklep\/?s={search_term_string}\"},\"query-input\":{\"@type\":\"PropertyValueSpecification\",\"valueRequired\":true,\"valueName\":\"search_term_string\"}}],\"inLanguage\":\"pl-PL\"}]}<\/script>\n<!-- \/ Yoast SEO plugin. -->","yoast_head_json":{"title":"Mocowanie PGYTECH 360\u00b0 typu Arca-Swiss do kamer sportowych (P-CG-014) - IRONSKY.PL Sklep z Dronami","description":"Mocowanie PGYTECH 360\u00b0 typu Arca-Swiss do kamer sportowych (P-CG-014) - \u2705 sklep z dronami i fachowym doradztwem. \u2705 Tutaj kupisz produkty DJI, Yuneec, Parrot, Syma i wiele innych, a tak\u017ce kursy i licencje na operatora drona.","robots":{"index":"index","follow":"follow","max-snippet":"max-snippet:-1","max-image-preview":"max-image-preview:large","max-video-preview":"max-video-preview:-1"},"canonical":"https:\/\/ironsky.pl\/sklep\/produkt\/mocowanie-pgytech-360-typu-arca-swiss-do-kamer-sportowych-p-cg-014\/","og_locale":"pl_PL","og_type":"article","og_title":"Mocowanie PGYTECH 360\u00b0 typu Arca-Swiss do kamer sportowych (P-CG-014) - IRONSKY.PL Sklep z Dronami","og_description":"Mocowanie PGYTECH 360\u00b0 typu Arca-Swiss do kamer sportowych (P-CG-014) - \u2705 sklep z dronami i fachowym doradztwem. \u2705 Tutaj kupisz produkty DJI, Yuneec, Parrot, Syma i wiele innych, a tak\u017ce kursy i licencje na operatora drona.","og_url":"https:\/\/ironsky.pl\/sklep\/produkt\/mocowanie-pgytech-360-typu-arca-swiss-do-kamer-sportowych-p-cg-014\/","og_site_name":"IRONSKY.PL Sklep z Dronami","article_modified_time":"2026-03-05T14:50:36+00:00","og_image":[{"width":1000,"height":1000,"url":"https:\/\/ironsky.pl\/sklep\/wp-content\/uploads\/2024\/09\/22760_2.jpg","type":"image\/jpeg"}],"twitter_card":"summary_large_image","twitter_misc":{"Szacowany czas czytania":"1 minuta"},"schema":{"@context":"https:\/\/schema.org","@graph":[{"@type":"WebPage","@id":"https:\/\/ironsky.pl\/sklep\/produkt\/mocowanie-pgytech-360-typu-arca-swiss-do-kamer-sportowych-p-cg-014\/","url":"https:\/\/ironsky.pl\/sklep\/produkt\/mocowanie-pgytech-360-typu-arca-swiss-do-kamer-sportowych-p-cg-014\/","name":"Mocowanie PGYTECH 360\u00b0 typu Arca-Swiss do kamer sportowych (P-CG-014) - IRONSKY.PL Sklep z Dronami","isPartOf":{"@id":"https:\/\/ironsky.pl\/sklep\/#website"},"primaryImageOfPage":{"@id":"https:\/\/ironsky.pl\/sklep\/produkt\/mocowanie-pgytech-360-typu-arca-swiss-do-kamer-sportowych-p-cg-014\/#primaryimage"},"image":{"@id":"https:\/\/ironsky.pl\/sklep\/produkt\/mocowanie-pgytech-360-typu-arca-swiss-do-kamer-sportowych-p-cg-014\/#primaryimage"},"thumbnailUrl":"https:\/\/ironsky.pl\/sklep\/wp-content\/uploads\/2024\/09\/22760_2.jpg","datePublished":"2024-09-16T16:49:38+00:00","dateModified":"2026-03-05T14:50:36+00:00","description":"Mocowanie PGYTECH 360\u00b0 typu Arca-Swiss do kamer sportowych (P-CG-014) - \u2705 sklep z dronami i fachowym doradztwem. \u2705 Tutaj kupisz produkty DJI, Yuneec, Parrot, Syma i wiele innych, a tak\u017ce kursy i licencje na operatora drona.","breadcrumb":{"@id":"https:\/\/ironsky.pl\/sklep\/produkt\/mocowanie-pgytech-360-typu-arca-swiss-do-kamer-sportowych-p-cg-014\/#breadcrumb"},"inLanguage":"pl-PL","potentialAction":[{"@type":"ReadAction","target":["https:\/\/ironsky.pl\/sklep\/produkt\/mocowanie-pgytech-360-typu-arca-swiss-do-kamer-sportowych-p-cg-014\/"]}]},{"@type":"ImageObject","inLanguage":"pl-PL","@id":"https:\/\/ironsky.pl\/sklep\/produkt\/mocowanie-pgytech-360-typu-arca-swiss-do-kamer-sportowych-p-cg-014\/#primaryimage","url":"https:\/\/ironsky.pl\/sklep\/wp-content\/uploads\/2024\/09\/22760_2.jpg","contentUrl":"https:\/\/ironsky.pl\/sklep\/wp-content\/uploads\/2024\/09\/22760_2.jpg","width":1000,"height":1000},{"@type":"BreadcrumbList","@id":"https:\/\/ironsky.pl\/sklep\/produkt\/mocowanie-pgytech-360-typu-arca-swiss-do-kamer-sportowych-p-cg-014\/#breadcrumb","itemListElement":[{"@type":"ListItem","position":1,"name":"Strona g\u0142\u00f3wna","item":"https:\/\/ironsky.pl\/sklep\/"},{"@type":"ListItem","position":2,"name":"Wszystkie produkty","item":"https:\/\/ironsky.pl\/sklep\/produkty\/"},{"@type":"ListItem","position":3,"name":"Mocowanie PGYTECH 360\u00b0 typu Arca-Swiss do kamer sportowych (P-CG-014)"}]},{"@type":"WebSite","@id":"https:\/\/ironsky.pl\/sklep\/#website","url":"https:\/\/ironsky.pl\/sklep\/","name":"IRONSKY.PL Sklep z Dronami","description":"IRONSKY.PL Sklep z Dronami","potentialAction":[{"@type":"SearchAction","target":{"@type":"EntryPoint","urlTemplate":"https:\/\/ironsky.pl\/sklep\/?s={search_term_string}"},"query-input":{"@type":"PropertyValueSpecification","valueRequired":true,"valueName":"search_term_string"}}],"inLanguage":"pl-PL"}]}},"_links":{"self":[{"href":"https:\/\/ironsky.pl\/sklep\/wp-json\/wp\/v2\/product\/23571","targetHints":{"allow":["GET"]}}],"collection":[{"href":"https:\/\/ironsky.pl\/sklep\/wp-json\/wp\/v2\/product"}],"about":[{"href":"https:\/\/ironsky.pl\/sklep\/wp-json\/wp\/v2\/types\/product"}],"replies":[{"embeddable":true,"href":"https:\/\/ironsky.pl\/sklep\/wp-json\/wp\/v2\/comments?post=23571"}],"wp:featuredmedia":[{"embeddable":true,"href":"https:\/\/ironsky.pl\/sklep\/wp-json\/wp\/v2\/media\/23572"}],"wp:attachment":[{"href":"https:\/\/ironsky.pl\/sklep\/wp-json\/wp\/v2\/media?parent=23571"}],"wp:term":[{"taxonomy":"product_brand","embeddable":true,"href":"https:\/\/ironsky.pl\/sklep\/wp-json\/wp\/v2\/product_brand?post=23571"},{"taxonomy":"product_cat","embeddable":true,"href":"https:\/\/ironsky.pl\/sklep\/wp-json\/wp\/v2\/product_cat?post=23571"},{"taxonomy":"product_tag","embeddable":true,"href":"https:\/\/ironsky.pl\/sklep\/wp-json\/wp\/v2\/product_tag?post=23571"}],"curies":[{"name":"wp","href":"https:\/\/api.w.org\/{rel}","templated":true}]}}