{"id":23250,"date":"2024-09-16T18:43:16","date_gmt":"2024-09-16T16:43:16","guid":{"rendered":"http:\/\/gvshalph.pro-linuxpl.com\/ironskyprodukty\/produkt\/case-torba-ochronna-telesin-dla-gopro-hero-9-hero-10-hero-11-hero-12-gp-cpb-902\/"},"modified":"2026-05-14T16:45:10","modified_gmt":"2026-05-14T14:45:10","slug":"case-torba-ochronna-telesin-dla-gopro-hero-9-hero-10-hero-11-hero-12-gp-cpb-902","status":"publish","type":"product","link":"https:\/\/ironsky.pl\/sklep\/produkt\/case-torba-ochronna-telesin-dla-gopro-hero-9-hero-10-hero-11-hero-12-gp-cpb-902\/","title":{"rendered":"Case \/ Torba ochronna Telesin dla GoPro Hero 9 \/ Hero 10 \/ Hero 11 \/ Hero 12 (GP-CPB-902)"},"content":{"rendered":"<h3>Etui Telesin GP-CPB-902 na GoPro Hero 9 \/ Hero 10\u00a0\/ Hero 11 \/ Hero 12<\/h3>\n<p>Wyr\u00f3\u017cniaj\u0105ce si\u0119 klas\u0105 wodoodporno\u015bci IP54 etui transportowe na GoPro Hero 9 \/ 10 \/ 11 \/ Hero 12 marki Telesin umo\u017cliwia wygodne i bezpieczne przechowywanie Twojego sprz\u0119tu. Uformowane w taki spos\u00f3b, aby idealnie pasowa\u0142o do kszta\u0142tu kamery &#8211; zapewni jej wszechstronn\u0105 ochron\u0119, a Tobie komfort u\u017cytkowania. Wytrzyma\u0142y materia\u0142 i elegancki, szary kolor sprawiaj\u0105, \u017ce to praktyczne akcesorium zachwyci ka\u017cdego tw\u00f3rc\u0119.<\/p>\n<p><img decoding=\"async\" src=\"https:\/\/b2b.innpro.pl\/data\/include\/cms\/Edyta\/telesin\/GP-CPB-902\/_07.jpg\" border=\"0\" \/><\/p>\n<h3>Doskona\u0142a ochrona Twojej kamery<\/h3>\n<p>Etui zosta\u0142o wykonane z wysokiej jako\u015bci tworzywa, kt\u00f3re jest odporne na zu\u017cycie oraz uszkodzenia, takie jak na przyk\u0142ad zadrapania. Doskona\u0142ej jako\u015bci zamek umo\u017cliwia p\u0142ynne zamykanie i otwieranie pokrowca &#8211; zapomnij o irytuj\u0105cym zacinaniu si\u0119. Akcesorium zosta\u0142o te\u017c wy\u0142o\u017cone g\u0105bk\u0105, kt\u00f3ra zapewnia zwi\u0119kszon\u0105 amortyzacj\u0119 i chroni Twoj\u0105 kamer\u0119 przed wstrz\u0105sami. Ponadto, wodoodporno\u015b\u0107 IP54 umo\u017cliwia korzystanie z etui niemal w ka\u017cdych warunkach.<\/p>\n<p><img decoding=\"async\" src=\"https:\/\/b2b.innpro.pl\/data\/include\/cms\/Edyta\/telesin\/GP-CPB-902\/_06.jpg\" border=\"0\" \/><\/p>\n<h3>Zaprojektowane dla Twojej wygody<\/h3>\n<p>Praktyczny design etui zapewnia wygod\u0119 u\u017cytkowania i zwi\u0119ksza bezpiecze\u0144stwo przechowywania kamery. Akcesorium zosta\u0142o zaprojektowane w taki spos\u00f3b, \u017ce doskonale pasuje do kszta\u0142tu GoPro Hero 9\u00a0\/ Hero 10 \/ Hero 11 <span>\/ Hero 12,<\/span>\u00a0dzi\u0119ki czemu jeszcze lepiej chroni mi\u0119dzy innymi jej obiektyw. Co wi\u0119cej, na spodzie etui znajduje si\u0119 otw\u00f3r, kt\u00f3ry sprawia, \u017ce mo\u017cesz umie\u015bci\u0107 w nim swoj\u0105 kamer\u0119, nie zdejmuj\u0105c jej ze statywu lub selfie sticka. Ju\u017c nigdy nie przegapisz okazji do wykonania ciekawego uj\u0119cia!<\/p>\n<p><img decoding=\"async\" src=\"https:\/\/b2b.innpro.pl\/data\/include\/cms\/Edyta\/telesin\/GP-CPB-902\/a_1.jpg\" border=\"0\" \/><\/p>\n<div class=\"table-wrapper\">\n<table>\n<tbody>\n<tr>\n<th><span>Producent<\/span><\/th>\n<td><span>Telesin<\/span><\/td>\n<\/tr>\n<tr>\n<th><span>Nazwa<\/span><\/th>\n<td><span>Newest Protective bag for GoPro 9\/10\/11\/12<\/span><\/td>\n<\/tr>\n<tr>\n<th><span>Model<\/span><\/th>\n<td><span>GP-CPB-902<\/span><\/td>\n<\/tr>\n<tr>\n<th><span>Materia\u0142<\/span><\/th>\n<td><span>EVA, PU<\/span><\/td>\n<\/tr>\n<tr>\n<th><span>Wymiary<\/span><\/th>\n<td><span>65 x 90 x 50mm<\/span><\/td>\n<\/tr>\n<tr>\n<th><span>Waga:<\/span><\/th>\n<td><span>32.5g<\/span><\/td>\n<\/tr>\n<tr>\n<th><span>Kompatybilno\u015b\u0107<\/span><\/th>\n<td><span>kamera sportowa GoPro Hero 9 \/ Hero 10\u00a0\/ Hero 11\u00a0\/ Hero 12\u00a0<\/span><\/td>\n<\/tr>\n<tr>\n<th><span>Kolor<\/span><\/th>\n<td><span>szary<\/span><\/td>\n<\/tr>\n<\/tbody>\n<\/table>\n<\/div>\n","protected":false},"excerpt":{"rendered":"<p>Etui Telesin GP-CPB-902 na GoPro Hero 9 \/ Hero 10\u00a0\/ Hero 11 \/ Hero 12 Wyr\u00f3\u017cniaj\u0105ce si\u0119 klas\u0105 wodoodporno\u015bci IP54<\/p>\n","protected":false},"featured_media":23251,"comment_status":"closed","ping_status":"open","template":"","meta":{"_acf_changed":false},"product_brand":[],"product_cat":[1128,5762,5761],"product_tag":[],"class_list":{"0":"post-23250","1":"product","2":"type-product","3":"status-publish","4":"has-post-thumbnail","6":"product_cat-foto-wideo","7":"product_cat-pokrowce-i-futeraly-fotograficzne","8":"product_cat-transport","9":"pa_box-height-1976","10":"pa_box-length-1787","11":"pa_box-width-2060","12":"pa_gross-weight-2550","13":"pa_hs-code-2553","14":"pa_kolor-szary","15":"pa_net-weight-2549","17":"first","18":"instock","19":"taxable","20":"shipping-taxable","21":"purchasable","22":"product-type-simple"},"acf":[],"yoast_head":"<!-- This site is optimized with the Yoast SEO plugin v27.2 - https:\/\/yoast.com\/product\/yoast-seo-wordpress\/ -->\n<title>Case \/ Torba ochronna Telesin dla GoPro Hero 9 \/ Hero 10 \/ Hero 11 \/ Hero 12 (GP-CPB-902) - IRONSKY.PL Sklep z Dronami<\/title>\n<meta name=\"description\" content=\"Case \/ Torba ochronna Telesin dla GoPro Hero 9 \/ Hero 10 \/ Hero 11 \/ Hero 12 (GP-CPB-902) - \u2705 sklep z dronami i fachowym doradztwem. \u2705 Tutaj kupisz produkty DJI, Yuneec, Parrot, Syma i wiele innych, a tak\u017ce kursy i licencje na operatora drona.\" \/>\n<meta name=\"robots\" content=\"index, follow, max-snippet:-1, max-image-preview:large, max-video-preview:-1\" \/>\n<link rel=\"canonical\" href=\"https:\/\/ironsky.pl\/sklep\/produkt\/case-torba-ochronna-telesin-dla-gopro-hero-9-hero-10-hero-11-hero-12-gp-cpb-902\/\" \/>\n<meta property=\"og:locale\" content=\"pl_PL\" \/>\n<meta property=\"og:type\" content=\"article\" \/>\n<meta property=\"og:title\" content=\"Case \/ Torba ochronna Telesin dla GoPro Hero 9 \/ Hero 10 \/ Hero 11 \/ Hero 12 (GP-CPB-902) - IRONSKY.PL Sklep z Dronami\" \/>\n<meta property=\"og:description\" content=\"Case \/ Torba ochronna Telesin dla GoPro Hero 9 \/ Hero 10 \/ Hero 11 \/ Hero 12 (GP-CPB-902) - \u2705 sklep z dronami i fachowym doradztwem. \u2705 Tutaj kupisz produkty DJI, Yuneec, Parrot, Syma i wiele innych, a tak\u017ce kursy i licencje na operatora drona.\" \/>\n<meta property=\"og:url\" content=\"https:\/\/ironsky.pl\/sklep\/produkt\/case-torba-ochronna-telesin-dla-gopro-hero-9-hero-10-hero-11-hero-12-gp-cpb-902\/\" \/>\n<meta property=\"og:site_name\" content=\"IRONSKY.PL Sklep z Dronami\" \/>\n<meta property=\"article:modified_time\" content=\"2026-05-14T14:45:10+00:00\" \/>\n<meta property=\"og:image\" content=\"https:\/\/ironsky.pl\/sklep\/wp-content\/uploads\/2024\/09\/20269_1.png\" \/>\n\t<meta property=\"og:image:width\" content=\"884\" \/>\n\t<meta property=\"og:image:height\" content=\"883\" \/>\n\t<meta property=\"og:image:type\" content=\"image\/png\" \/>\n<meta name=\"twitter:card\" content=\"summary_large_image\" \/>\n<meta name=\"twitter:label1\" content=\"Szacowany czas czytania\" \/>\n\t<meta name=\"twitter:data1\" content=\"1 minuta\" \/>\n<script type=\"application\/ld+json\" class=\"yoast-schema-graph\">{\"@context\":\"https:\/\/schema.org\",\"@graph\":[{\"@type\":\"WebPage\",\"@id\":\"https:\/\/ironsky.pl\/sklep\/produkt\/case-torba-ochronna-telesin-dla-gopro-hero-9-hero-10-hero-11-hero-12-gp-cpb-902\/\",\"url\":\"https:\/\/ironsky.pl\/sklep\/produkt\/case-torba-ochronna-telesin-dla-gopro-hero-9-hero-10-hero-11-hero-12-gp-cpb-902\/\",\"name\":\"Case \/ Torba ochronna Telesin dla GoPro Hero 9 \/ Hero 10 \/ Hero 11 \/ Hero 12 (GP-CPB-902) - IRONSKY.PL Sklep z Dronami\",\"isPartOf\":{\"@id\":\"https:\/\/ironsky.pl\/sklep\/#website\"},\"primaryImageOfPage\":{\"@id\":\"https:\/\/ironsky.pl\/sklep\/produkt\/case-torba-ochronna-telesin-dla-gopro-hero-9-hero-10-hero-11-hero-12-gp-cpb-902\/#primaryimage\"},\"image\":{\"@id\":\"https:\/\/ironsky.pl\/sklep\/produkt\/case-torba-ochronna-telesin-dla-gopro-hero-9-hero-10-hero-11-hero-12-gp-cpb-902\/#primaryimage\"},\"thumbnailUrl\":\"https:\/\/ironsky.pl\/sklep\/wp-content\/uploads\/2024\/09\/20269_1.png\",\"datePublished\":\"2024-09-16T16:43:16+00:00\",\"dateModified\":\"2026-05-14T14:45:10+00:00\",\"description\":\"Case \/ Torba ochronna Telesin dla GoPro Hero 9 \/ Hero 10 \/ Hero 11 \/ Hero 12 (GP-CPB-902) - \u2705 sklep z dronami i fachowym doradztwem. \u2705 Tutaj kupisz produkty DJI, Yuneec, Parrot, Syma i wiele innych, a tak\u017ce kursy i licencje na operatora drona.\",\"breadcrumb\":{\"@id\":\"https:\/\/ironsky.pl\/sklep\/produkt\/case-torba-ochronna-telesin-dla-gopro-hero-9-hero-10-hero-11-hero-12-gp-cpb-902\/#breadcrumb\"},\"inLanguage\":\"pl-PL\",\"potentialAction\":[{\"@type\":\"ReadAction\",\"target\":[\"https:\/\/ironsky.pl\/sklep\/produkt\/case-torba-ochronna-telesin-dla-gopro-hero-9-hero-10-hero-11-hero-12-gp-cpb-902\/\"]}]},{\"@type\":\"ImageObject\",\"inLanguage\":\"pl-PL\",\"@id\":\"https:\/\/ironsky.pl\/sklep\/produkt\/case-torba-ochronna-telesin-dla-gopro-hero-9-hero-10-hero-11-hero-12-gp-cpb-902\/#primaryimage\",\"url\":\"https:\/\/ironsky.pl\/sklep\/wp-content\/uploads\/2024\/09\/20269_1.png\",\"contentUrl\":\"https:\/\/ironsky.pl\/sklep\/wp-content\/uploads\/2024\/09\/20269_1.png\",\"width\":884,\"height\":883},{\"@type\":\"BreadcrumbList\",\"@id\":\"https:\/\/ironsky.pl\/sklep\/produkt\/case-torba-ochronna-telesin-dla-gopro-hero-9-hero-10-hero-11-hero-12-gp-cpb-902\/#breadcrumb\",\"itemListElement\":[{\"@type\":\"ListItem\",\"position\":1,\"name\":\"Strona g\u0142\u00f3wna\",\"item\":\"https:\/\/ironsky.pl\/sklep\/\"},{\"@type\":\"ListItem\",\"position\":2,\"name\":\"Wszystkie produkty\",\"item\":\"https:\/\/ironsky.pl\/sklep\/produkty\/\"},{\"@type\":\"ListItem\",\"position\":3,\"name\":\"Case \/ Torba ochronna Telesin dla GoPro Hero 9 \/ Hero 10 \/ Hero 11 \/ Hero 12 (GP-CPB-902)\"}]},{\"@type\":\"WebSite\",\"@id\":\"https:\/\/ironsky.pl\/sklep\/#website\",\"url\":\"https:\/\/ironsky.pl\/sklep\/\",\"name\":\"IRONSKY.PL Sklep z Dronami\",\"description\":\"IRONSKY.PL Sklep z Dronami\",\"potentialAction\":[{\"@type\":\"SearchAction\",\"target\":{\"@type\":\"EntryPoint\",\"urlTemplate\":\"https:\/\/ironsky.pl\/sklep\/?s={search_term_string}\"},\"query-input\":{\"@type\":\"PropertyValueSpecification\",\"valueRequired\":true,\"valueName\":\"search_term_string\"}}],\"inLanguage\":\"pl-PL\"}]}<\/script>\n<!-- \/ Yoast SEO plugin. -->","yoast_head_json":{"title":"Case \/ Torba ochronna Telesin dla GoPro Hero 9 \/ Hero 10 \/ Hero 11 \/ Hero 12 (GP-CPB-902) - IRONSKY.PL Sklep z Dronami","description":"Case \/ Torba ochronna Telesin dla GoPro Hero 9 \/ Hero 10 \/ Hero 11 \/ Hero 12 (GP-CPB-902) - \u2705 sklep z dronami i fachowym doradztwem. \u2705 Tutaj kupisz produkty DJI, Yuneec, Parrot, Syma i wiele innych, a tak\u017ce kursy i licencje na operatora drona.","robots":{"index":"index","follow":"follow","max-snippet":"max-snippet:-1","max-image-preview":"max-image-preview:large","max-video-preview":"max-video-preview:-1"},"canonical":"https:\/\/ironsky.pl\/sklep\/produkt\/case-torba-ochronna-telesin-dla-gopro-hero-9-hero-10-hero-11-hero-12-gp-cpb-902\/","og_locale":"pl_PL","og_type":"article","og_title":"Case \/ Torba ochronna Telesin dla GoPro Hero 9 \/ Hero 10 \/ Hero 11 \/ Hero 12 (GP-CPB-902) - IRONSKY.PL Sklep z Dronami","og_description":"Case \/ Torba ochronna Telesin dla GoPro Hero 9 \/ Hero 10 \/ Hero 11 \/ Hero 12 (GP-CPB-902) - \u2705 sklep z dronami i fachowym doradztwem. \u2705 Tutaj kupisz produkty DJI, Yuneec, Parrot, Syma i wiele innych, a tak\u017ce kursy i licencje na operatora drona.","og_url":"https:\/\/ironsky.pl\/sklep\/produkt\/case-torba-ochronna-telesin-dla-gopro-hero-9-hero-10-hero-11-hero-12-gp-cpb-902\/","og_site_name":"IRONSKY.PL Sklep z Dronami","article_modified_time":"2026-05-14T14:45:10+00:00","og_image":[{"width":884,"height":883,"url":"https:\/\/ironsky.pl\/sklep\/wp-content\/uploads\/2024\/09\/20269_1.png","type":"image\/png"}],"twitter_card":"summary_large_image","twitter_misc":{"Szacowany czas czytania":"1 minuta"},"schema":{"@context":"https:\/\/schema.org","@graph":[{"@type":"WebPage","@id":"https:\/\/ironsky.pl\/sklep\/produkt\/case-torba-ochronna-telesin-dla-gopro-hero-9-hero-10-hero-11-hero-12-gp-cpb-902\/","url":"https:\/\/ironsky.pl\/sklep\/produkt\/case-torba-ochronna-telesin-dla-gopro-hero-9-hero-10-hero-11-hero-12-gp-cpb-902\/","name":"Case \/ Torba ochronna Telesin dla GoPro Hero 9 \/ Hero 10 \/ Hero 11 \/ Hero 12 (GP-CPB-902) - IRONSKY.PL Sklep z Dronami","isPartOf":{"@id":"https:\/\/ironsky.pl\/sklep\/#website"},"primaryImageOfPage":{"@id":"https:\/\/ironsky.pl\/sklep\/produkt\/case-torba-ochronna-telesin-dla-gopro-hero-9-hero-10-hero-11-hero-12-gp-cpb-902\/#primaryimage"},"image":{"@id":"https:\/\/ironsky.pl\/sklep\/produkt\/case-torba-ochronna-telesin-dla-gopro-hero-9-hero-10-hero-11-hero-12-gp-cpb-902\/#primaryimage"},"thumbnailUrl":"https:\/\/ironsky.pl\/sklep\/wp-content\/uploads\/2024\/09\/20269_1.png","datePublished":"2024-09-16T16:43:16+00:00","dateModified":"2026-05-14T14:45:10+00:00","description":"Case \/ Torba ochronna Telesin dla GoPro Hero 9 \/ Hero 10 \/ Hero 11 \/ Hero 12 (GP-CPB-902) - \u2705 sklep z dronami i fachowym doradztwem. \u2705 Tutaj kupisz produkty DJI, Yuneec, Parrot, Syma i wiele innych, a tak\u017ce kursy i licencje na operatora drona.","breadcrumb":{"@id":"https:\/\/ironsky.pl\/sklep\/produkt\/case-torba-ochronna-telesin-dla-gopro-hero-9-hero-10-hero-11-hero-12-gp-cpb-902\/#breadcrumb"},"inLanguage":"pl-PL","potentialAction":[{"@type":"ReadAction","target":["https:\/\/ironsky.pl\/sklep\/produkt\/case-torba-ochronna-telesin-dla-gopro-hero-9-hero-10-hero-11-hero-12-gp-cpb-902\/"]}]},{"@type":"ImageObject","inLanguage":"pl-PL","@id":"https:\/\/ironsky.pl\/sklep\/produkt\/case-torba-ochronna-telesin-dla-gopro-hero-9-hero-10-hero-11-hero-12-gp-cpb-902\/#primaryimage","url":"https:\/\/ironsky.pl\/sklep\/wp-content\/uploads\/2024\/09\/20269_1.png","contentUrl":"https:\/\/ironsky.pl\/sklep\/wp-content\/uploads\/2024\/09\/20269_1.png","width":884,"height":883},{"@type":"BreadcrumbList","@id":"https:\/\/ironsky.pl\/sklep\/produkt\/case-torba-ochronna-telesin-dla-gopro-hero-9-hero-10-hero-11-hero-12-gp-cpb-902\/#breadcrumb","itemListElement":[{"@type":"ListItem","position":1,"name":"Strona g\u0142\u00f3wna","item":"https:\/\/ironsky.pl\/sklep\/"},{"@type":"ListItem","position":2,"name":"Wszystkie produkty","item":"https:\/\/ironsky.pl\/sklep\/produkty\/"},{"@type":"ListItem","position":3,"name":"Case \/ Torba ochronna Telesin dla GoPro Hero 9 \/ Hero 10 \/ Hero 11 \/ Hero 12 (GP-CPB-902)"}]},{"@type":"WebSite","@id":"https:\/\/ironsky.pl\/sklep\/#website","url":"https:\/\/ironsky.pl\/sklep\/","name":"IRONSKY.PL Sklep z Dronami","description":"IRONSKY.PL Sklep z Dronami","potentialAction":[{"@type":"SearchAction","target":{"@type":"EntryPoint","urlTemplate":"https:\/\/ironsky.pl\/sklep\/?s={search_term_string}"},"query-input":{"@type":"PropertyValueSpecification","valueRequired":true,"valueName":"search_term_string"}}],"inLanguage":"pl-PL"}]}},"_links":{"self":[{"href":"https:\/\/ironsky.pl\/sklep\/wp-json\/wp\/v2\/product\/23250","targetHints":{"allow":["GET"]}}],"collection":[{"href":"https:\/\/ironsky.pl\/sklep\/wp-json\/wp\/v2\/product"}],"about":[{"href":"https:\/\/ironsky.pl\/sklep\/wp-json\/wp\/v2\/types\/product"}],"replies":[{"embeddable":true,"href":"https:\/\/ironsky.pl\/sklep\/wp-json\/wp\/v2\/comments?post=23250"}],"wp:featuredmedia":[{"embeddable":true,"href":"https:\/\/ironsky.pl\/sklep\/wp-json\/wp\/v2\/media\/23251"}],"wp:attachment":[{"href":"https:\/\/ironsky.pl\/sklep\/wp-json\/wp\/v2\/media?parent=23250"}],"wp:term":[{"taxonomy":"product_brand","embeddable":true,"href":"https:\/\/ironsky.pl\/sklep\/wp-json\/wp\/v2\/product_brand?post=23250"},{"taxonomy":"product_cat","embeddable":true,"href":"https:\/\/ironsky.pl\/sklep\/wp-json\/wp\/v2\/product_cat?post=23250"},{"taxonomy":"product_tag","embeddable":true,"href":"https:\/\/ironsky.pl\/sklep\/wp-json\/wp\/v2\/product_tag?post=23250"}],"curies":[{"name":"wp","href":"https:\/\/api.w.org\/{rel}","templated":true}]}}