{"id":22899,"date":"2024-09-16T18:37:48","date_gmt":"2024-09-16T16:37:48","guid":{"rendered":"http:\/\/gvshalph.pro-linuxpl.com\/ironskyprodukty\/produkt\/basecamp-polarpro-zestaw-podstawowy-vnd-kit\/"},"modified":"2026-03-05T15:50:08","modified_gmt":"2026-03-05T14:50:08","slug":"basecamp-polarpro-zestaw-podstawowy-vnd-kit","status":"publish","type":"product","link":"https:\/\/ironsky.pl\/sklep\/produkt\/basecamp-polarpro-zestaw-podstawowy-vnd-kit\/","title":{"rendered":"Basecamp PolarPro zestaw podstawowy VND KIT"},"content":{"rendered":"<h3>Basecamp PolarPro zestaw podstawowy VND KIT<\/h3>\n<\/p>\n<p>PolarPro Basecamp to najl\u017cejszy Matte box na rynku. Jego waga to zaledwie 298 g. Dzi\u0119ki temu nadaje si\u0119 idealnie do pracy z gimbalem czy dronem.<\/p>\n<\/p>\n<p>\n<img decoding=\"async\" src=\"https:\/\/assets.innpro.pl\/4711\/5451\/4.jpg\" border=\"0\" \/>\n<\/p>\n<h3>Szybki monta\u017c<\/h3>\n<\/p>\n<p>Basecamp zosta\u0142 stworzony do filmowania \u201ew biegu\u201d. Dzi\u0119ki jego konstrukcji monta\u017c, demonta\u017c czy zmiana\u00a0konfiguracji odbywa si\u0119 szybko i bez u\u017cycia \u017cadnych dodatkowych narz\u0119dzi.<\/p>\n<\/p>\n<p>\n<img decoding=\"async\" src=\"https:\/\/assets.innpro.pl\/4711\/5451\/1.jpg\" border=\"0\" \/>\n<\/p>\n<h3>Filtry VND<\/h3>\n<\/p>\n<p>Dzi\u0119ki dw\u00f3m regulowanym filtrom VND 2-5 i 6-9 (brak w zestawie) uzyskasz pe\u0142n\u0105 kontrol\u0119 nad \u015bwiat\u0142em bez ci\u0105g\u0142ej potrzeby zmiany filtra.<\/p>\n<\/p>\n<p>\n<img decoding=\"async\" src=\"https:\/\/assets.innpro.pl\/4711\/5451\/8.jpg\" border=\"0\" \/>\n<\/p>\n<h3>Wygoda<\/h3>\n<\/p>\n<p>Dzi\u0119ki systemowi PolarPro Basecamp mo\u017cesz zapomnie\u0107 o r\u00f3\u017cnych systemach filtr\u00f3w do Twoich wszystkich obiektyw\u00f3w. System Basecamp bez problemu zamontujesz na wielu obiektywach, oszcz\u0119dzaj\u0105c czas i miejsce podczas podr\u00f3\u017cy.<\/p>\n<\/p>\n<p>\n<img decoding=\"async\" src=\"https:\/\/assets.innpro.pl\/4711\/5451\/9.jpg\" border=\"0\" \/>\n<\/p>\n<h3> Aluminiowe ramki<\/h3>\n<\/p>\n<p>Filtry zaopatrzone zosta\u0142y w aluminiowe ramki, kt\u00f3re pomog\u0105 nie ubrudzi\u0107 ich podczas ich monta\u017cu i wymiany, sprawiaj\u0105c, \u017ce monta\u017c jest jeszcze szybszy i skuteczniejszy.<\/p>\n<\/p>\n<p>\n<img decoding=\"async\" src=\"https:\/\/assets.innpro.pl\/4711\/5451\/2.jpg\" border=\"0\" \/>\n<\/p>\n<div class=\"table-wrapper\">\n<p>\u00a0<\/p>\n<h3><\/h3>\n<table>\n<tbody>\n<tr>\n<th>Producent<\/th>\n<td>PolarPro<\/td>\n<\/tr>\n<tr>\n<th>Rdze\u0144 <\/th>\n<td>114 mm<\/td>\n<\/tr>\n<tr>\n<th>P\u0142yty gwintowe <\/th>\n<td>114 mm x 10 mm, 30 g<\/td>\n<\/tr>\n<tr>\n<th>Filtr CP + VND 2-5 <\/th>\n<td>111,5 x 4 mm, 48 g<\/td>\n<\/tr>\n<tr>\n<th>Prostok\u0105tna rama <\/th>\n<td>140 x 140 x 4 mm<\/td>\n<\/tr>\n<tr>\n<th>Pier\u015bcienie zaciskowe <\/th>\n<td>114 x 10 mm<\/td>\n<\/tr>\n<tr>\n<th>Kaptur<\/th>\n<td>185 x 145 mm, 80 g<\/td>\n<\/tr>\n<tr>\n<th>Flaga <\/th>\n<td>185 x 145 mm, 85 g<\/td>\n<\/tr>\n<\/tbody>\n<\/table>\n<\/div>\n","protected":false},"excerpt":{"rendered":"<p>Basecamp PolarPro zestaw podstawowy VND KIT PolarPro Basecamp to najl\u017cejszy Matte box na rynku. Jego waga to zaledwie 298 g.<\/p>\n","protected":false},"featured_media":22900,"comment_status":"closed","ping_status":"open","template":"","meta":{"_acf_changed":false},"product_brand":[],"product_cat":[1132,1133,1128],"product_tag":[],"class_list":{"0":"post-22899","1":"product","2":"type-product","3":"status-publish","4":"has-post-thumbnail","6":"product_cat-filtry-foto","7":"product_cat-do-lustrzanek","8":"product_cat-foto-wideo","9":"pa_box-height-1424","10":"pa_box-length-2089","11":"pa_box-width-2088","12":"pa_gross-weight-2086","13":"pa_hs-code-1741","14":"pa_kompatybilnosc-inny","15":"pa_net-weight-1682","16":"pa_zestaw-tak","18":"first","19":"outofstock","20":"taxable","21":"shipping-taxable","22":"purchasable","23":"product-type-simple"},"acf":[],"yoast_head":"<!-- This site is optimized with the Yoast SEO plugin v27.2 - https:\/\/yoast.com\/product\/yoast-seo-wordpress\/ -->\n<title>Basecamp PolarPro zestaw podstawowy VND KIT - IRONSKY.PL Sklep z Dronami<\/title>\n<meta name=\"description\" content=\"Basecamp PolarPro zestaw podstawowy VND KIT - \u2705 sklep z dronami i fachowym doradztwem. \u2705 Tutaj kupisz produkty DJI, Yuneec, Parrot, Syma i wiele innych, a tak\u017ce kursy i licencje na operatora drona.\" \/>\n<meta name=\"robots\" content=\"index, follow, max-snippet:-1, max-image-preview:large, max-video-preview:-1\" \/>\n<link rel=\"canonical\" href=\"https:\/\/ironsky.pl\/sklep\/produkt\/basecamp-polarpro-zestaw-podstawowy-vnd-kit\/\" \/>\n<meta property=\"og:locale\" content=\"pl_PL\" \/>\n<meta property=\"og:type\" content=\"article\" \/>\n<meta property=\"og:title\" content=\"Basecamp PolarPro zestaw podstawowy VND KIT - IRONSKY.PL Sklep z Dronami\" \/>\n<meta property=\"og:description\" content=\"Basecamp PolarPro zestaw podstawowy VND KIT - \u2705 sklep z dronami i fachowym doradztwem. \u2705 Tutaj kupisz produkty DJI, Yuneec, Parrot, Syma i wiele innych, a tak\u017ce kursy i licencje na operatora drona.\" \/>\n<meta property=\"og:url\" content=\"https:\/\/ironsky.pl\/sklep\/produkt\/basecamp-polarpro-zestaw-podstawowy-vnd-kit\/\" \/>\n<meta property=\"og:site_name\" content=\"IRONSKY.PL Sklep z Dronami\" \/>\n<meta property=\"article:modified_time\" content=\"2026-03-05T14:50:08+00:00\" \/>\n<meta property=\"og:image\" content=\"https:\/\/ironsky.pl\/sklep\/wp-content\/uploads\/2024\/09\/17344_1.jpg\" \/>\n\t<meta property=\"og:image:width\" content=\"800\" \/>\n\t<meta property=\"og:image:height\" content=\"800\" \/>\n\t<meta property=\"og:image:type\" content=\"image\/jpeg\" \/>\n<meta name=\"twitter:card\" content=\"summary_large_image\" \/>\n<meta name=\"twitter:label1\" content=\"Szacowany czas czytania\" \/>\n\t<meta name=\"twitter:data1\" content=\"1 minuta\" \/>\n<script type=\"application\/ld+json\" class=\"yoast-schema-graph\">{\"@context\":\"https:\/\/schema.org\",\"@graph\":[{\"@type\":\"WebPage\",\"@id\":\"https:\/\/ironsky.pl\/sklep\/produkt\/basecamp-polarpro-zestaw-podstawowy-vnd-kit\/\",\"url\":\"https:\/\/ironsky.pl\/sklep\/produkt\/basecamp-polarpro-zestaw-podstawowy-vnd-kit\/\",\"name\":\"Basecamp PolarPro zestaw podstawowy VND KIT - IRONSKY.PL Sklep z Dronami\",\"isPartOf\":{\"@id\":\"https:\/\/ironsky.pl\/sklep\/#website\"},\"primaryImageOfPage\":{\"@id\":\"https:\/\/ironsky.pl\/sklep\/produkt\/basecamp-polarpro-zestaw-podstawowy-vnd-kit\/#primaryimage\"},\"image\":{\"@id\":\"https:\/\/ironsky.pl\/sklep\/produkt\/basecamp-polarpro-zestaw-podstawowy-vnd-kit\/#primaryimage\"},\"thumbnailUrl\":\"https:\/\/ironsky.pl\/sklep\/wp-content\/uploads\/2024\/09\/17344_1.jpg\",\"datePublished\":\"2024-09-16T16:37:48+00:00\",\"dateModified\":\"2026-03-05T14:50:08+00:00\",\"description\":\"Basecamp PolarPro zestaw podstawowy VND KIT - \u2705 sklep z dronami i fachowym doradztwem. \u2705 Tutaj kupisz produkty DJI, Yuneec, Parrot, Syma i wiele innych, a tak\u017ce kursy i licencje na operatora drona.\",\"breadcrumb\":{\"@id\":\"https:\/\/ironsky.pl\/sklep\/produkt\/basecamp-polarpro-zestaw-podstawowy-vnd-kit\/#breadcrumb\"},\"inLanguage\":\"pl-PL\",\"potentialAction\":[{\"@type\":\"ReadAction\",\"target\":[\"https:\/\/ironsky.pl\/sklep\/produkt\/basecamp-polarpro-zestaw-podstawowy-vnd-kit\/\"]}]},{\"@type\":\"ImageObject\",\"inLanguage\":\"pl-PL\",\"@id\":\"https:\/\/ironsky.pl\/sklep\/produkt\/basecamp-polarpro-zestaw-podstawowy-vnd-kit\/#primaryimage\",\"url\":\"https:\/\/ironsky.pl\/sklep\/wp-content\/uploads\/2024\/09\/17344_1.jpg\",\"contentUrl\":\"https:\/\/ironsky.pl\/sklep\/wp-content\/uploads\/2024\/09\/17344_1.jpg\",\"width\":800,\"height\":800},{\"@type\":\"BreadcrumbList\",\"@id\":\"https:\/\/ironsky.pl\/sklep\/produkt\/basecamp-polarpro-zestaw-podstawowy-vnd-kit\/#breadcrumb\",\"itemListElement\":[{\"@type\":\"ListItem\",\"position\":1,\"name\":\"Strona g\u0142\u00f3wna\",\"item\":\"https:\/\/ironsky.pl\/sklep\/\"},{\"@type\":\"ListItem\",\"position\":2,\"name\":\"Wszystkie produkty\",\"item\":\"https:\/\/ironsky.pl\/sklep\/produkty\/\"},{\"@type\":\"ListItem\",\"position\":3,\"name\":\"Basecamp PolarPro zestaw podstawowy VND KIT\"}]},{\"@type\":\"WebSite\",\"@id\":\"https:\/\/ironsky.pl\/sklep\/#website\",\"url\":\"https:\/\/ironsky.pl\/sklep\/\",\"name\":\"IRONSKY.PL Sklep z Dronami\",\"description\":\"IRONSKY.PL Sklep z Dronami\",\"potentialAction\":[{\"@type\":\"SearchAction\",\"target\":{\"@type\":\"EntryPoint\",\"urlTemplate\":\"https:\/\/ironsky.pl\/sklep\/?s={search_term_string}\"},\"query-input\":{\"@type\":\"PropertyValueSpecification\",\"valueRequired\":true,\"valueName\":\"search_term_string\"}}],\"inLanguage\":\"pl-PL\"}]}<\/script>\n<!-- \/ Yoast SEO plugin. -->","yoast_head_json":{"title":"Basecamp PolarPro zestaw podstawowy VND KIT - IRONSKY.PL Sklep z Dronami","description":"Basecamp PolarPro zestaw podstawowy VND KIT - \u2705 sklep z dronami i fachowym doradztwem. \u2705 Tutaj kupisz produkty DJI, Yuneec, Parrot, Syma i wiele innych, a tak\u017ce kursy i licencje na operatora drona.","robots":{"index":"index","follow":"follow","max-snippet":"max-snippet:-1","max-image-preview":"max-image-preview:large","max-video-preview":"max-video-preview:-1"},"canonical":"https:\/\/ironsky.pl\/sklep\/produkt\/basecamp-polarpro-zestaw-podstawowy-vnd-kit\/","og_locale":"pl_PL","og_type":"article","og_title":"Basecamp PolarPro zestaw podstawowy VND KIT - IRONSKY.PL Sklep z Dronami","og_description":"Basecamp PolarPro zestaw podstawowy VND KIT - \u2705 sklep z dronami i fachowym doradztwem. \u2705 Tutaj kupisz produkty DJI, Yuneec, Parrot, Syma i wiele innych, a tak\u017ce kursy i licencje na operatora drona.","og_url":"https:\/\/ironsky.pl\/sklep\/produkt\/basecamp-polarpro-zestaw-podstawowy-vnd-kit\/","og_site_name":"IRONSKY.PL Sklep z Dronami","article_modified_time":"2026-03-05T14:50:08+00:00","og_image":[{"width":800,"height":800,"url":"https:\/\/ironsky.pl\/sklep\/wp-content\/uploads\/2024\/09\/17344_1.jpg","type":"image\/jpeg"}],"twitter_card":"summary_large_image","twitter_misc":{"Szacowany czas czytania":"1 minuta"},"schema":{"@context":"https:\/\/schema.org","@graph":[{"@type":"WebPage","@id":"https:\/\/ironsky.pl\/sklep\/produkt\/basecamp-polarpro-zestaw-podstawowy-vnd-kit\/","url":"https:\/\/ironsky.pl\/sklep\/produkt\/basecamp-polarpro-zestaw-podstawowy-vnd-kit\/","name":"Basecamp PolarPro zestaw podstawowy VND KIT - IRONSKY.PL Sklep z Dronami","isPartOf":{"@id":"https:\/\/ironsky.pl\/sklep\/#website"},"primaryImageOfPage":{"@id":"https:\/\/ironsky.pl\/sklep\/produkt\/basecamp-polarpro-zestaw-podstawowy-vnd-kit\/#primaryimage"},"image":{"@id":"https:\/\/ironsky.pl\/sklep\/produkt\/basecamp-polarpro-zestaw-podstawowy-vnd-kit\/#primaryimage"},"thumbnailUrl":"https:\/\/ironsky.pl\/sklep\/wp-content\/uploads\/2024\/09\/17344_1.jpg","datePublished":"2024-09-16T16:37:48+00:00","dateModified":"2026-03-05T14:50:08+00:00","description":"Basecamp PolarPro zestaw podstawowy VND KIT - \u2705 sklep z dronami i fachowym doradztwem. \u2705 Tutaj kupisz produkty DJI, Yuneec, Parrot, Syma i wiele innych, a tak\u017ce kursy i licencje na operatora drona.","breadcrumb":{"@id":"https:\/\/ironsky.pl\/sklep\/produkt\/basecamp-polarpro-zestaw-podstawowy-vnd-kit\/#breadcrumb"},"inLanguage":"pl-PL","potentialAction":[{"@type":"ReadAction","target":["https:\/\/ironsky.pl\/sklep\/produkt\/basecamp-polarpro-zestaw-podstawowy-vnd-kit\/"]}]},{"@type":"ImageObject","inLanguage":"pl-PL","@id":"https:\/\/ironsky.pl\/sklep\/produkt\/basecamp-polarpro-zestaw-podstawowy-vnd-kit\/#primaryimage","url":"https:\/\/ironsky.pl\/sklep\/wp-content\/uploads\/2024\/09\/17344_1.jpg","contentUrl":"https:\/\/ironsky.pl\/sklep\/wp-content\/uploads\/2024\/09\/17344_1.jpg","width":800,"height":800},{"@type":"BreadcrumbList","@id":"https:\/\/ironsky.pl\/sklep\/produkt\/basecamp-polarpro-zestaw-podstawowy-vnd-kit\/#breadcrumb","itemListElement":[{"@type":"ListItem","position":1,"name":"Strona g\u0142\u00f3wna","item":"https:\/\/ironsky.pl\/sklep\/"},{"@type":"ListItem","position":2,"name":"Wszystkie produkty","item":"https:\/\/ironsky.pl\/sklep\/produkty\/"},{"@type":"ListItem","position":3,"name":"Basecamp PolarPro zestaw podstawowy VND KIT"}]},{"@type":"WebSite","@id":"https:\/\/ironsky.pl\/sklep\/#website","url":"https:\/\/ironsky.pl\/sklep\/","name":"IRONSKY.PL Sklep z Dronami","description":"IRONSKY.PL Sklep z Dronami","potentialAction":[{"@type":"SearchAction","target":{"@type":"EntryPoint","urlTemplate":"https:\/\/ironsky.pl\/sklep\/?s={search_term_string}"},"query-input":{"@type":"PropertyValueSpecification","valueRequired":true,"valueName":"search_term_string"}}],"inLanguage":"pl-PL"}]}},"_links":{"self":[{"href":"https:\/\/ironsky.pl\/sklep\/wp-json\/wp\/v2\/product\/22899","targetHints":{"allow":["GET"]}}],"collection":[{"href":"https:\/\/ironsky.pl\/sklep\/wp-json\/wp\/v2\/product"}],"about":[{"href":"https:\/\/ironsky.pl\/sklep\/wp-json\/wp\/v2\/types\/product"}],"replies":[{"embeddable":true,"href":"https:\/\/ironsky.pl\/sklep\/wp-json\/wp\/v2\/comments?post=22899"}],"wp:featuredmedia":[{"embeddable":true,"href":"https:\/\/ironsky.pl\/sklep\/wp-json\/wp\/v2\/media\/22900"}],"wp:attachment":[{"href":"https:\/\/ironsky.pl\/sklep\/wp-json\/wp\/v2\/media?parent=22899"}],"wp:term":[{"taxonomy":"product_brand","embeddable":true,"href":"https:\/\/ironsky.pl\/sklep\/wp-json\/wp\/v2\/product_brand?post=22899"},{"taxonomy":"product_cat","embeddable":true,"href":"https:\/\/ironsky.pl\/sklep\/wp-json\/wp\/v2\/product_cat?post=22899"},{"taxonomy":"product_tag","embeddable":true,"href":"https:\/\/ironsky.pl\/sklep\/wp-json\/wp\/v2\/product_tag?post=22899"}],"curies":[{"name":"wp","href":"https:\/\/api.w.org\/{rel}","templated":true}]}}