{"id":22877,"date":"2024-09-16T18:36:13","date_gmt":"2024-09-16T16:36:13","guid":{"rendered":"http:\/\/gvshalph.pro-linuxpl.com\/ironskyprodukty\/produkt\/zasilacz-namiotu-bezcieniowego-puluz-pu5080eu-80cm\/"},"modified":"2026-04-23T08:50:58","modified_gmt":"2026-04-23T06:50:58","slug":"zasilacz-namiotu-bezcieniowego-puluz-pu5080eu-80cm","status":"publish","type":"product","link":"https:\/\/ironsky.pl\/sklep\/produkt\/zasilacz-namiotu-bezcieniowego-puluz-pu5080eu-80cm\/","title":{"rendered":"Zasilacz namiotu bezcieniowego Puluz PU5080EU 80cm"},"content":{"rendered":"<p><img decoding=\"async\" src=\"https:\/\/b2b.innpro.pl\/data\/include\/cms\/Blazej-grafiki\/rozne\/1.png\" alt=\"Blazej-grafiki\/rozne\/1\"><\/p>\n<h3>Zasilacz namiotu bezcieniowego 80cm<\/h3>\n<p>Zasilacz do namiotu studyjnego marki Puluz. Wykonany z wysokiej jako\u015bci materia\u0142\u00f3w, bezpieczny podczas u\u017cytkowania. AC 100-250V &#8211; DC 18V 3A.<\/p>\n<p><img decoding=\"async\" src=\"https:\/\/b2b.innpro.pl\/data\/include\/cms\/5przemek\/Puluz\/Nowe-26-11-2019\/PU2003EU\/PU2003EU-1.jpg\" alt=\"5przemek\/Puluz\/Nowe-26-11-2019\/PU2003EU\/PU2003EU-1\"><br \/>\n<img decoding=\"async\" src=\"https:\/\/b2b.innpro.pl\/data\/include\/cms\/5przemek\/Puluz\/Nowe-26-11-2019\/PU2003EU\/PU2003EU-2.jpg\" alt=\"5przemek\/Puluz\/Nowe-26-11-2019\/PU2003EU\/PU2003EU-2\"><\/p>\n<h3>W zestawie  <\/h3>\n<ul>\n<li>Zasilacz x1<\/li>\n<\/ul>\n<div class=\"table-wrapper\">\n<table>\n<tbody>\n<tr>\n<th>Model<\/th>\n<td>PU2003EU <\/td>\n<\/tr>\n<tr>\n<th>Wymiary<\/th>\n<td>146 mm x 56 mm x 33 mm<\/td>\n<\/tr>\n<\/tbody>\n<\/table>\n<\/div>\n","protected":false},"excerpt":{"rendered":"<p>Zasilacz namiotu bezcieniowego 80cm Zasilacz do namiotu studyjnego marki Puluz. Wykonany z wysokiej jako\u015bci materia\u0142\u00f3w, bezpieczny podczas u\u017cytkowania. AC 100-250V<\/p>\n","protected":false},"featured_media":22878,"comment_status":"closed","ping_status":"open","template":"","meta":{"_acf_changed":false},"product_brand":[],"product_cat":[1128,1147,1146],"product_tag":[],"class_list":{"0":"post-22877","1":"product","2":"type-product","3":"status-publish","4":"has-post-thumbnail","6":"product_cat-foto-wideo","7":"product_cat-namioty-bezcieniowe","8":"product_cat-wyposazenie-studia","9":"pa_box-height-1326","10":"pa_box-length-1394","11":"pa_box-width-2060","12":"pa_dodatkowe-panele-nie","13":"pa_gross-weight-2061","14":"pa_hs-code-2062","15":"pa_moc-w-1951","16":"pa_net-weight-2059","17":"pa_tla-w-zestawie-nie","19":"first","20":"instock","21":"taxable","22":"shipping-taxable","23":"purchasable","24":"product-type-simple"},"acf":[],"yoast_head":"<!-- This site is optimized with the Yoast SEO plugin v27.2 - https:\/\/yoast.com\/product\/yoast-seo-wordpress\/ -->\n<title>Zasilacz namiotu bezcieniowego Puluz PU5080EU 80cm - IRONSKY.PL Sklep z Dronami<\/title>\n<meta name=\"description\" content=\"Zasilacz namiotu bezcieniowego Puluz PU5080EU 80cm - \u2705 sklep z dronami i fachowym doradztwem. \u2705 Tutaj kupisz produkty DJI, Yuneec, Parrot, Syma i wiele innych, a tak\u017ce kursy i licencje na operatora drona.\" \/>\n<meta name=\"robots\" content=\"index, follow, max-snippet:-1, max-image-preview:large, max-video-preview:-1\" \/>\n<link rel=\"canonical\" href=\"https:\/\/ironsky.pl\/sklep\/produkt\/zasilacz-namiotu-bezcieniowego-puluz-pu5080eu-80cm\/\" \/>\n<meta property=\"og:locale\" content=\"pl_PL\" \/>\n<meta property=\"og:type\" content=\"article\" \/>\n<meta property=\"og:title\" content=\"Zasilacz namiotu bezcieniowego Puluz PU5080EU 80cm - IRONSKY.PL Sklep z Dronami\" \/>\n<meta property=\"og:description\" content=\"Zasilacz namiotu bezcieniowego Puluz PU5080EU 80cm - \u2705 sklep z dronami i fachowym doradztwem. \u2705 Tutaj kupisz produkty DJI, Yuneec, Parrot, Syma i wiele innych, a tak\u017ce kursy i licencje na operatora drona.\" \/>\n<meta property=\"og:url\" content=\"https:\/\/ironsky.pl\/sklep\/produkt\/zasilacz-namiotu-bezcieniowego-puluz-pu5080eu-80cm\/\" \/>\n<meta property=\"og:site_name\" content=\"IRONSKY.PL Sklep z Dronami\" \/>\n<meta property=\"article:modified_time\" content=\"2026-04-23T06:50:58+00:00\" \/>\n<meta property=\"og:image\" content=\"https:\/\/ironsky.pl\/sklep\/wp-content\/uploads\/2024\/09\/16811_1.jpg\" \/>\n\t<meta property=\"og:image:width\" content=\"553\" \/>\n\t<meta property=\"og:image:height\" content=\"512\" \/>\n\t<meta property=\"og:image:type\" content=\"image\/jpeg\" \/>\n<meta name=\"twitter:card\" content=\"summary_large_image\" \/>\n<script type=\"application\/ld+json\" class=\"yoast-schema-graph\">{\"@context\":\"https:\/\/schema.org\",\"@graph\":[{\"@type\":\"WebPage\",\"@id\":\"https:\/\/ironsky.pl\/sklep\/produkt\/zasilacz-namiotu-bezcieniowego-puluz-pu5080eu-80cm\/\",\"url\":\"https:\/\/ironsky.pl\/sklep\/produkt\/zasilacz-namiotu-bezcieniowego-puluz-pu5080eu-80cm\/\",\"name\":\"Zasilacz namiotu bezcieniowego Puluz PU5080EU 80cm - IRONSKY.PL Sklep z Dronami\",\"isPartOf\":{\"@id\":\"https:\/\/ironsky.pl\/sklep\/#website\"},\"primaryImageOfPage\":{\"@id\":\"https:\/\/ironsky.pl\/sklep\/produkt\/zasilacz-namiotu-bezcieniowego-puluz-pu5080eu-80cm\/#primaryimage\"},\"image\":{\"@id\":\"https:\/\/ironsky.pl\/sklep\/produkt\/zasilacz-namiotu-bezcieniowego-puluz-pu5080eu-80cm\/#primaryimage\"},\"thumbnailUrl\":\"https:\/\/ironsky.pl\/sklep\/wp-content\/uploads\/2024\/09\/16811_1.jpg\",\"datePublished\":\"2024-09-16T16:36:13+00:00\",\"dateModified\":\"2026-04-23T06:50:58+00:00\",\"description\":\"Zasilacz namiotu bezcieniowego Puluz PU5080EU 80cm - \u2705 sklep z dronami i fachowym doradztwem. \u2705 Tutaj kupisz produkty DJI, Yuneec, Parrot, Syma i wiele innych, a tak\u017ce kursy i licencje na operatora drona.\",\"breadcrumb\":{\"@id\":\"https:\/\/ironsky.pl\/sklep\/produkt\/zasilacz-namiotu-bezcieniowego-puluz-pu5080eu-80cm\/#breadcrumb\"},\"inLanguage\":\"pl-PL\",\"potentialAction\":[{\"@type\":\"ReadAction\",\"target\":[\"https:\/\/ironsky.pl\/sklep\/produkt\/zasilacz-namiotu-bezcieniowego-puluz-pu5080eu-80cm\/\"]}]},{\"@type\":\"ImageObject\",\"inLanguage\":\"pl-PL\",\"@id\":\"https:\/\/ironsky.pl\/sklep\/produkt\/zasilacz-namiotu-bezcieniowego-puluz-pu5080eu-80cm\/#primaryimage\",\"url\":\"https:\/\/ironsky.pl\/sklep\/wp-content\/uploads\/2024\/09\/16811_1.jpg\",\"contentUrl\":\"https:\/\/ironsky.pl\/sklep\/wp-content\/uploads\/2024\/09\/16811_1.jpg\",\"width\":553,\"height\":512},{\"@type\":\"BreadcrumbList\",\"@id\":\"https:\/\/ironsky.pl\/sklep\/produkt\/zasilacz-namiotu-bezcieniowego-puluz-pu5080eu-80cm\/#breadcrumb\",\"itemListElement\":[{\"@type\":\"ListItem\",\"position\":1,\"name\":\"Strona g\u0142\u00f3wna\",\"item\":\"https:\/\/ironsky.pl\/sklep\/\"},{\"@type\":\"ListItem\",\"position\":2,\"name\":\"Wszystkie produkty\",\"item\":\"https:\/\/ironsky.pl\/sklep\/produkty\/\"},{\"@type\":\"ListItem\",\"position\":3,\"name\":\"Zasilacz namiotu bezcieniowego Puluz PU5080EU 80cm\"}]},{\"@type\":\"WebSite\",\"@id\":\"https:\/\/ironsky.pl\/sklep\/#website\",\"url\":\"https:\/\/ironsky.pl\/sklep\/\",\"name\":\"IRONSKY.PL Sklep z Dronami\",\"description\":\"IRONSKY.PL Sklep z Dronami\",\"potentialAction\":[{\"@type\":\"SearchAction\",\"target\":{\"@type\":\"EntryPoint\",\"urlTemplate\":\"https:\/\/ironsky.pl\/sklep\/?s={search_term_string}\"},\"query-input\":{\"@type\":\"PropertyValueSpecification\",\"valueRequired\":true,\"valueName\":\"search_term_string\"}}],\"inLanguage\":\"pl-PL\"}]}<\/script>\n<!-- \/ Yoast SEO plugin. -->","yoast_head_json":{"title":"Zasilacz namiotu bezcieniowego Puluz PU5080EU 80cm - IRONSKY.PL Sklep z Dronami","description":"Zasilacz namiotu bezcieniowego Puluz PU5080EU 80cm - \u2705 sklep z dronami i fachowym doradztwem. \u2705 Tutaj kupisz produkty DJI, Yuneec, Parrot, Syma i wiele innych, a tak\u017ce kursy i licencje na operatora drona.","robots":{"index":"index","follow":"follow","max-snippet":"max-snippet:-1","max-image-preview":"max-image-preview:large","max-video-preview":"max-video-preview:-1"},"canonical":"https:\/\/ironsky.pl\/sklep\/produkt\/zasilacz-namiotu-bezcieniowego-puluz-pu5080eu-80cm\/","og_locale":"pl_PL","og_type":"article","og_title":"Zasilacz namiotu bezcieniowego Puluz PU5080EU 80cm - IRONSKY.PL Sklep z Dronami","og_description":"Zasilacz namiotu bezcieniowego Puluz PU5080EU 80cm - \u2705 sklep z dronami i fachowym doradztwem. \u2705 Tutaj kupisz produkty DJI, Yuneec, Parrot, Syma i wiele innych, a tak\u017ce kursy i licencje na operatora drona.","og_url":"https:\/\/ironsky.pl\/sklep\/produkt\/zasilacz-namiotu-bezcieniowego-puluz-pu5080eu-80cm\/","og_site_name":"IRONSKY.PL Sklep z Dronami","article_modified_time":"2026-04-23T06:50:58+00:00","og_image":[{"width":553,"height":512,"url":"https:\/\/ironsky.pl\/sklep\/wp-content\/uploads\/2024\/09\/16811_1.jpg","type":"image\/jpeg"}],"twitter_card":"summary_large_image","schema":{"@context":"https:\/\/schema.org","@graph":[{"@type":"WebPage","@id":"https:\/\/ironsky.pl\/sklep\/produkt\/zasilacz-namiotu-bezcieniowego-puluz-pu5080eu-80cm\/","url":"https:\/\/ironsky.pl\/sklep\/produkt\/zasilacz-namiotu-bezcieniowego-puluz-pu5080eu-80cm\/","name":"Zasilacz namiotu bezcieniowego Puluz PU5080EU 80cm - IRONSKY.PL Sklep z Dronami","isPartOf":{"@id":"https:\/\/ironsky.pl\/sklep\/#website"},"primaryImageOfPage":{"@id":"https:\/\/ironsky.pl\/sklep\/produkt\/zasilacz-namiotu-bezcieniowego-puluz-pu5080eu-80cm\/#primaryimage"},"image":{"@id":"https:\/\/ironsky.pl\/sklep\/produkt\/zasilacz-namiotu-bezcieniowego-puluz-pu5080eu-80cm\/#primaryimage"},"thumbnailUrl":"https:\/\/ironsky.pl\/sklep\/wp-content\/uploads\/2024\/09\/16811_1.jpg","datePublished":"2024-09-16T16:36:13+00:00","dateModified":"2026-04-23T06:50:58+00:00","description":"Zasilacz namiotu bezcieniowego Puluz PU5080EU 80cm - \u2705 sklep z dronami i fachowym doradztwem. \u2705 Tutaj kupisz produkty DJI, Yuneec, Parrot, Syma i wiele innych, a tak\u017ce kursy i licencje na operatora drona.","breadcrumb":{"@id":"https:\/\/ironsky.pl\/sklep\/produkt\/zasilacz-namiotu-bezcieniowego-puluz-pu5080eu-80cm\/#breadcrumb"},"inLanguage":"pl-PL","potentialAction":[{"@type":"ReadAction","target":["https:\/\/ironsky.pl\/sklep\/produkt\/zasilacz-namiotu-bezcieniowego-puluz-pu5080eu-80cm\/"]}]},{"@type":"ImageObject","inLanguage":"pl-PL","@id":"https:\/\/ironsky.pl\/sklep\/produkt\/zasilacz-namiotu-bezcieniowego-puluz-pu5080eu-80cm\/#primaryimage","url":"https:\/\/ironsky.pl\/sklep\/wp-content\/uploads\/2024\/09\/16811_1.jpg","contentUrl":"https:\/\/ironsky.pl\/sklep\/wp-content\/uploads\/2024\/09\/16811_1.jpg","width":553,"height":512},{"@type":"BreadcrumbList","@id":"https:\/\/ironsky.pl\/sklep\/produkt\/zasilacz-namiotu-bezcieniowego-puluz-pu5080eu-80cm\/#breadcrumb","itemListElement":[{"@type":"ListItem","position":1,"name":"Strona g\u0142\u00f3wna","item":"https:\/\/ironsky.pl\/sklep\/"},{"@type":"ListItem","position":2,"name":"Wszystkie produkty","item":"https:\/\/ironsky.pl\/sklep\/produkty\/"},{"@type":"ListItem","position":3,"name":"Zasilacz namiotu bezcieniowego Puluz PU5080EU 80cm"}]},{"@type":"WebSite","@id":"https:\/\/ironsky.pl\/sklep\/#website","url":"https:\/\/ironsky.pl\/sklep\/","name":"IRONSKY.PL Sklep z Dronami","description":"IRONSKY.PL Sklep z Dronami","potentialAction":[{"@type":"SearchAction","target":{"@type":"EntryPoint","urlTemplate":"https:\/\/ironsky.pl\/sklep\/?s={search_term_string}"},"query-input":{"@type":"PropertyValueSpecification","valueRequired":true,"valueName":"search_term_string"}}],"inLanguage":"pl-PL"}]}},"_links":{"self":[{"href":"https:\/\/ironsky.pl\/sklep\/wp-json\/wp\/v2\/product\/22877","targetHints":{"allow":["GET"]}}],"collection":[{"href":"https:\/\/ironsky.pl\/sklep\/wp-json\/wp\/v2\/product"}],"about":[{"href":"https:\/\/ironsky.pl\/sklep\/wp-json\/wp\/v2\/types\/product"}],"replies":[{"embeddable":true,"href":"https:\/\/ironsky.pl\/sklep\/wp-json\/wp\/v2\/comments?post=22877"}],"wp:featuredmedia":[{"embeddable":true,"href":"https:\/\/ironsky.pl\/sklep\/wp-json\/wp\/v2\/media\/22878"}],"wp:attachment":[{"href":"https:\/\/ironsky.pl\/sklep\/wp-json\/wp\/v2\/media?parent=22877"}],"wp:term":[{"taxonomy":"product_brand","embeddable":true,"href":"https:\/\/ironsky.pl\/sklep\/wp-json\/wp\/v2\/product_brand?post=22877"},{"taxonomy":"product_cat","embeddable":true,"href":"https:\/\/ironsky.pl\/sklep\/wp-json\/wp\/v2\/product_cat?post=22877"},{"taxonomy":"product_tag","embeddable":true,"href":"https:\/\/ironsky.pl\/sklep\/wp-json\/wp\/v2\/product_tag?post=22877"}],"curies":[{"name":"wp","href":"https:\/\/api.w.org\/{rel}","templated":true}]}}