{"id":22726,"date":"2024-09-16T18:33:38","date_gmt":"2024-09-16T16:33:38","guid":{"rendered":"http:\/\/gvshalph.pro-linuxpl.com\/ironskyprodukty\/produkt\/mocowanie-pgytech-na-pasek-plecaka-do-kamer-sportowych-p-18c-019\/"},"modified":"2026-03-05T15:50:01","modified_gmt":"2026-03-05T14:50:01","slug":"mocowanie-pgytech-na-pasek-plecaka-do-kamer-sportowych-p-18c-019","status":"publish","type":"product","link":"https:\/\/ironsky.pl\/sklep\/produkt\/mocowanie-pgytech-na-pasek-plecaka-do-kamer-sportowych-p-18c-019\/","title":{"rendered":"Mocowanie PGYTECH na pasek plecaka do kamer sportowych (P-18C-019)"},"content":{"rendered":"<h3>Mocowanie PGYTECH na pasek plecaka do kamer sportowych (P-18C-019)<\/h3>\n<p>Mocowanie typu STRAP do DJI Osmo Pocket i kamer sportowych marki PGYTECH to znakomita jako\u015b\u0107 wykonania, wygoda i gwarancja jako\u015bci. Zaprojektowany tak, by idealnie pasowa\u0107 do ramion plecaka lub innego miejsca, gdzie chcieliby\u015bmy zamocowa\u0107 kamer\u0119. Mocowanie pozwala na zainstalowanie prawie ka\u017cdego modelu kamery sportowej dost\u0119pnego na rynku. Ogromnym atutem s\u0105 zastosowane bezpieczne i wygodne materia\u0142y jak na przyk\u0142ad guma zapobiegaj\u0105ca ze\u015blizgiwaniu si\u0119 z paska. Do tego mo\u017cliwo\u015b\u0107 obrotu podstawy mocuj\u0105cej o 360 stopni.<\/p>\n<p><img decoding=\"async\" src=\"https:\/\/b2b.innpro.pl\/data\/include\/cms\/5przemek\/PGY\/Osmo-Pocket-mounts\/P-18C-019\/P-18C-019-7.jpg\" border=\"0\" alt=\"5przemek\/PGY\/Osmo-Pocket-mounts\/P-18C-019\/P-18C-019-7\" \/><\/p>\n<div class=\"table-wrapper\">\n<table>\n<tbody>\n<tr>\n<th>Kompatybilno\u015b\u0107<\/th>\n<td>DJI Pocket 2 (Osmo Pocket 2), GoPro Hero, DJI Osmo Pocket<\/td>\n<\/tr>\n<tr>\n<th>Producent<\/th>\n<td>PGYTECH<\/td>\n<\/tr>\n<tr>\n<th>Kod producenta<\/th>\n<td>P-18C-019<\/td>\n<\/tr>\n<tr>\n<th>Materia\u0142<\/th>\n<td>Aluminium \/ PA \/ \u017bel sylikonowy<\/td>\n<\/tr>\n<tr>\n<th>Waga<\/th>\n<td>80 g<\/td>\n<\/tr>\n<\/tbody>\n<\/table>\n<\/div>\n","protected":false},"excerpt":{"rendered":"<p>Mocowanie PGYTECH na pasek plecaka do kamer sportowych (P-18C-019) Mocowanie typu STRAP do DJI Osmo Pocket i kamer sportowych marki<\/p>\n","protected":false},"featured_media":22727,"comment_status":"closed","ping_status":"open","template":"","meta":{"_acf_changed":false},"product_brand":[],"product_cat":[1128,1139,1140,1141,1138],"product_tag":[],"class_list":{"0":"post-22726","1":"product","2":"type-product","3":"status-publish","4":"has-post-thumbnail","6":"product_cat-foto-wideo","7":"product_cat-selfie-stick","8":"product_cat-statywy","9":"product_cat-uchwyty-do-mocowania-kamer-i-aparatow","10":"product_cat-wysiegniki","11":"pa_box-height-1634","12":"pa_box-length-1888","13":"pa_box-width-1887","14":"pa_gross-weight-1889","15":"pa_hs-code-1775","16":"pa_kompatybilnosc-mocowania-i-adaptery","17":"pa_net-weight-1886","18":"pa_przeznaczenie-do-kamer","19":"pa_rodzaj-mocowanie","20":"pa_seria-action-dji-osmo-action-4-dji-osmo-action-3-dji-osmo-action","22":"first","23":"outofstock","24":"taxable","25":"shipping-taxable","26":"purchasable","27":"product-type-simple"},"acf":[],"yoast_head":"<!-- This site is optimized with the Yoast SEO plugin v27.2 - https:\/\/yoast.com\/product\/yoast-seo-wordpress\/ -->\n<title>Mocowanie PGYTECH na pasek plecaka do kamer sportowych (P-18C-019) - IRONSKY.PL Sklep z Dronami<\/title>\n<meta name=\"description\" content=\"Mocowanie PGYTECH na pasek plecaka do kamer sportowych (P-18C-019) - \u2705 sklep z dronami i fachowym doradztwem. \u2705 Tutaj kupisz produkty DJI, Yuneec, Parrot, Syma i wiele innych, a tak\u017ce kursy i licencje na operatora drona.\" \/>\n<meta name=\"robots\" content=\"index, follow, max-snippet:-1, max-image-preview:large, max-video-preview:-1\" \/>\n<link rel=\"canonical\" href=\"https:\/\/ironsky.pl\/sklep\/produkt\/mocowanie-pgytech-na-pasek-plecaka-do-kamer-sportowych-p-18c-019\/\" \/>\n<meta property=\"og:locale\" content=\"pl_PL\" \/>\n<meta property=\"og:type\" content=\"article\" \/>\n<meta property=\"og:title\" content=\"Mocowanie PGYTECH na pasek plecaka do kamer sportowych (P-18C-019) - IRONSKY.PL Sklep z Dronami\" \/>\n<meta property=\"og:description\" content=\"Mocowanie PGYTECH na pasek plecaka do kamer sportowych (P-18C-019) - \u2705 sklep z dronami i fachowym doradztwem. \u2705 Tutaj kupisz produkty DJI, Yuneec, Parrot, Syma i wiele innych, a tak\u017ce kursy i licencje na operatora drona.\" \/>\n<meta property=\"og:url\" content=\"https:\/\/ironsky.pl\/sklep\/produkt\/mocowanie-pgytech-na-pasek-plecaka-do-kamer-sportowych-p-18c-019\/\" \/>\n<meta property=\"og:site_name\" content=\"IRONSKY.PL Sklep z Dronami\" \/>\n<meta property=\"article:modified_time\" content=\"2026-03-05T14:50:01+00:00\" \/>\n<meta property=\"og:image\" content=\"https:\/\/ironsky.pl\/sklep\/wp-content\/uploads\/2024\/09\/15576_1.jpg\" \/>\n\t<meta property=\"og:image:width\" content=\"750\" \/>\n\t<meta property=\"og:image:height\" content=\"750\" \/>\n\t<meta property=\"og:image:type\" content=\"image\/jpeg\" \/>\n<meta name=\"twitter:card\" content=\"summary_large_image\" \/>\n<meta name=\"twitter:label1\" content=\"Szacowany czas czytania\" \/>\n\t<meta name=\"twitter:data1\" content=\"1 minuta\" \/>\n<script type=\"application\/ld+json\" class=\"yoast-schema-graph\">{\"@context\":\"https:\/\/schema.org\",\"@graph\":[{\"@type\":\"WebPage\",\"@id\":\"https:\/\/ironsky.pl\/sklep\/produkt\/mocowanie-pgytech-na-pasek-plecaka-do-kamer-sportowych-p-18c-019\/\",\"url\":\"https:\/\/ironsky.pl\/sklep\/produkt\/mocowanie-pgytech-na-pasek-plecaka-do-kamer-sportowych-p-18c-019\/\",\"name\":\"Mocowanie PGYTECH na pasek plecaka do kamer sportowych (P-18C-019) - IRONSKY.PL Sklep z Dronami\",\"isPartOf\":{\"@id\":\"https:\/\/ironsky.pl\/sklep\/#website\"},\"primaryImageOfPage\":{\"@id\":\"https:\/\/ironsky.pl\/sklep\/produkt\/mocowanie-pgytech-na-pasek-plecaka-do-kamer-sportowych-p-18c-019\/#primaryimage\"},\"image\":{\"@id\":\"https:\/\/ironsky.pl\/sklep\/produkt\/mocowanie-pgytech-na-pasek-plecaka-do-kamer-sportowych-p-18c-019\/#primaryimage\"},\"thumbnailUrl\":\"https:\/\/ironsky.pl\/sklep\/wp-content\/uploads\/2024\/09\/15576_1.jpg\",\"datePublished\":\"2024-09-16T16:33:38+00:00\",\"dateModified\":\"2026-03-05T14:50:01+00:00\",\"description\":\"Mocowanie PGYTECH na pasek plecaka do kamer sportowych (P-18C-019) - \u2705 sklep z dronami i fachowym doradztwem. \u2705 Tutaj kupisz produkty DJI, Yuneec, Parrot, Syma i wiele innych, a tak\u017ce kursy i licencje na operatora drona.\",\"breadcrumb\":{\"@id\":\"https:\/\/ironsky.pl\/sklep\/produkt\/mocowanie-pgytech-na-pasek-plecaka-do-kamer-sportowych-p-18c-019\/#breadcrumb\"},\"inLanguage\":\"pl-PL\",\"potentialAction\":[{\"@type\":\"ReadAction\",\"target\":[\"https:\/\/ironsky.pl\/sklep\/produkt\/mocowanie-pgytech-na-pasek-plecaka-do-kamer-sportowych-p-18c-019\/\"]}]},{\"@type\":\"ImageObject\",\"inLanguage\":\"pl-PL\",\"@id\":\"https:\/\/ironsky.pl\/sklep\/produkt\/mocowanie-pgytech-na-pasek-plecaka-do-kamer-sportowych-p-18c-019\/#primaryimage\",\"url\":\"https:\/\/ironsky.pl\/sklep\/wp-content\/uploads\/2024\/09\/15576_1.jpg\",\"contentUrl\":\"https:\/\/ironsky.pl\/sklep\/wp-content\/uploads\/2024\/09\/15576_1.jpg\",\"width\":750,\"height\":750},{\"@type\":\"BreadcrumbList\",\"@id\":\"https:\/\/ironsky.pl\/sklep\/produkt\/mocowanie-pgytech-na-pasek-plecaka-do-kamer-sportowych-p-18c-019\/#breadcrumb\",\"itemListElement\":[{\"@type\":\"ListItem\",\"position\":1,\"name\":\"Strona g\u0142\u00f3wna\",\"item\":\"https:\/\/ironsky.pl\/sklep\/\"},{\"@type\":\"ListItem\",\"position\":2,\"name\":\"Wszystkie produkty\",\"item\":\"https:\/\/ironsky.pl\/sklep\/produkty\/\"},{\"@type\":\"ListItem\",\"position\":3,\"name\":\"Mocowanie PGYTECH na pasek plecaka do kamer sportowych (P-18C-019)\"}]},{\"@type\":\"WebSite\",\"@id\":\"https:\/\/ironsky.pl\/sklep\/#website\",\"url\":\"https:\/\/ironsky.pl\/sklep\/\",\"name\":\"IRONSKY.PL Sklep z Dronami\",\"description\":\"IRONSKY.PL Sklep z Dronami\",\"potentialAction\":[{\"@type\":\"SearchAction\",\"target\":{\"@type\":\"EntryPoint\",\"urlTemplate\":\"https:\/\/ironsky.pl\/sklep\/?s={search_term_string}\"},\"query-input\":{\"@type\":\"PropertyValueSpecification\",\"valueRequired\":true,\"valueName\":\"search_term_string\"}}],\"inLanguage\":\"pl-PL\"}]}<\/script>\n<!-- \/ Yoast SEO plugin. -->","yoast_head_json":{"title":"Mocowanie PGYTECH na pasek plecaka do kamer sportowych (P-18C-019) - IRONSKY.PL Sklep z Dronami","description":"Mocowanie PGYTECH na pasek plecaka do kamer sportowych (P-18C-019) - \u2705 sklep z dronami i fachowym doradztwem. \u2705 Tutaj kupisz produkty DJI, Yuneec, Parrot, Syma i wiele innych, a tak\u017ce kursy i licencje na operatora drona.","robots":{"index":"index","follow":"follow","max-snippet":"max-snippet:-1","max-image-preview":"max-image-preview:large","max-video-preview":"max-video-preview:-1"},"canonical":"https:\/\/ironsky.pl\/sklep\/produkt\/mocowanie-pgytech-na-pasek-plecaka-do-kamer-sportowych-p-18c-019\/","og_locale":"pl_PL","og_type":"article","og_title":"Mocowanie PGYTECH na pasek plecaka do kamer sportowych (P-18C-019) - IRONSKY.PL Sklep z Dronami","og_description":"Mocowanie PGYTECH na pasek plecaka do kamer sportowych (P-18C-019) - \u2705 sklep z dronami i fachowym doradztwem. \u2705 Tutaj kupisz produkty DJI, Yuneec, Parrot, Syma i wiele innych, a tak\u017ce kursy i licencje na operatora drona.","og_url":"https:\/\/ironsky.pl\/sklep\/produkt\/mocowanie-pgytech-na-pasek-plecaka-do-kamer-sportowych-p-18c-019\/","og_site_name":"IRONSKY.PL Sklep z Dronami","article_modified_time":"2026-03-05T14:50:01+00:00","og_image":[{"width":750,"height":750,"url":"https:\/\/ironsky.pl\/sklep\/wp-content\/uploads\/2024\/09\/15576_1.jpg","type":"image\/jpeg"}],"twitter_card":"summary_large_image","twitter_misc":{"Szacowany czas czytania":"1 minuta"},"schema":{"@context":"https:\/\/schema.org","@graph":[{"@type":"WebPage","@id":"https:\/\/ironsky.pl\/sklep\/produkt\/mocowanie-pgytech-na-pasek-plecaka-do-kamer-sportowych-p-18c-019\/","url":"https:\/\/ironsky.pl\/sklep\/produkt\/mocowanie-pgytech-na-pasek-plecaka-do-kamer-sportowych-p-18c-019\/","name":"Mocowanie PGYTECH na pasek plecaka do kamer sportowych (P-18C-019) - IRONSKY.PL Sklep z Dronami","isPartOf":{"@id":"https:\/\/ironsky.pl\/sklep\/#website"},"primaryImageOfPage":{"@id":"https:\/\/ironsky.pl\/sklep\/produkt\/mocowanie-pgytech-na-pasek-plecaka-do-kamer-sportowych-p-18c-019\/#primaryimage"},"image":{"@id":"https:\/\/ironsky.pl\/sklep\/produkt\/mocowanie-pgytech-na-pasek-plecaka-do-kamer-sportowych-p-18c-019\/#primaryimage"},"thumbnailUrl":"https:\/\/ironsky.pl\/sklep\/wp-content\/uploads\/2024\/09\/15576_1.jpg","datePublished":"2024-09-16T16:33:38+00:00","dateModified":"2026-03-05T14:50:01+00:00","description":"Mocowanie PGYTECH na pasek plecaka do kamer sportowych (P-18C-019) - \u2705 sklep z dronami i fachowym doradztwem. \u2705 Tutaj kupisz produkty DJI, Yuneec, Parrot, Syma i wiele innych, a tak\u017ce kursy i licencje na operatora drona.","breadcrumb":{"@id":"https:\/\/ironsky.pl\/sklep\/produkt\/mocowanie-pgytech-na-pasek-plecaka-do-kamer-sportowych-p-18c-019\/#breadcrumb"},"inLanguage":"pl-PL","potentialAction":[{"@type":"ReadAction","target":["https:\/\/ironsky.pl\/sklep\/produkt\/mocowanie-pgytech-na-pasek-plecaka-do-kamer-sportowych-p-18c-019\/"]}]},{"@type":"ImageObject","inLanguage":"pl-PL","@id":"https:\/\/ironsky.pl\/sklep\/produkt\/mocowanie-pgytech-na-pasek-plecaka-do-kamer-sportowych-p-18c-019\/#primaryimage","url":"https:\/\/ironsky.pl\/sklep\/wp-content\/uploads\/2024\/09\/15576_1.jpg","contentUrl":"https:\/\/ironsky.pl\/sklep\/wp-content\/uploads\/2024\/09\/15576_1.jpg","width":750,"height":750},{"@type":"BreadcrumbList","@id":"https:\/\/ironsky.pl\/sklep\/produkt\/mocowanie-pgytech-na-pasek-plecaka-do-kamer-sportowych-p-18c-019\/#breadcrumb","itemListElement":[{"@type":"ListItem","position":1,"name":"Strona g\u0142\u00f3wna","item":"https:\/\/ironsky.pl\/sklep\/"},{"@type":"ListItem","position":2,"name":"Wszystkie produkty","item":"https:\/\/ironsky.pl\/sklep\/produkty\/"},{"@type":"ListItem","position":3,"name":"Mocowanie PGYTECH na pasek plecaka do kamer sportowych (P-18C-019)"}]},{"@type":"WebSite","@id":"https:\/\/ironsky.pl\/sklep\/#website","url":"https:\/\/ironsky.pl\/sklep\/","name":"IRONSKY.PL Sklep z Dronami","description":"IRONSKY.PL Sklep z Dronami","potentialAction":[{"@type":"SearchAction","target":{"@type":"EntryPoint","urlTemplate":"https:\/\/ironsky.pl\/sklep\/?s={search_term_string}"},"query-input":{"@type":"PropertyValueSpecification","valueRequired":true,"valueName":"search_term_string"}}],"inLanguage":"pl-PL"}]}},"_links":{"self":[{"href":"https:\/\/ironsky.pl\/sklep\/wp-json\/wp\/v2\/product\/22726","targetHints":{"allow":["GET"]}}],"collection":[{"href":"https:\/\/ironsky.pl\/sklep\/wp-json\/wp\/v2\/product"}],"about":[{"href":"https:\/\/ironsky.pl\/sklep\/wp-json\/wp\/v2\/types\/product"}],"replies":[{"embeddable":true,"href":"https:\/\/ironsky.pl\/sklep\/wp-json\/wp\/v2\/comments?post=22726"}],"wp:featuredmedia":[{"embeddable":true,"href":"https:\/\/ironsky.pl\/sklep\/wp-json\/wp\/v2\/media\/22727"}],"wp:attachment":[{"href":"https:\/\/ironsky.pl\/sklep\/wp-json\/wp\/v2\/media?parent=22726"}],"wp:term":[{"taxonomy":"product_brand","embeddable":true,"href":"https:\/\/ironsky.pl\/sklep\/wp-json\/wp\/v2\/product_brand?post=22726"},{"taxonomy":"product_cat","embeddable":true,"href":"https:\/\/ironsky.pl\/sklep\/wp-json\/wp\/v2\/product_cat?post=22726"},{"taxonomy":"product_tag","embeddable":true,"href":"https:\/\/ironsky.pl\/sklep\/wp-json\/wp\/v2\/product_tag?post=22726"}],"curies":[{"name":"wp","href":"https:\/\/api.w.org\/{rel}","templated":true}]}}