{"id":22697,"date":"2024-09-16T18:33:38","date_gmt":"2024-09-16T16:33:38","guid":{"rendered":"http:\/\/gvshalph.pro-linuxpl.com\/ironskyprodukty\/produkt\/zestaw-53-akcesoriow-puluz-do-kamer-sportowych-pkt16\/"},"modified":"2026-05-14T03:42:06","modified_gmt":"2026-05-14T01:42:06","slug":"zestaw-53-akcesoriow-puluz-do-kamer-sportowych-pkt16","status":"publish","type":"product","link":"https:\/\/ironsky.pl\/sklep\/produkt\/zestaw-53-akcesoriow-puluz-do-kamer-sportowych-pkt16\/","title":{"rendered":"Zestaw 53 akcesori\u00f3w Puluz do kamer sportowych PKT16"},"content":{"rendered":"<h3>Zestaw 53 akcesori\u00f3w do kamer sportowych Puluz<\/h3>\n<p>Marka Puluz to producent uniwersalnych akcesori\u00f3w do kamer sportowych. Akcesoria s\u0105 kompatybilne z kamerami wyposa\u017conymi w mocowania typu GoPro &#8211; mi\u0119dzy innymi DJI Osmo Action. Mocowania s\u0105 wykonane z wysokiej jako\u015bci materia\u0142\u00f3w gwarantuj\u0105c stabilno\u015b\u0107 oraz odporno\u015b\u0107 na uszkodzenia. Zestaw zawiera zbi\u00f3r niezb\u0119dnych akcesori\u00f3w, umo\u017cliwia korzystanie ze wszystkich element\u00f3w jednocze\u015bnie bez konieczno\u015bci dokupowania dodatkowych mocowa\u0144. Zestaw znajdzie swoje zastosowanie w trakcie uprawiania sport\u00f3w zimowych, wodnych, jazdy na rowerze oraz standardowych nagra\u0144.<\/p>\n<p>\n<img decoding=\"async\" src=\"https:\/\/assets.innpro.pl\/13308\/16367\/14.jpg\" border=\"0\" alt=\"\" \/>\n<\/p>\n<h3>W zestawie<\/h3>\n<ul class=\"list-disc pl-5\">\n<li>D\u0142uga oraz kr\u00f3tka \u015bruba mocuj\u0105ca x2<\/li>\n<li>Uchwyt na kierownic\u0119 x1<\/li>\n<li>Uchwyt typu przyssawka x1<\/li>\n<li>Mocowanie na klatk\u0119 piersiow\u0105 x1<\/li>\n<li>Mocowanie na nadgarstek kamery x1<\/li>\n<li>Mocowanie na nadgarstek pilota WiFi x1<\/li>\n<li>Mocowanie uniwersalne zakrzywione x2<\/li>\n<li>Mocowanie typu J-Hook x2<\/li>\n<li>Mocowanie szybkoz\u0142\u0105czka x2<\/li>\n<li>Mocowanie 360 stopni do plecaka x1<\/li>\n<li>Mocowanie na kask x1<\/li>\n<li>Mocowanie na powierzchni\u0119 zaokr\u0105glon\u0105 x2<\/li>\n<li>Mocowanie na powierzchni\u0119 p\u0142ask\u0105 x2<\/li>\n<li>Naklejki mocuj\u0105ce x10<\/li>\n<li>Linka bezpiecze\u0144\u015btwa z mocowaniem x1<\/li>\n<li>Adapter statywu z gwintem 3\/4 x2<\/li>\n<li>Uchwyt wyporno\u015bciowy x1<\/li>\n<li>Klucz + ta\u015bma x1<\/li>\n<li>Mocowanie na g\u0142ow\u0119 x1<\/li>\n<li>Wk\u0142adki anti-fog \/ przeciw parowaniu x2<\/li>\n<li>Kijek selfie x1<\/li>\n<li>Worek na akcesoria x1<\/li>\n<\/ul>\n<div class=\"table-wrapper\">\n<\/div>\n","protected":false},"excerpt":{"rendered":"<p>Zestaw 53 akcesori\u00f3w do kamer sportowych Puluz Marka Puluz to producent uniwersalnych akcesori\u00f3w do kamer sportowych. Akcesoria s\u0105 kompatybilne z<\/p>\n","protected":false},"featured_media":22698,"comment_status":"closed","ping_status":"open","template":"","meta":{"_acf_changed":false},"product_brand":[],"product_cat":[1128,1144],"product_tag":[],"class_list":{"0":"post-22697","1":"product","2":"type-product","3":"status-publish","4":"has-post-thumbnail","6":"product_cat-foto-wideo","7":"product_cat-zestawy-foto-wideo","8":"pa_box-height-1383","9":"pa_box-length-1867","10":"pa_box-width-1624","11":"pa_gross-weight-1868","12":"pa_hs-code-1864","13":"pa_kolejna-dostawa-30-10-2024","14":"pa_kompatybilnosc-uniwersalne","15":"pa_net-weight-1866","17":"first","18":"instock","19":"taxable","20":"shipping-taxable","21":"purchasable","22":"product-type-simple"},"acf":[],"yoast_head":"<!-- This site is optimized with the Yoast SEO plugin v27.2 - https:\/\/yoast.com\/product\/yoast-seo-wordpress\/ -->\n<title>Zestaw 53 akcesori\u00f3w Puluz do kamer sportowych PKT16 - IRONSKY.PL Sklep z Dronami<\/title>\n<meta name=\"description\" content=\"Zestaw 53 akcesori\u00f3w Puluz do kamer sportowych PKT16 - \u2705 sklep z dronami i fachowym doradztwem. \u2705 Tutaj kupisz produkty DJI, Yuneec, Parrot, Syma i wiele innych, a tak\u017ce kursy i licencje na operatora drona.\" \/>\n<meta name=\"robots\" content=\"index, follow, max-snippet:-1, max-image-preview:large, max-video-preview:-1\" \/>\n<link rel=\"canonical\" href=\"https:\/\/ironsky.pl\/sklep\/produkt\/zestaw-53-akcesoriow-puluz-do-kamer-sportowych-pkt16\/\" \/>\n<meta property=\"og:locale\" content=\"pl_PL\" \/>\n<meta property=\"og:type\" content=\"article\" \/>\n<meta property=\"og:title\" content=\"Zestaw 53 akcesori\u00f3w Puluz do kamer sportowych PKT16 - IRONSKY.PL Sklep z Dronami\" \/>\n<meta property=\"og:description\" content=\"Zestaw 53 akcesori\u00f3w Puluz do kamer sportowych PKT16 - \u2705 sklep z dronami i fachowym doradztwem. \u2705 Tutaj kupisz produkty DJI, Yuneec, Parrot, Syma i wiele innych, a tak\u017ce kursy i licencje na operatora drona.\" \/>\n<meta property=\"og:url\" content=\"https:\/\/ironsky.pl\/sklep\/produkt\/zestaw-53-akcesoriow-puluz-do-kamer-sportowych-pkt16\/\" \/>\n<meta property=\"og:site_name\" content=\"IRONSKY.PL Sklep z Dronami\" \/>\n<meta property=\"article:modified_time\" content=\"2026-05-14T01:42:06+00:00\" \/>\n<meta property=\"og:image\" content=\"https:\/\/ironsky.pl\/sklep\/wp-content\/uploads\/2024\/09\/15485_1.jpg\" \/>\n\t<meta property=\"og:image:width\" content=\"1100\" \/>\n\t<meta property=\"og:image:height\" content=\"1100\" \/>\n\t<meta property=\"og:image:type\" content=\"image\/jpeg\" \/>\n<meta name=\"twitter:card\" content=\"summary_large_image\" \/>\n<meta name=\"twitter:label1\" content=\"Szacowany czas czytania\" \/>\n\t<meta name=\"twitter:data1\" content=\"1 minuta\" \/>\n<script type=\"application\/ld+json\" class=\"yoast-schema-graph\">{\"@context\":\"https:\/\/schema.org\",\"@graph\":[{\"@type\":\"WebPage\",\"@id\":\"https:\/\/ironsky.pl\/sklep\/produkt\/zestaw-53-akcesoriow-puluz-do-kamer-sportowych-pkt16\/\",\"url\":\"https:\/\/ironsky.pl\/sklep\/produkt\/zestaw-53-akcesoriow-puluz-do-kamer-sportowych-pkt16\/\",\"name\":\"Zestaw 53 akcesori\u00f3w Puluz do kamer sportowych PKT16 - IRONSKY.PL Sklep z Dronami\",\"isPartOf\":{\"@id\":\"https:\/\/ironsky.pl\/sklep\/#website\"},\"primaryImageOfPage\":{\"@id\":\"https:\/\/ironsky.pl\/sklep\/produkt\/zestaw-53-akcesoriow-puluz-do-kamer-sportowych-pkt16\/#primaryimage\"},\"image\":{\"@id\":\"https:\/\/ironsky.pl\/sklep\/produkt\/zestaw-53-akcesoriow-puluz-do-kamer-sportowych-pkt16\/#primaryimage\"},\"thumbnailUrl\":\"https:\/\/ironsky.pl\/sklep\/wp-content\/uploads\/2024\/09\/15485_1.jpg\",\"datePublished\":\"2024-09-16T16:33:38+00:00\",\"dateModified\":\"2026-05-14T01:42:06+00:00\",\"description\":\"Zestaw 53 akcesori\u00f3w Puluz do kamer sportowych PKT16 - \u2705 sklep z dronami i fachowym doradztwem. \u2705 Tutaj kupisz produkty DJI, Yuneec, Parrot, Syma i wiele innych, a tak\u017ce kursy i licencje na operatora drona.\",\"breadcrumb\":{\"@id\":\"https:\/\/ironsky.pl\/sklep\/produkt\/zestaw-53-akcesoriow-puluz-do-kamer-sportowych-pkt16\/#breadcrumb\"},\"inLanguage\":\"pl-PL\",\"potentialAction\":[{\"@type\":\"ReadAction\",\"target\":[\"https:\/\/ironsky.pl\/sklep\/produkt\/zestaw-53-akcesoriow-puluz-do-kamer-sportowych-pkt16\/\"]}]},{\"@type\":\"ImageObject\",\"inLanguage\":\"pl-PL\",\"@id\":\"https:\/\/ironsky.pl\/sklep\/produkt\/zestaw-53-akcesoriow-puluz-do-kamer-sportowych-pkt16\/#primaryimage\",\"url\":\"https:\/\/ironsky.pl\/sklep\/wp-content\/uploads\/2024\/09\/15485_1.jpg\",\"contentUrl\":\"https:\/\/ironsky.pl\/sklep\/wp-content\/uploads\/2024\/09\/15485_1.jpg\",\"width\":1100,\"height\":1100},{\"@type\":\"BreadcrumbList\",\"@id\":\"https:\/\/ironsky.pl\/sklep\/produkt\/zestaw-53-akcesoriow-puluz-do-kamer-sportowych-pkt16\/#breadcrumb\",\"itemListElement\":[{\"@type\":\"ListItem\",\"position\":1,\"name\":\"Strona g\u0142\u00f3wna\",\"item\":\"https:\/\/ironsky.pl\/sklep\/\"},{\"@type\":\"ListItem\",\"position\":2,\"name\":\"Wszystkie produkty\",\"item\":\"https:\/\/ironsky.pl\/sklep\/produkty\/\"},{\"@type\":\"ListItem\",\"position\":3,\"name\":\"Zestaw 53 akcesori\u00f3w Puluz do kamer sportowych PKT16\"}]},{\"@type\":\"WebSite\",\"@id\":\"https:\/\/ironsky.pl\/sklep\/#website\",\"url\":\"https:\/\/ironsky.pl\/sklep\/\",\"name\":\"IRONSKY.PL Sklep z Dronami\",\"description\":\"IRONSKY.PL Sklep z Dronami\",\"potentialAction\":[{\"@type\":\"SearchAction\",\"target\":{\"@type\":\"EntryPoint\",\"urlTemplate\":\"https:\/\/ironsky.pl\/sklep\/?s={search_term_string}\"},\"query-input\":{\"@type\":\"PropertyValueSpecification\",\"valueRequired\":true,\"valueName\":\"search_term_string\"}}],\"inLanguage\":\"pl-PL\"}]}<\/script>\n<!-- \/ Yoast SEO plugin. -->","yoast_head_json":{"title":"Zestaw 53 akcesori\u00f3w Puluz do kamer sportowych PKT16 - IRONSKY.PL Sklep z Dronami","description":"Zestaw 53 akcesori\u00f3w Puluz do kamer sportowych PKT16 - \u2705 sklep z dronami i fachowym doradztwem. \u2705 Tutaj kupisz produkty DJI, Yuneec, Parrot, Syma i wiele innych, a tak\u017ce kursy i licencje na operatora drona.","robots":{"index":"index","follow":"follow","max-snippet":"max-snippet:-1","max-image-preview":"max-image-preview:large","max-video-preview":"max-video-preview:-1"},"canonical":"https:\/\/ironsky.pl\/sklep\/produkt\/zestaw-53-akcesoriow-puluz-do-kamer-sportowych-pkt16\/","og_locale":"pl_PL","og_type":"article","og_title":"Zestaw 53 akcesori\u00f3w Puluz do kamer sportowych PKT16 - IRONSKY.PL Sklep z Dronami","og_description":"Zestaw 53 akcesori\u00f3w Puluz do kamer sportowych PKT16 - \u2705 sklep z dronami i fachowym doradztwem. \u2705 Tutaj kupisz produkty DJI, Yuneec, Parrot, Syma i wiele innych, a tak\u017ce kursy i licencje na operatora drona.","og_url":"https:\/\/ironsky.pl\/sklep\/produkt\/zestaw-53-akcesoriow-puluz-do-kamer-sportowych-pkt16\/","og_site_name":"IRONSKY.PL Sklep z Dronami","article_modified_time":"2026-05-14T01:42:06+00:00","og_image":[{"width":1100,"height":1100,"url":"https:\/\/ironsky.pl\/sklep\/wp-content\/uploads\/2024\/09\/15485_1.jpg","type":"image\/jpeg"}],"twitter_card":"summary_large_image","twitter_misc":{"Szacowany czas czytania":"1 minuta"},"schema":{"@context":"https:\/\/schema.org","@graph":[{"@type":"WebPage","@id":"https:\/\/ironsky.pl\/sklep\/produkt\/zestaw-53-akcesoriow-puluz-do-kamer-sportowych-pkt16\/","url":"https:\/\/ironsky.pl\/sklep\/produkt\/zestaw-53-akcesoriow-puluz-do-kamer-sportowych-pkt16\/","name":"Zestaw 53 akcesori\u00f3w Puluz do kamer sportowych PKT16 - IRONSKY.PL Sklep z Dronami","isPartOf":{"@id":"https:\/\/ironsky.pl\/sklep\/#website"},"primaryImageOfPage":{"@id":"https:\/\/ironsky.pl\/sklep\/produkt\/zestaw-53-akcesoriow-puluz-do-kamer-sportowych-pkt16\/#primaryimage"},"image":{"@id":"https:\/\/ironsky.pl\/sklep\/produkt\/zestaw-53-akcesoriow-puluz-do-kamer-sportowych-pkt16\/#primaryimage"},"thumbnailUrl":"https:\/\/ironsky.pl\/sklep\/wp-content\/uploads\/2024\/09\/15485_1.jpg","datePublished":"2024-09-16T16:33:38+00:00","dateModified":"2026-05-14T01:42:06+00:00","description":"Zestaw 53 akcesori\u00f3w Puluz do kamer sportowych PKT16 - \u2705 sklep z dronami i fachowym doradztwem. \u2705 Tutaj kupisz produkty DJI, Yuneec, Parrot, Syma i wiele innych, a tak\u017ce kursy i licencje na operatora drona.","breadcrumb":{"@id":"https:\/\/ironsky.pl\/sklep\/produkt\/zestaw-53-akcesoriow-puluz-do-kamer-sportowych-pkt16\/#breadcrumb"},"inLanguage":"pl-PL","potentialAction":[{"@type":"ReadAction","target":["https:\/\/ironsky.pl\/sklep\/produkt\/zestaw-53-akcesoriow-puluz-do-kamer-sportowych-pkt16\/"]}]},{"@type":"ImageObject","inLanguage":"pl-PL","@id":"https:\/\/ironsky.pl\/sklep\/produkt\/zestaw-53-akcesoriow-puluz-do-kamer-sportowych-pkt16\/#primaryimage","url":"https:\/\/ironsky.pl\/sklep\/wp-content\/uploads\/2024\/09\/15485_1.jpg","contentUrl":"https:\/\/ironsky.pl\/sklep\/wp-content\/uploads\/2024\/09\/15485_1.jpg","width":1100,"height":1100},{"@type":"BreadcrumbList","@id":"https:\/\/ironsky.pl\/sklep\/produkt\/zestaw-53-akcesoriow-puluz-do-kamer-sportowych-pkt16\/#breadcrumb","itemListElement":[{"@type":"ListItem","position":1,"name":"Strona g\u0142\u00f3wna","item":"https:\/\/ironsky.pl\/sklep\/"},{"@type":"ListItem","position":2,"name":"Wszystkie produkty","item":"https:\/\/ironsky.pl\/sklep\/produkty\/"},{"@type":"ListItem","position":3,"name":"Zestaw 53 akcesori\u00f3w Puluz do kamer sportowych PKT16"}]},{"@type":"WebSite","@id":"https:\/\/ironsky.pl\/sklep\/#website","url":"https:\/\/ironsky.pl\/sklep\/","name":"IRONSKY.PL Sklep z Dronami","description":"IRONSKY.PL Sklep z Dronami","potentialAction":[{"@type":"SearchAction","target":{"@type":"EntryPoint","urlTemplate":"https:\/\/ironsky.pl\/sklep\/?s={search_term_string}"},"query-input":{"@type":"PropertyValueSpecification","valueRequired":true,"valueName":"search_term_string"}}],"inLanguage":"pl-PL"}]}},"_links":{"self":[{"href":"https:\/\/ironsky.pl\/sklep\/wp-json\/wp\/v2\/product\/22697","targetHints":{"allow":["GET"]}}],"collection":[{"href":"https:\/\/ironsky.pl\/sklep\/wp-json\/wp\/v2\/product"}],"about":[{"href":"https:\/\/ironsky.pl\/sklep\/wp-json\/wp\/v2\/types\/product"}],"replies":[{"embeddable":true,"href":"https:\/\/ironsky.pl\/sklep\/wp-json\/wp\/v2\/comments?post=22697"}],"wp:featuredmedia":[{"embeddable":true,"href":"https:\/\/ironsky.pl\/sklep\/wp-json\/wp\/v2\/media\/22698"}],"wp:attachment":[{"href":"https:\/\/ironsky.pl\/sklep\/wp-json\/wp\/v2\/media?parent=22697"}],"wp:term":[{"taxonomy":"product_brand","embeddable":true,"href":"https:\/\/ironsky.pl\/sklep\/wp-json\/wp\/v2\/product_brand?post=22697"},{"taxonomy":"product_cat","embeddable":true,"href":"https:\/\/ironsky.pl\/sklep\/wp-json\/wp\/v2\/product_cat?post=22697"},{"taxonomy":"product_tag","embeddable":true,"href":"https:\/\/ironsky.pl\/sklep\/wp-json\/wp\/v2\/product_tag?post=22697"}],"curies":[{"name":"wp","href":"https:\/\/api.w.org\/{rel}","templated":true}]}}