{"id":22627,"date":"2024-09-16T18:32:34","date_gmt":"2024-09-16T16:32:34","guid":{"rendered":"http:\/\/gvshalph.pro-linuxpl.com\/ironskyprodukty\/produkt\/filtr-nd100k-polarpro-quartz-line-do-obiektywow-77mm\/"},"modified":"2026-03-05T15:49:58","modified_gmt":"2026-03-05T14:49:58","slug":"filtr-nd100k-polarpro-quartz-line-do-obiektywow-77mm","status":"publish","type":"product","link":"https:\/\/ironsky.pl\/sklep\/produkt\/filtr-nd100k-polarpro-quartz-line-do-obiektywow-77mm\/","title":{"rendered":"Filtr ND100K PolarPro Quartz Line do obiektyw\u00f3w 77mm"},"content":{"rendered":"<h3>Filtr ND100K PolarPro Quartz Line do obiektyw\u00f3w 77mm<\/h3>\n<\/p>\n<p>Filtr ND100K umo\u017cliwia fotografowanie w ekstremalnie jasnych warunkach, nadaj\u0105c Twoim uj\u0119ciom niepowtarzalny charakter. Zapewnia on niesamowit\u0105 redukcj\u0119 \u015bwiat\u0142a, pozwalaj\u0105c na tworzenie efekt\u00f3w d\u0142ugich czas\u00f3w na\u015bwietlania nawet w najbardziej wymagaj\u0105cych warunkach o\u015bwietleniowych. Cechuj\u0105 si\u0119 wyj\u0105tkow\u0105 odporno\u015bci\u0105 na zarysowania, a tak\u017ce wod\u0119 i oleje.<\/p>\n<\/p>\n<p>\n<img decoding=\"async\" src=\"https:\/\/assets.innpro.pl\/4664\/5392\/3.jpg\" border=\"0\" \/>\n<\/p>\n<h3>Niezast\u0105piony w ekstremalnych warunkach o\u015bwietleniowych<\/h3>\n<\/p>\n<p>Filtr ND100K to kluczowy element wyposa\u017cenia ka\u017cdego fotografa, kt\u00f3ry pragnie uzyska\u0107 doskona\u0142e uj\u0119cia w najbardziej wymagaj\u0105cych warunkach o\u015bwietleniowych. Dzi\u0119ki jego zdolno\u015bci do redukcji \u015bwiat\u0142a nawet o 16-stopni mo\u017cesz kontrolowa\u0107 ekspozycj\u0119 i tworzy\u0107 niezwykle dynamiczne obrazy, zachowuj\u0105c przy tym pe\u0142n\u0105 klarowno\u015b\u0107 i szczeg\u00f3\u0142owo\u015b\u0107. Niezale\u017cnie od tego, czy chcesz zatrzyma\u0107 ruch w dynamicznych scenach, czy uzyska\u0107 mi\u0119kkie, p\u0142ynne efekty w d\u0142ugich ekspozycjach, filtr ND100K pozwoli Ci osi\u0105gn\u0105\u0107 niesamowite efekty!<\/p>\n<\/p>\n<p>\n<img decoding=\"async\" src=\"https:\/\/assets.innpro.pl\/4664\/5392\/6.jpg\" border=\"0\" \/>\n<\/p>\n<div class=\"table-wrapper\">\n<p>\u00a0<\/p>\n<h3><\/h3>\n<table>\n<tbody>\n<tr>\n<th>Producent<\/th>\n<td>PolarPro<\/td>\n<\/tr>\n<tr>\n<th>Model<\/th>\n<td>77-ND100K<\/td>\n<\/tr>\n<tr>\n<th>Rodzaj filtru <\/th>\n<td>ND100K<\/td>\n<\/tr>\n<tr>\n<th>Transmisja \u015bwiat\u0142a<\/th>\n<td>0.001%<\/td>\n<\/tr>\n<tr>\n<th>Redukcja \u015bwiat\u0142a<\/th>\n<td>16,6<\/td>\n<\/tr>\n<tr>\n<th>Rozmiar<\/th>\n<td>77 mm<\/td>\n<\/tr>\n<tr>\n<th>Waga <\/th>\n<td>37 g<\/td>\n<\/tr>\n<tr>\n<th>Materia\u0142 filtru <\/th>\n<td>Szk\u0142o kwarcowe<\/td>\n<\/tr>\n<tr>\n<th>Materia\u0142 ramki<\/th>\n<td>Aluminium<\/td>\n<\/tr>\n<\/tbody>\n<\/table>\n<\/div>\n","protected":false},"excerpt":{"rendered":"<p>Filtr ND100K PolarPro Quartz Line do obiektyw\u00f3w 77mm Filtr ND100K umo\u017cliwia fotografowanie w ekstremalnie jasnych warunkach, nadaj\u0105c Twoim uj\u0119ciom niepowtarzalny<\/p>\n","protected":false},"featured_media":22628,"comment_status":"closed","ping_status":"open","template":"","meta":{"_acf_changed":false},"product_brand":[],"product_cat":[1132,1133,1128],"product_tag":[],"class_list":{"0":"post-22627","1":"product","2":"type-product","3":"status-publish","4":"has-post-thumbnail","6":"product_cat-filtry-foto","7":"product_cat-do-lustrzanek","8":"product_cat-foto-wideo","9":"pa_box-height-1745","10":"pa_box-length-1746","11":"pa_box-width-1744","12":"pa_gross-weight-1561","13":"pa_kompatybilnosc-filtry","14":"pa_net-weight-1750","15":"pa_obiektyw-mm-1751","16":"pa_zestaw-nie","18":"first","19":"outofstock","20":"taxable","21":"shipping-taxable","22":"purchasable","23":"product-type-simple"},"acf":[],"yoast_head":"<!-- This site is optimized with the Yoast SEO plugin v27.2 - https:\/\/yoast.com\/product\/yoast-seo-wordpress\/ -->\n<title>Filtr ND100K PolarPro Quartz Line do obiektyw\u00f3w 77mm - IRONSKY.PL Sklep z Dronami<\/title>\n<meta name=\"description\" content=\"Filtr ND100K PolarPro Quartz Line do obiektyw\u00f3w 77mm - \u2705 sklep z dronami i fachowym doradztwem. \u2705 Tutaj kupisz produkty DJI, Yuneec, Parrot, Syma i wiele innych, a tak\u017ce kursy i licencje na operatora drona.\" \/>\n<meta name=\"robots\" content=\"index, follow, max-snippet:-1, max-image-preview:large, max-video-preview:-1\" \/>\n<link rel=\"canonical\" href=\"https:\/\/ironsky.pl\/sklep\/produkt\/filtr-nd100k-polarpro-quartz-line-do-obiektywow-77mm\/\" \/>\n<meta property=\"og:locale\" content=\"pl_PL\" \/>\n<meta property=\"og:type\" content=\"article\" \/>\n<meta property=\"og:title\" content=\"Filtr ND100K PolarPro Quartz Line do obiektyw\u00f3w 77mm - IRONSKY.PL Sklep z Dronami\" \/>\n<meta property=\"og:description\" content=\"Filtr ND100K PolarPro Quartz Line do obiektyw\u00f3w 77mm - \u2705 sklep z dronami i fachowym doradztwem. \u2705 Tutaj kupisz produkty DJI, Yuneec, Parrot, Syma i wiele innych, a tak\u017ce kursy i licencje na operatora drona.\" \/>\n<meta property=\"og:url\" content=\"https:\/\/ironsky.pl\/sklep\/produkt\/filtr-nd100k-polarpro-quartz-line-do-obiektywow-77mm\/\" \/>\n<meta property=\"og:site_name\" content=\"IRONSKY.PL Sklep z Dronami\" \/>\n<meta property=\"article:modified_time\" content=\"2026-03-05T14:49:58+00:00\" \/>\n<meta property=\"og:image\" content=\"https:\/\/ironsky.pl\/sklep\/wp-content\/uploads\/2024\/09\/13862_1.jpg\" \/>\n\t<meta property=\"og:image:width\" content=\"800\" \/>\n\t<meta property=\"og:image:height\" content=\"800\" \/>\n\t<meta property=\"og:image:type\" content=\"image\/jpeg\" \/>\n<meta name=\"twitter:card\" content=\"summary_large_image\" \/>\n<meta name=\"twitter:label1\" content=\"Szacowany czas czytania\" \/>\n\t<meta name=\"twitter:data1\" content=\"1 minuta\" \/>\n<script type=\"application\/ld+json\" class=\"yoast-schema-graph\">{\"@context\":\"https:\/\/schema.org\",\"@graph\":[{\"@type\":\"WebPage\",\"@id\":\"https:\/\/ironsky.pl\/sklep\/produkt\/filtr-nd100k-polarpro-quartz-line-do-obiektywow-77mm\/\",\"url\":\"https:\/\/ironsky.pl\/sklep\/produkt\/filtr-nd100k-polarpro-quartz-line-do-obiektywow-77mm\/\",\"name\":\"Filtr ND100K PolarPro Quartz Line do obiektyw\u00f3w 77mm - IRONSKY.PL Sklep z Dronami\",\"isPartOf\":{\"@id\":\"https:\/\/ironsky.pl\/sklep\/#website\"},\"primaryImageOfPage\":{\"@id\":\"https:\/\/ironsky.pl\/sklep\/produkt\/filtr-nd100k-polarpro-quartz-line-do-obiektywow-77mm\/#primaryimage\"},\"image\":{\"@id\":\"https:\/\/ironsky.pl\/sklep\/produkt\/filtr-nd100k-polarpro-quartz-line-do-obiektywow-77mm\/#primaryimage\"},\"thumbnailUrl\":\"https:\/\/ironsky.pl\/sklep\/wp-content\/uploads\/2024\/09\/13862_1.jpg\",\"datePublished\":\"2024-09-16T16:32:34+00:00\",\"dateModified\":\"2026-03-05T14:49:58+00:00\",\"description\":\"Filtr ND100K PolarPro Quartz Line do obiektyw\u00f3w 77mm - \u2705 sklep z dronami i fachowym doradztwem. \u2705 Tutaj kupisz produkty DJI, Yuneec, Parrot, Syma i wiele innych, a tak\u017ce kursy i licencje na operatora drona.\",\"breadcrumb\":{\"@id\":\"https:\/\/ironsky.pl\/sklep\/produkt\/filtr-nd100k-polarpro-quartz-line-do-obiektywow-77mm\/#breadcrumb\"},\"inLanguage\":\"pl-PL\",\"potentialAction\":[{\"@type\":\"ReadAction\",\"target\":[\"https:\/\/ironsky.pl\/sklep\/produkt\/filtr-nd100k-polarpro-quartz-line-do-obiektywow-77mm\/\"]}]},{\"@type\":\"ImageObject\",\"inLanguage\":\"pl-PL\",\"@id\":\"https:\/\/ironsky.pl\/sklep\/produkt\/filtr-nd100k-polarpro-quartz-line-do-obiektywow-77mm\/#primaryimage\",\"url\":\"https:\/\/ironsky.pl\/sklep\/wp-content\/uploads\/2024\/09\/13862_1.jpg\",\"contentUrl\":\"https:\/\/ironsky.pl\/sklep\/wp-content\/uploads\/2024\/09\/13862_1.jpg\",\"width\":800,\"height\":800},{\"@type\":\"BreadcrumbList\",\"@id\":\"https:\/\/ironsky.pl\/sklep\/produkt\/filtr-nd100k-polarpro-quartz-line-do-obiektywow-77mm\/#breadcrumb\",\"itemListElement\":[{\"@type\":\"ListItem\",\"position\":1,\"name\":\"Strona g\u0142\u00f3wna\",\"item\":\"https:\/\/ironsky.pl\/sklep\/\"},{\"@type\":\"ListItem\",\"position\":2,\"name\":\"Wszystkie produkty\",\"item\":\"https:\/\/ironsky.pl\/sklep\/produkty\/\"},{\"@type\":\"ListItem\",\"position\":3,\"name\":\"Filtr ND100K PolarPro Quartz Line do obiektyw\u00f3w 77mm\"}]},{\"@type\":\"WebSite\",\"@id\":\"https:\/\/ironsky.pl\/sklep\/#website\",\"url\":\"https:\/\/ironsky.pl\/sklep\/\",\"name\":\"IRONSKY.PL Sklep z Dronami\",\"description\":\"IRONSKY.PL Sklep z Dronami\",\"potentialAction\":[{\"@type\":\"SearchAction\",\"target\":{\"@type\":\"EntryPoint\",\"urlTemplate\":\"https:\/\/ironsky.pl\/sklep\/?s={search_term_string}\"},\"query-input\":{\"@type\":\"PropertyValueSpecification\",\"valueRequired\":true,\"valueName\":\"search_term_string\"}}],\"inLanguage\":\"pl-PL\"}]}<\/script>\n<!-- \/ Yoast SEO plugin. -->","yoast_head_json":{"title":"Filtr ND100K PolarPro Quartz Line do obiektyw\u00f3w 77mm - IRONSKY.PL Sklep z Dronami","description":"Filtr ND100K PolarPro Quartz Line do obiektyw\u00f3w 77mm - \u2705 sklep z dronami i fachowym doradztwem. \u2705 Tutaj kupisz produkty DJI, Yuneec, Parrot, Syma i wiele innych, a tak\u017ce kursy i licencje na operatora drona.","robots":{"index":"index","follow":"follow","max-snippet":"max-snippet:-1","max-image-preview":"max-image-preview:large","max-video-preview":"max-video-preview:-1"},"canonical":"https:\/\/ironsky.pl\/sklep\/produkt\/filtr-nd100k-polarpro-quartz-line-do-obiektywow-77mm\/","og_locale":"pl_PL","og_type":"article","og_title":"Filtr ND100K PolarPro Quartz Line do obiektyw\u00f3w 77mm - IRONSKY.PL Sklep z Dronami","og_description":"Filtr ND100K PolarPro Quartz Line do obiektyw\u00f3w 77mm - \u2705 sklep z dronami i fachowym doradztwem. \u2705 Tutaj kupisz produkty DJI, Yuneec, Parrot, Syma i wiele innych, a tak\u017ce kursy i licencje na operatora drona.","og_url":"https:\/\/ironsky.pl\/sklep\/produkt\/filtr-nd100k-polarpro-quartz-line-do-obiektywow-77mm\/","og_site_name":"IRONSKY.PL Sklep z Dronami","article_modified_time":"2026-03-05T14:49:58+00:00","og_image":[{"width":800,"height":800,"url":"https:\/\/ironsky.pl\/sklep\/wp-content\/uploads\/2024\/09\/13862_1.jpg","type":"image\/jpeg"}],"twitter_card":"summary_large_image","twitter_misc":{"Szacowany czas czytania":"1 minuta"},"schema":{"@context":"https:\/\/schema.org","@graph":[{"@type":"WebPage","@id":"https:\/\/ironsky.pl\/sklep\/produkt\/filtr-nd100k-polarpro-quartz-line-do-obiektywow-77mm\/","url":"https:\/\/ironsky.pl\/sklep\/produkt\/filtr-nd100k-polarpro-quartz-line-do-obiektywow-77mm\/","name":"Filtr ND100K PolarPro Quartz Line do obiektyw\u00f3w 77mm - IRONSKY.PL Sklep z Dronami","isPartOf":{"@id":"https:\/\/ironsky.pl\/sklep\/#website"},"primaryImageOfPage":{"@id":"https:\/\/ironsky.pl\/sklep\/produkt\/filtr-nd100k-polarpro-quartz-line-do-obiektywow-77mm\/#primaryimage"},"image":{"@id":"https:\/\/ironsky.pl\/sklep\/produkt\/filtr-nd100k-polarpro-quartz-line-do-obiektywow-77mm\/#primaryimage"},"thumbnailUrl":"https:\/\/ironsky.pl\/sklep\/wp-content\/uploads\/2024\/09\/13862_1.jpg","datePublished":"2024-09-16T16:32:34+00:00","dateModified":"2026-03-05T14:49:58+00:00","description":"Filtr ND100K PolarPro Quartz Line do obiektyw\u00f3w 77mm - \u2705 sklep z dronami i fachowym doradztwem. \u2705 Tutaj kupisz produkty DJI, Yuneec, Parrot, Syma i wiele innych, a tak\u017ce kursy i licencje na operatora drona.","breadcrumb":{"@id":"https:\/\/ironsky.pl\/sklep\/produkt\/filtr-nd100k-polarpro-quartz-line-do-obiektywow-77mm\/#breadcrumb"},"inLanguage":"pl-PL","potentialAction":[{"@type":"ReadAction","target":["https:\/\/ironsky.pl\/sklep\/produkt\/filtr-nd100k-polarpro-quartz-line-do-obiektywow-77mm\/"]}]},{"@type":"ImageObject","inLanguage":"pl-PL","@id":"https:\/\/ironsky.pl\/sklep\/produkt\/filtr-nd100k-polarpro-quartz-line-do-obiektywow-77mm\/#primaryimage","url":"https:\/\/ironsky.pl\/sklep\/wp-content\/uploads\/2024\/09\/13862_1.jpg","contentUrl":"https:\/\/ironsky.pl\/sklep\/wp-content\/uploads\/2024\/09\/13862_1.jpg","width":800,"height":800},{"@type":"BreadcrumbList","@id":"https:\/\/ironsky.pl\/sklep\/produkt\/filtr-nd100k-polarpro-quartz-line-do-obiektywow-77mm\/#breadcrumb","itemListElement":[{"@type":"ListItem","position":1,"name":"Strona g\u0142\u00f3wna","item":"https:\/\/ironsky.pl\/sklep\/"},{"@type":"ListItem","position":2,"name":"Wszystkie produkty","item":"https:\/\/ironsky.pl\/sklep\/produkty\/"},{"@type":"ListItem","position":3,"name":"Filtr ND100K PolarPro Quartz Line do obiektyw\u00f3w 77mm"}]},{"@type":"WebSite","@id":"https:\/\/ironsky.pl\/sklep\/#website","url":"https:\/\/ironsky.pl\/sklep\/","name":"IRONSKY.PL Sklep z Dronami","description":"IRONSKY.PL Sklep z Dronami","potentialAction":[{"@type":"SearchAction","target":{"@type":"EntryPoint","urlTemplate":"https:\/\/ironsky.pl\/sklep\/?s={search_term_string}"},"query-input":{"@type":"PropertyValueSpecification","valueRequired":true,"valueName":"search_term_string"}}],"inLanguage":"pl-PL"}]}},"_links":{"self":[{"href":"https:\/\/ironsky.pl\/sklep\/wp-json\/wp\/v2\/product\/22627","targetHints":{"allow":["GET"]}}],"collection":[{"href":"https:\/\/ironsky.pl\/sklep\/wp-json\/wp\/v2\/product"}],"about":[{"href":"https:\/\/ironsky.pl\/sklep\/wp-json\/wp\/v2\/types\/product"}],"replies":[{"embeddable":true,"href":"https:\/\/ironsky.pl\/sklep\/wp-json\/wp\/v2\/comments?post=22627"}],"wp:featuredmedia":[{"embeddable":true,"href":"https:\/\/ironsky.pl\/sklep\/wp-json\/wp\/v2\/media\/22628"}],"wp:attachment":[{"href":"https:\/\/ironsky.pl\/sklep\/wp-json\/wp\/v2\/media?parent=22627"}],"wp:term":[{"taxonomy":"product_brand","embeddable":true,"href":"https:\/\/ironsky.pl\/sklep\/wp-json\/wp\/v2\/product_brand?post=22627"},{"taxonomy":"product_cat","embeddable":true,"href":"https:\/\/ironsky.pl\/sklep\/wp-json\/wp\/v2\/product_cat?post=22627"},{"taxonomy":"product_tag","embeddable":true,"href":"https:\/\/ironsky.pl\/sklep\/wp-json\/wp\/v2\/product_tag?post=22627"}],"curies":[{"name":"wp","href":"https:\/\/api.w.org\/{rel}","templated":true}]}}