{"id":22239,"date":"2024-09-16T18:00:35","date_gmt":"2024-09-16T16:00:35","guid":{"rendered":"http:\/\/gvshalph.pro-linuxpl.com\/ironskyprodukty\/produkt\/mikroinwerter-ecoflow-powerstream\/"},"modified":"2026-03-05T15:49:52","modified_gmt":"2026-03-05T14:49:52","slug":"mikroinwerter-ecoflow-powerstream","status":"publish","type":"product","link":"https:\/\/ironsky.pl\/sklep\/produkt\/mikroinwerter-ecoflow-powerstream\/","title":{"rendered":"Mikroinwerter EcoFlow PowerStream"},"content":{"rendered":"<h3>Mikroinwerter EcoFlow PowerStream<\/h3>\n<p>Mikroinwerter to swego rodzaju serce balkonowego systemu\u00a0fotowoltaicznego PowerStream, kt\u00f3ry pozwala wygodnie korzysta\u0107 z ekologicznej energii s\u0142onecznej. Umo\u017cliwia bezproblemowe pod\u0142\u0105czenie i synchronizacj\u0119 jego pozosta\u0142ych element\u00f3w takich jak inteligentne gniazdka Smart Plug i panele fotowoltaiczne.\u00a0Jest te\u017c kompatybilny ze wszystkimi przeno\u015bnymi stacjami zasilania EcoFlow, mo\u017cesz wi\u0119c magazynowa\u0107 ewentualne nadwy\u017cki pr\u0105du do p\u00f3\u017aniejszego u\u017cycia. To Tw\u00f3j pierwszy krok do inteligentnego zasilania! Uwaga: pozosta\u0142e elementy systemu (na przyk\u0142ad gniazdka, panele fotowoltaiczne i stacja zasilania) nie s\u0105 cz\u0119\u015bci\u0105 zestawu i nale\u017cy dokupi\u0107 je oddzielnie.<\/p>\n<p><img decoding=\"async\" src=\"https:\/\/b2b.innpro.pl\/data\/include\/cms\/12EcoFlow\/EcoFlow-PowerStream\/6.jpg\" border=\"0\" alt=\"12EcoFlow\/EcoFlow-PowerStream\/6\" \/><\/p>\n<h3>Przejd\u017a na wy\u017cszy poziom zasilania domowego<\/h3>\n<p>Zale\u017cy Ci na zminimalizowaniu strat energii w Twoim domu? Chcesz zacz\u0105\u0107 oszcz\u0119dza\u0107 pr\u0105d i p\u0142aci\u0107 mniejsze rachunki? A mo\u017ce szukasz ciekawych rozwi\u0105za\u0144 w zakresie zasilania awaryjnego? System PowerStream b\u0119dzie doskona\u0142ym wyborem! B\u0119d\u0105cy jego cz\u0119\u015bci\u0105 hybrydowy mikroinwerter umo\u017cliwia pod\u0142\u0105czenie paneli fotowoltaicznych o \u0142\u0105cznej mocy do 800 W. Wszelkie nadwy\u017cki pozyskanej za ich pomoc\u0105 energii mog\u0105 by\u0107 gromadzone w stacji zasilania. Zyskaj nawet 1039 kWh rocznie, obni\u017caj rachunki za pr\u0105d i oszcz\u0119dzaj pieni\u0105dze!<\/p>\n<p><img decoding=\"async\" src=\"https:\/\/b2b.innpro.pl\/data\/include\/cms\/12EcoFlow\/EcoFlow-PowerStream\/4.jpg\" border=\"0\" alt=\"12EcoFlow\/EcoFlow-PowerStream\/4\" \/><\/p>\n<h3>Przygotuj si\u0119 na ka\u017cd\u0105 awari\u0119<\/h3>\n<p>Z EcoFlow bez problemu przeczekasz nawet przed\u0142u\u017caj\u0105c\u0105 si\u0119 awari\u0119 pr\u0105du. Mikroinwerter jest kompatybilny ze wszystkimi stacjami zasilania EcoFlow, mo\u017cesz wi\u0119c wybiera\u0107 spo\u015br\u00f3d urz\u0105dze\u0144 o pojemno\u015bci od 256 Wh do a\u017c 3,6 kWh. Dostosuj system PowerStream do swoich potrzeb i miej pewno\u015b\u0107, \u017ce gdy nast\u0105pi przerwa w dostawie energii elektrycznej, wszystkie najwa\u017cniejsze urz\u0105dzenia b\u0119d\u0105 dzia\u0142a\u0107! Bez przeszk\u00f3d pracuj zdalnie lub sp\u0119dzaj czas z rodzin\u0105. Nie musisz te\u017c si\u0119 martwi\u0107, \u017ce lod\u00f3wka odm\u00f3wi Ci pos\u0142usze\u0144stwa, a przechowywane w niej jedzenie si\u0119 zepsuje!<\/p>\n<p><img decoding=\"async\" src=\"https:\/\/b2b.innpro.pl\/data\/include\/cms\/12EcoFlow\/EcoFlow-PowerStream\/1.jpg\" border=\"0\" alt=\"12EcoFlow\/EcoFlow-PowerStream\/1\" \/><\/p>\n<h3>P\u0142a\u0107 mniejsze rachunki za pr\u0105d<\/h3>\n<p>Szukasz sposob\u00f3w na skuteczne oszcz\u0119dzanie pr\u0105du? System PowerStream Ci w tym pomo\u017ce! Dost\u0119pne w oddzielnej sprzeda\u017cy gniazdka Smart Plug monitoruj\u0105 zu\u017cycie energii w czasie rzeczywistym. Dzi\u0119ki temu mikroinwerter mo\u017ce automatycznie rozdziela\u0107 odpowiednie ilo\u015bci pr\u0105du, a nadwy\u017cki przekazywa\u0107 do stacji. Masz r\u00f3wnie\u017c mo\u017cliwo\u015b\u0107 inteligentnego zarz\u0105dzania energi\u0105. Spraw, \u017ce w godzinach najwi\u0119kszego poboru Twoje urz\u0105dzenia b\u0119d\u0105 zasilane ze stacji, a j\u0105 sam\u0105 \u0142aduj o innych porach. W ten spos\u00f3b zaoszcz\u0119dzisz pieni\u0105dze!<\/p>\n<p><img decoding=\"async\" src=\"https:\/\/b2b.innpro.pl\/data\/include\/cms\/12EcoFlow\/EcoFlow-PowerStream\/7.jpg\" border=\"0\" alt=\"12EcoFlow\/EcoFlow-PowerStream\/7\" \/><\/p>\n<h3>Prosta instalacja<\/h3>\n<p>Konstrukcja typu plug &amp; play sprawia, \u017ce system jest bardzo prosty w instalacji \u2013 mo\u017cesz bez problemu zrobi\u0107 to samodzielnie. Mikroinwerter zosta\u0142 wyposa\u017cony w porty do podpi\u0119cia paneli fotowoltaicznych i stacji zasilania, a tak\u017ce port wyj\u015bciowy AC, kt\u00f3ry umo\u017cliwia pod\u0142\u0105czenie do obwod\u00f3w domowych. Urz\u0105dzenie wyr\u00f3\u017cnia si\u0119 tak\u017ce nowoczesnym, minimalistycznym designem i niewielkim rozmiarem \u2013 nie zajmie zbyt du\u017co miejsca i doskonale wkomponuje si\u0119 w otoczenie. Ponadto dost\u0119pne w sprzeda\u017cy oddzielnie p\u0142askie kable SuperFlat MC4 pozwalaj\u0105 pod\u0142\u0105czy\u0107 panele fotowoltaiczne do mikroinwertera wewn\u0105trz domu bez konieczno\u015bci wiercenia otwor\u00f3w w \u015bcianach.<\/p>\n<p><img decoding=\"async\" src=\"https:\/\/b2b.innpro.pl\/data\/include\/cms\/12EcoFlow\/EcoFlow-PowerStream\/3.jpg\" border=\"0\" alt=\"12EcoFlow\/EcoFlow-PowerStream\/3\" \/><\/p>\n<h3>Wiele zastosowa\u0144 i mo\u017cliwo\u015bci<\/h3>\n<p>Mikroinwerter to dopiero pocz\u0105tek \u2013 dokup do niego wybrane panele fotowoltaiczne oraz inteligentne gniazdka Smart Plug, a tak\u017ce przeno\u015bn\u0105 stacj\u0119 zasilania, je\u015bli jeszcze jej nie masz. System jest kompatybilny z panelami 100 W \/ 400 W o sztywnej konstrukcji i z elastycznymi panelami 100 W. Mo\u017cesz wi\u0119c dostosowa\u0107 ca\u0142e rozwi\u0105zanie do swoich wymaga\u0144! Tak wiele mo\u017cliwo\u015bci konfiguracji i rozbudowy sprawia, \u017ce PowerStream sprawdzi si\u0119 w wielu miejscach i zastosowaniach \u2013 na przyk\u0142ad na balkonie, tarasie, w ogrodzie lub gara\u017cu. Uwaga: je\u015bli mikroinwerter PowerStream jest pod\u0142\u0105czony tylko do stacji, mo\u017ce da\u0107 maksymalnie 600 W do sieci.\u00a0Aby uzyska\u0107 wi\u0119cej mocy (do 800 W), nale\u017cy jednocze\u015bnie pod\u0142\u0105czy\u0107 stacj\u0119 zasilania i panele fotowoltaiczne o mocy co najmniej 200 W.<\/p>\n<p><img decoding=\"async\" src=\"https:\/\/b2b.innpro.pl\/data\/include\/cms\/12EcoFlow\/EcoFlow-PowerStream\/5.jpg\" border=\"0\" alt=\"12EcoFlow\/EcoFlow-PowerStream\/5\" \/><\/p>\n<h3>W zestawie<\/h3>\n<ul>\n<li>Mikroinwerter PowerStream<\/li>\n<li>Os\u0142ona zabezpieczaj\u0105ca<\/li>\n<li>Klucz do od\u0142\u0105czania przewod\u00f3w<\/li>\n<li>Kabel do paneli PV (MC4) 1m<\/li>\n<li>Kabel sieciowy AC 1,5m<\/li>\n<li>P\u0142ytka do monta\u017cu na \u015bcianie<\/li>\n<li>2x ko\u0142ek rozporowy M5*40<\/li>\n<li>3x \u015bruba M5*12<\/li>\n<li>2x \u015bruba ST5.5*25<\/li>\n<li>2x \u015bruba M6*20<\/li>\n<li>2x nakr\u0119tka M6<\/li>\n<\/ul>\n<p>Uwaga: zestaw nie zawiera p\u0142askiego kabla EcoFlow MC4, inteligentnego gniazdka EcoFlow Smart Plug, przewodu do pod\u0142\u0105czenia stacji zasilania ani stacji zasilania. Te elementy systemu s\u0105 dost\u0119pne w sprzeda\u017cy oddzielnie.<\/p>\n<div class=\"table-wrapper\">\n<p>\u00a0<\/p>\n<h3>Og\u00f3lne<\/h3>\n<table>\n<tbody>\n<tr>\n<th>Producent<\/th>\n<td>EcoFlow<\/td>\n<\/tr>\n<tr>\n<th>Model<\/th>\n<td>EFWN511<\/td>\n<\/tr>\n<tr>\n<th>Wymiary<\/th>\n<td>242\u00d7169\u00d733 (mm)<\/td>\n<\/tr>\n<tr>\n<th>Waga<\/th>\n<td>Ok. 3 kg<\/td>\n<\/tr>\n<tr>\n<th>Komunikacja<\/th>\n<td>Wi-Fi i Bluetooth<\/td>\n<\/tr>\n<tr>\n<th>Maks. moc \u0142adowania i roz\u0142adowywania<\/th>\n<td>600 W<\/td>\n<\/tr>\n<\/tbody>\n<\/table>\n<p>\u00a0<\/p>\n<h3>Port PV<\/h3>\n<table>\n<tbody>\n<tr>\n<th>Napi\u0119cie pracy<\/th>\n<td>11 &#8211; 55 Vd.c.<\/td>\n<\/tr>\n<tr>\n<th>Maksymalne napi\u0119cie wej\u015bciowe<\/th>\n<td>55 Vd.c.<\/td>\n<\/tr>\n<tr>\n<th>Maksymalny pr\u0105d wyj\u015bciowy<\/th>\n<td>13 A<\/td>\n<\/tr>\n<tr>\n<th>Pocz\u0105tkowe napi\u0119cie wej\u015bciowe<\/th>\n<td>15 Vd.c.<\/td>\n<\/tr>\n<tr>\n<th>Zabezpieczenie przed odwrotnym po\u0142\u0105czeniem<\/th>\n<td>Dost\u0119pne<\/td>\n<\/tr>\n<tr>\n<th>Klasa ochrony przed pora\u017ceniem<\/th>\n<td>II<\/td>\n<\/tr>\n<tr>\n<th>Maksymalny pr\u0105d zwarciowy PV (Isc PV)<\/th>\n<td>14 A<\/td>\n<\/tr>\n<tr>\n<th>Maksymalny pr\u0105d zwrotny inwertera do uk\u0142adu<\/th>\n<td>0 A<\/td>\n<\/tr>\n<\/tbody>\n<\/table>\n<p>\u00a0<\/p>\n<h3>Port baterii \/ port DC<\/h3>\n<table>\n<tbody>\n<tr>\n<th>Maksymalny pr\u0105d wej\u015bciowy<\/th>\n<td>13 A<\/td>\n<\/tr>\n<tr>\n<th>Napi\u0119cie wej\u015bciowe<\/th>\n<td>11 -15 Vd.c. , 40 &#8211; 59 Vd.c.<\/td>\n<\/tr>\n<tr>\n<th>Maksymalne napi\u0119cie wej\u015bciowe<\/th>\n<td>59 Vd.c.<\/td>\n<\/tr>\n<tr>\n<th>Napi\u0119cie \u0142adowania<\/th>\n<td>30 &#8211; 58 Vd.c.<\/td>\n<\/tr>\n<tr>\n<th>Maksymalny pr\u0105d \u0142adowania<\/th>\n<td>13 A<\/td>\n<\/tr>\n<tr>\n<th>Znamionowe napi\u0119cie \u0142adowania<\/th>\n<td>48 Vd.c.<\/td>\n<\/tr>\n<tr>\n<th>Klasa ochrony przed pora\u017ceniem<\/th>\n<td>II<\/td>\n<\/tr>\n<tr>\n<th>Znamionowy pr\u0105d zwarcia na wej\u015bciu baterii<\/th>\n<td>20 A<\/td>\n<\/tr>\n<\/tbody>\n<\/table>\n<p>\u00a0<\/p>\n<h3>Port AC<\/h3>\n<table>\n<tbody>\n<tr>\n<th>Napi\u0119cie wyj\u015bciowe<\/th>\n<td>220\/230\/240 Va.c.<\/td>\n<\/tr>\n<tr>\n<th>Cz\u0119stotliwo\u015b\u0107 na wyj\u015bciu<\/th>\n<td>50 Hz<\/td>\n<\/tr>\n<tr>\n<th>Wsp\u00f3\u0142czynnik mocy wyj\u015bciowej<\/th>\n<td>\u00b10.8 ~ 1<\/td>\n<\/tr>\n<tr>\n<th>Maksymalny pr\u0105d wyj\u015bciowy<\/th>\n<td>3.6 A<\/td>\n<\/tr>\n<tr>\n<th>Maksymalny wyj\u015bciowy pr\u0105d zwarciowy<\/th>\n<td>18.4 A<\/td>\n<\/tr>\n<tr>\n<th>Maksymalne zabezpieczenie przeciwprzepi\u0119ciowe wyj\u015bcia<\/th>\n<td>4 A<\/td>\n<\/tr>\n<tr>\n<th>THDI<\/th>\n<td>&lt;=3% przy 100% obci\u0105\u017ceniu<\/td>\n<\/tr>\n<tr>\n<th>Klasa ochrony przed pora\u017ceniem<\/th>\n<td>III<\/td>\n<\/tr>\n<\/tbody>\n<\/table>\n<p>\u00a0<\/p>\n<h3>Pozosta\u0142e<\/h3>\n<table>\n<tbody>\n<tr>\n<th>Miejsce instalacji<\/th>\n<td>W domu lub poza domem<\/td>\n<\/tr>\n<tr>\n<th>Stopie\u0144 zanieczyszczenia warunk\u00f3w \u015brodowiskowych<\/th>\n<td>PD3<\/td>\n<\/tr>\n<tr>\n<th>Stopie\u0144 ochrony IP<\/th>\n<td>IP67<\/td>\n<\/tr>\n<tr>\n<th>Temperatura pracy<\/th>\n<td>-40\u00b0C to 50\u00b0C<\/td>\n<\/tr>\n<tr>\n<th>Wilgotno\u015b\u0107<\/th>\n<td>0 % to 100 %<\/td>\n<\/tr>\n<tr>\n<th>Wysoko\u015b\u0107 instalacji<\/th>\n<td>\u22642000 m<\/td>\n<\/tr>\n<tr>\n<th>Instalacja w warunkach podwy\u017cszonej wilgotno\u015bci<\/th>\n<td>Tak<\/td>\n<\/tr>\n<tr>\n<th>Typ inwertera<\/th>\n<td>Izolowany<\/td>\n<\/tr>\n<tr>\n<th>Kategoria ochrony<\/th>\n<td>1<\/td>\n<\/tr>\n<tr>\n<th>Zakres cz\u0119stotliwo\u015bci Wi-Fi (2.4G)<\/th>\n<td>20M: 2412 &#8211; 2472 MHz \/ 40M: 2422- 2462 MHz<\/td>\n<\/tr>\n<tr>\n<th>Maksymalna moc wyj\u015bciowa Wi-Fi<\/th>\n<td>\u2264 20 dBm<\/td>\n<\/tr>\n<tr>\n<th>Zakres cz\u0119stotliwo\u015bci Bluetooth<\/th>\n<td>2402-2480 MHz<\/td>\n<\/tr>\n<tr>\n<th>Maksymalna moc wyj\u015bciowa Bluetooth<\/th>\n<td>\u2264 20 dBm<\/td>\n<\/tr>\n<\/tbody>\n<\/table>\n<\/div>\n","protected":false},"excerpt":{"rendered":"<p>Mikroinwerter EcoFlow PowerStream Mikroinwerter to swego rodzaju serce balkonowego systemu\u00a0fotowoltaicznego PowerStream, kt\u00f3ry pozwala wygodnie korzysta\u0107 z ekologicznej energii s\u0142onecznej. Umo\u017cliwia<\/p>\n","protected":false},"featured_media":22240,"comment_status":"closed","ping_status":"open","template":"","meta":{"_acf_changed":false},"product_brand":[],"product_cat":[1112,1108,1111],"product_tag":[],"class_list":{"0":"post-22239","1":"product","2":"type-product","3":"status-publish","4":"has-post-thumbnail","6":"product_cat-akcesoria-do-stacji-ladujacych","7":"product_cat-energia","8":"product_cat-stacje-zasilania","9":"pa_box-height-4232","10":"pa_box-length-4233","11":"pa_box-width-4231","12":"pa_gross-weight-4234","13":"pa_hs-code-4235","14":"pa_net-weight-2930","16":"first","17":"outofstock","18":"taxable","19":"shipping-taxable","20":"purchasable","21":"product-type-simple"},"acf":[],"yoast_head":"<!-- This site is optimized with the Yoast SEO plugin v27.2 - https:\/\/yoast.com\/product\/yoast-seo-wordpress\/ -->\n<title>Mikroinwerter EcoFlow PowerStream - IRONSKY.PL Sklep z Dronami<\/title>\n<meta name=\"description\" content=\"Mikroinwerter EcoFlow PowerStream - \u2705 sklep z dronami i fachowym doradztwem. \u2705 Tutaj kupisz produkty DJI, Yuneec, Parrot, Syma i wiele innych, a tak\u017ce kursy i licencje na operatora drona.\" \/>\n<meta name=\"robots\" content=\"index, follow, max-snippet:-1, max-image-preview:large, max-video-preview:-1\" \/>\n<link rel=\"canonical\" href=\"https:\/\/ironsky.pl\/sklep\/produkt\/mikroinwerter-ecoflow-powerstream\/\" \/>\n<meta property=\"og:locale\" content=\"pl_PL\" \/>\n<meta property=\"og:type\" content=\"article\" \/>\n<meta property=\"og:title\" content=\"Mikroinwerter EcoFlow PowerStream - IRONSKY.PL Sklep z Dronami\" \/>\n<meta property=\"og:description\" content=\"Mikroinwerter EcoFlow PowerStream - \u2705 sklep z dronami i fachowym doradztwem. \u2705 Tutaj kupisz produkty DJI, Yuneec, Parrot, Syma i wiele innych, a tak\u017ce kursy i licencje na operatora drona.\" \/>\n<meta property=\"og:url\" content=\"https:\/\/ironsky.pl\/sklep\/produkt\/mikroinwerter-ecoflow-powerstream\/\" \/>\n<meta property=\"og:site_name\" content=\"IRONSKY.PL Sklep z Dronami\" \/>\n<meta property=\"article:modified_time\" content=\"2026-03-05T14:49:52+00:00\" \/>\n<meta property=\"og:image\" content=\"https:\/\/ironsky.pl\/sklep\/wp-content\/uploads\/2024\/09\/32404_1.jpg\" \/>\n\t<meta property=\"og:image:width\" content=\"800\" \/>\n\t<meta property=\"og:image:height\" content=\"800\" \/>\n\t<meta property=\"og:image:type\" content=\"image\/jpeg\" \/>\n<meta name=\"twitter:card\" content=\"summary_large_image\" \/>\n<meta name=\"twitter:label1\" content=\"Szacowany czas czytania\" \/>\n\t<meta name=\"twitter:data1\" content=\"5 minut\" \/>\n<script type=\"application\/ld+json\" class=\"yoast-schema-graph\">{\"@context\":\"https:\/\/schema.org\",\"@graph\":[{\"@type\":\"WebPage\",\"@id\":\"https:\/\/ironsky.pl\/sklep\/produkt\/mikroinwerter-ecoflow-powerstream\/\",\"url\":\"https:\/\/ironsky.pl\/sklep\/produkt\/mikroinwerter-ecoflow-powerstream\/\",\"name\":\"Mikroinwerter EcoFlow PowerStream - IRONSKY.PL Sklep z Dronami\",\"isPartOf\":{\"@id\":\"https:\/\/ironsky.pl\/sklep\/#website\"},\"primaryImageOfPage\":{\"@id\":\"https:\/\/ironsky.pl\/sklep\/produkt\/mikroinwerter-ecoflow-powerstream\/#primaryimage\"},\"image\":{\"@id\":\"https:\/\/ironsky.pl\/sklep\/produkt\/mikroinwerter-ecoflow-powerstream\/#primaryimage\"},\"thumbnailUrl\":\"https:\/\/ironsky.pl\/sklep\/wp-content\/uploads\/2024\/09\/32404_1.jpg\",\"datePublished\":\"2024-09-16T16:00:35+00:00\",\"dateModified\":\"2026-03-05T14:49:52+00:00\",\"description\":\"Mikroinwerter EcoFlow PowerStream - \u2705 sklep z dronami i fachowym doradztwem. \u2705 Tutaj kupisz produkty DJI, Yuneec, Parrot, Syma i wiele innych, a tak\u017ce kursy i licencje na operatora drona.\",\"breadcrumb\":{\"@id\":\"https:\/\/ironsky.pl\/sklep\/produkt\/mikroinwerter-ecoflow-powerstream\/#breadcrumb\"},\"inLanguage\":\"pl-PL\",\"potentialAction\":[{\"@type\":\"ReadAction\",\"target\":[\"https:\/\/ironsky.pl\/sklep\/produkt\/mikroinwerter-ecoflow-powerstream\/\"]}]},{\"@type\":\"ImageObject\",\"inLanguage\":\"pl-PL\",\"@id\":\"https:\/\/ironsky.pl\/sklep\/produkt\/mikroinwerter-ecoflow-powerstream\/#primaryimage\",\"url\":\"https:\/\/ironsky.pl\/sklep\/wp-content\/uploads\/2024\/09\/32404_1.jpg\",\"contentUrl\":\"https:\/\/ironsky.pl\/sklep\/wp-content\/uploads\/2024\/09\/32404_1.jpg\",\"width\":800,\"height\":800},{\"@type\":\"BreadcrumbList\",\"@id\":\"https:\/\/ironsky.pl\/sklep\/produkt\/mikroinwerter-ecoflow-powerstream\/#breadcrumb\",\"itemListElement\":[{\"@type\":\"ListItem\",\"position\":1,\"name\":\"Strona g\u0142\u00f3wna\",\"item\":\"https:\/\/ironsky.pl\/sklep\/\"},{\"@type\":\"ListItem\",\"position\":2,\"name\":\"Wszystkie produkty\",\"item\":\"https:\/\/ironsky.pl\/sklep\/produkty\/\"},{\"@type\":\"ListItem\",\"position\":3,\"name\":\"Mikroinwerter EcoFlow PowerStream\"}]},{\"@type\":\"WebSite\",\"@id\":\"https:\/\/ironsky.pl\/sklep\/#website\",\"url\":\"https:\/\/ironsky.pl\/sklep\/\",\"name\":\"IRONSKY.PL Sklep z Dronami\",\"description\":\"IRONSKY.PL Sklep z Dronami\",\"potentialAction\":[{\"@type\":\"SearchAction\",\"target\":{\"@type\":\"EntryPoint\",\"urlTemplate\":\"https:\/\/ironsky.pl\/sklep\/?s={search_term_string}\"},\"query-input\":{\"@type\":\"PropertyValueSpecification\",\"valueRequired\":true,\"valueName\":\"search_term_string\"}}],\"inLanguage\":\"pl-PL\"}]}<\/script>\n<!-- \/ Yoast SEO plugin. -->","yoast_head_json":{"title":"Mikroinwerter EcoFlow PowerStream - IRONSKY.PL Sklep z Dronami","description":"Mikroinwerter EcoFlow PowerStream - \u2705 sklep z dronami i fachowym doradztwem. \u2705 Tutaj kupisz produkty DJI, Yuneec, Parrot, Syma i wiele innych, a tak\u017ce kursy i licencje na operatora drona.","robots":{"index":"index","follow":"follow","max-snippet":"max-snippet:-1","max-image-preview":"max-image-preview:large","max-video-preview":"max-video-preview:-1"},"canonical":"https:\/\/ironsky.pl\/sklep\/produkt\/mikroinwerter-ecoflow-powerstream\/","og_locale":"pl_PL","og_type":"article","og_title":"Mikroinwerter EcoFlow PowerStream - IRONSKY.PL Sklep z Dronami","og_description":"Mikroinwerter EcoFlow PowerStream - \u2705 sklep z dronami i fachowym doradztwem. \u2705 Tutaj kupisz produkty DJI, Yuneec, Parrot, Syma i wiele innych, a tak\u017ce kursy i licencje na operatora drona.","og_url":"https:\/\/ironsky.pl\/sklep\/produkt\/mikroinwerter-ecoflow-powerstream\/","og_site_name":"IRONSKY.PL Sklep z Dronami","article_modified_time":"2026-03-05T14:49:52+00:00","og_image":[{"width":800,"height":800,"url":"https:\/\/ironsky.pl\/sklep\/wp-content\/uploads\/2024\/09\/32404_1.jpg","type":"image\/jpeg"}],"twitter_card":"summary_large_image","twitter_misc":{"Szacowany czas czytania":"5 minut"},"schema":{"@context":"https:\/\/schema.org","@graph":[{"@type":"WebPage","@id":"https:\/\/ironsky.pl\/sklep\/produkt\/mikroinwerter-ecoflow-powerstream\/","url":"https:\/\/ironsky.pl\/sklep\/produkt\/mikroinwerter-ecoflow-powerstream\/","name":"Mikroinwerter EcoFlow PowerStream - IRONSKY.PL Sklep z Dronami","isPartOf":{"@id":"https:\/\/ironsky.pl\/sklep\/#website"},"primaryImageOfPage":{"@id":"https:\/\/ironsky.pl\/sklep\/produkt\/mikroinwerter-ecoflow-powerstream\/#primaryimage"},"image":{"@id":"https:\/\/ironsky.pl\/sklep\/produkt\/mikroinwerter-ecoflow-powerstream\/#primaryimage"},"thumbnailUrl":"https:\/\/ironsky.pl\/sklep\/wp-content\/uploads\/2024\/09\/32404_1.jpg","datePublished":"2024-09-16T16:00:35+00:00","dateModified":"2026-03-05T14:49:52+00:00","description":"Mikroinwerter EcoFlow PowerStream - \u2705 sklep z dronami i fachowym doradztwem. \u2705 Tutaj kupisz produkty DJI, Yuneec, Parrot, Syma i wiele innych, a tak\u017ce kursy i licencje na operatora drona.","breadcrumb":{"@id":"https:\/\/ironsky.pl\/sklep\/produkt\/mikroinwerter-ecoflow-powerstream\/#breadcrumb"},"inLanguage":"pl-PL","potentialAction":[{"@type":"ReadAction","target":["https:\/\/ironsky.pl\/sklep\/produkt\/mikroinwerter-ecoflow-powerstream\/"]}]},{"@type":"ImageObject","inLanguage":"pl-PL","@id":"https:\/\/ironsky.pl\/sklep\/produkt\/mikroinwerter-ecoflow-powerstream\/#primaryimage","url":"https:\/\/ironsky.pl\/sklep\/wp-content\/uploads\/2024\/09\/32404_1.jpg","contentUrl":"https:\/\/ironsky.pl\/sklep\/wp-content\/uploads\/2024\/09\/32404_1.jpg","width":800,"height":800},{"@type":"BreadcrumbList","@id":"https:\/\/ironsky.pl\/sklep\/produkt\/mikroinwerter-ecoflow-powerstream\/#breadcrumb","itemListElement":[{"@type":"ListItem","position":1,"name":"Strona g\u0142\u00f3wna","item":"https:\/\/ironsky.pl\/sklep\/"},{"@type":"ListItem","position":2,"name":"Wszystkie produkty","item":"https:\/\/ironsky.pl\/sklep\/produkty\/"},{"@type":"ListItem","position":3,"name":"Mikroinwerter EcoFlow PowerStream"}]},{"@type":"WebSite","@id":"https:\/\/ironsky.pl\/sklep\/#website","url":"https:\/\/ironsky.pl\/sklep\/","name":"IRONSKY.PL Sklep z Dronami","description":"IRONSKY.PL Sklep z Dronami","potentialAction":[{"@type":"SearchAction","target":{"@type":"EntryPoint","urlTemplate":"https:\/\/ironsky.pl\/sklep\/?s={search_term_string}"},"query-input":{"@type":"PropertyValueSpecification","valueRequired":true,"valueName":"search_term_string"}}],"inLanguage":"pl-PL"}]}},"_links":{"self":[{"href":"https:\/\/ironsky.pl\/sklep\/wp-json\/wp\/v2\/product\/22239","targetHints":{"allow":["GET"]}}],"collection":[{"href":"https:\/\/ironsky.pl\/sklep\/wp-json\/wp\/v2\/product"}],"about":[{"href":"https:\/\/ironsky.pl\/sklep\/wp-json\/wp\/v2\/types\/product"}],"replies":[{"embeddable":true,"href":"https:\/\/ironsky.pl\/sklep\/wp-json\/wp\/v2\/comments?post=22239"}],"wp:featuredmedia":[{"embeddable":true,"href":"https:\/\/ironsky.pl\/sklep\/wp-json\/wp\/v2\/media\/22240"}],"wp:attachment":[{"href":"https:\/\/ironsky.pl\/sklep\/wp-json\/wp\/v2\/media?parent=22239"}],"wp:term":[{"taxonomy":"product_brand","embeddable":true,"href":"https:\/\/ironsky.pl\/sklep\/wp-json\/wp\/v2\/product_brand?post=22239"},{"taxonomy":"product_cat","embeddable":true,"href":"https:\/\/ironsky.pl\/sklep\/wp-json\/wp\/v2\/product_cat?post=22239"},{"taxonomy":"product_tag","embeddable":true,"href":"https:\/\/ironsky.pl\/sklep\/wp-json\/wp\/v2\/product_tag?post=22239"}],"curies":[{"name":"wp","href":"https:\/\/api.w.org\/{rel}","templated":true}]}}