{"id":22234,"date":"2024-09-16T18:00:35","date_gmt":"2024-09-16T16:00:35","guid":{"rendered":"http:\/\/gvshalph.pro-linuxpl.com\/ironskyprodukty\/produkt\/jednoosiowy-tracker-sloneczny-ecoflow\/"},"modified":"2026-03-05T15:49:52","modified_gmt":"2026-03-05T14:49:52","slug":"jednoosiowy-tracker-sloneczny-ecoflow","status":"publish","type":"product","link":"https:\/\/ironsky.pl\/sklep\/produkt\/jednoosiowy-tracker-sloneczny-ecoflow\/","title":{"rendered":"Jednoosiowy tracker s\u0142oneczny EcoFlow"},"content":{"rendered":"<h3>EcoFlow Jednoosiowy tracker s\u0142oneczny<\/h3>\n<p>Jednoosiowy tracker EcoFlow automatycznie \u015bledzi promienie s\u0142oneczne i dostosowuje swoje po\u0142o\u017cenie w taki spos\u00f3b, aby zamontowany na nim panel fotowoltaiczny by\u0142 zawsze ustawiony pod odpowiednim k\u0105tem wzgl\u0119dem s\u0142o\u0144ca. Dzi\u0119ki temu mo\u017cesz cieszy\u0107 si\u0119 znacznie wi\u0119ksz\u0105 efektywno\u015bci\u0105! Produkt jest odporny na wod\u0119 i wiatr, zosta\u0142 te\u017c wyposa\u017cony w czujnik \u015bwiat\u0142a i deszczu. Automatycznie reguluje swoje nachylenie w zakresie 10-85\u00b0 w zale\u017cno\u015bci od warunk\u00f3w otoczenia. Je\u015bli korzystasz lub zamierzasz korzysta\u0107 z systemu PowerStream, warto rozwa\u017cy\u0107 zakup trackera \u2013 urz\u0105dzenie zapewni Ci optymaln\u0105 wydajno\u015b\u0107 i pozwoli pozyskiwa\u0107 wi\u0119cej energii ze s\u0142o\u0144ca.<\/p>\n<p><img decoding=\"async\" src=\"https:\/\/b2b.innpro.pl\/data\/include\/cms\/12EcoFlow\/Jednoosiowy-tracker-sloneczny-EcoFlow\/6.jpg\" border=\"0\" alt=\"12EcoFlow\/Jednoosiowy-tracker-sloneczny-EcoFlow\/6\" \/><\/p>\n<div class=\"table-wrapper\">\n<table>\n<tbody>\n<tr>\n<th>Producent<\/th>\n<td>EcoFlow<\/td>\n<\/tr>\n<tr>\n<th>Nazwa<\/th>\n<td>EcoFlow Single Axis Solar Tracker<\/td>\n<\/tr>\n<tr>\n<th>Model<\/th>\n<td>EFD100<\/td>\n<\/tr>\n<tr>\n<th>Waga<\/th>\n<td>Ok. 11 kg<\/td>\n<\/tr>\n<tr>\n<th>Wymiary po roz\u0142o\u017ceniu<\/th>\n<td>1250 x 850 x 1000 mm<\/td>\n<\/tr>\n<tr>\n<th>Wymiary po z\u0142o\u017ceniu<\/th>\n<td>1250 x 223 x 88 mm<\/td>\n<\/tr>\n<tr>\n<th>Stopie\u0144 ochrony IP<\/th>\n<td>IP54<\/td>\n<\/tr>\n<tr>\n<th>Zakres regulacji nachylenia<\/th>\n<td>10-85\u00b0<\/td>\n<\/tr>\n<tr>\n<th>Zakres wymiar\u00f3w<\/th>\n<td>1000-2500 x 600-1200 x 30-40 mm<\/td>\n<\/tr>\n<tr>\n<th>Maks. obci\u0105\u017cenie<\/th>\n<td>28 kg<\/td>\n<\/tr>\n<tr>\n<th>Wi-Fi \/ Bluetooth<\/th>\n<td>Obs\u0142ugiwane<\/td>\n<\/tr>\n<tr>\n<th>Wej\u015bcie USB-C<\/th>\n<td>5 V 10 W<\/td>\n<\/tr>\n<tr>\n<th>Wej\u015bcie solarne<\/th>\n<td>10,5-50 V 30 W maks.<\/td>\n<\/tr>\n<tr>\n<th>Pojemno\u015b\u0107 akumulatora<\/th>\n<td>36 Wh (14,4 V 2,5 Ah)<\/td>\n<\/tr>\n<tr>\n<th>Rodzaj ogniwa<\/th>\n<td>NCM<\/td>\n<\/tr>\n<tr>\n<th>Temperatura \u0142adowania<\/th>\n<td>Od 0\u00b0C do 48\u00b0C<\/td>\n<\/tr>\n<tr>\n<th>Temperatura roz\u0142adowania<\/th>\n<td>Od -17\u00b0C do 62\u00b0C<\/td>\n<\/tr>\n<tr>\n<th>\u017bywotno\u015b\u0107 akumulatora<\/th>\n<td>Ok. 500 cykli do 80%+ pojemno\u015bci<\/td>\n<\/tr>\n<\/tbody>\n<\/table>\n<\/div>\n","protected":false},"excerpt":{"rendered":"<p>EcoFlow Jednoosiowy tracker s\u0142oneczny Jednoosiowy tracker EcoFlow automatycznie \u015bledzi promienie s\u0142oneczne i dostosowuje swoje po\u0142o\u017cenie w taki spos\u00f3b, aby zamontowany<\/p>\n","protected":false},"featured_media":22235,"comment_status":"closed","ping_status":"open","template":"","meta":{"_acf_changed":false},"product_brand":[],"product_cat":[1112,1108,1111],"product_tag":[],"class_list":{"0":"post-22234","1":"product","2":"type-product","3":"status-publish","4":"has-post-thumbnail","6":"product_cat-akcesoria-do-stacji-ladujacych","7":"product_cat-energia","8":"product_cat-stacje-zasilania","9":"pa_box-height-1383","10":"pa_box-length-4227","11":"pa_box-width-3726","12":"pa_gross-weight-4228","13":"pa_hs-code-4229","14":"pa_net-weight-4226","16":"first","17":"outofstock","18":"taxable","19":"shipping-taxable","20":"purchasable","21":"product-type-simple"},"acf":[],"yoast_head":"<!-- This site is optimized with the Yoast SEO plugin v27.2 - https:\/\/yoast.com\/product\/yoast-seo-wordpress\/ -->\n<title>Jednoosiowy tracker s\u0142oneczny EcoFlow - IRONSKY.PL Sklep z Dronami<\/title>\n<meta name=\"description\" content=\"Jednoosiowy tracker s\u0142oneczny EcoFlow - \u2705 sklep z dronami i fachowym doradztwem. \u2705 Tutaj kupisz produkty DJI, Yuneec, Parrot, Syma i wiele innych, a tak\u017ce kursy i licencje na operatora drona.\" \/>\n<meta name=\"robots\" content=\"index, follow, max-snippet:-1, max-image-preview:large, max-video-preview:-1\" \/>\n<link rel=\"canonical\" href=\"https:\/\/ironsky.pl\/sklep\/produkt\/jednoosiowy-tracker-sloneczny-ecoflow\/\" \/>\n<meta property=\"og:locale\" content=\"pl_PL\" \/>\n<meta property=\"og:type\" content=\"article\" \/>\n<meta property=\"og:title\" content=\"Jednoosiowy tracker s\u0142oneczny EcoFlow - IRONSKY.PL Sklep z Dronami\" \/>\n<meta property=\"og:description\" content=\"Jednoosiowy tracker s\u0142oneczny EcoFlow - \u2705 sklep z dronami i fachowym doradztwem. \u2705 Tutaj kupisz produkty DJI, Yuneec, Parrot, Syma i wiele innych, a tak\u017ce kursy i licencje na operatora drona.\" \/>\n<meta property=\"og:url\" content=\"https:\/\/ironsky.pl\/sklep\/produkt\/jednoosiowy-tracker-sloneczny-ecoflow\/\" \/>\n<meta property=\"og:site_name\" content=\"IRONSKY.PL Sklep z Dronami\" \/>\n<meta property=\"article:modified_time\" content=\"2026-03-05T14:49:52+00:00\" \/>\n<meta property=\"og:image\" content=\"https:\/\/ironsky.pl\/sklep\/wp-content\/uploads\/2024\/09\/32380_3.jpg\" \/>\n\t<meta property=\"og:image:width\" content=\"800\" \/>\n\t<meta property=\"og:image:height\" content=\"800\" \/>\n\t<meta property=\"og:image:type\" content=\"image\/jpeg\" \/>\n<meta name=\"twitter:card\" content=\"summary_large_image\" \/>\n<meta name=\"twitter:label1\" content=\"Szacowany czas czytania\" \/>\n\t<meta name=\"twitter:data1\" content=\"1 minuta\" \/>\n<script type=\"application\/ld+json\" class=\"yoast-schema-graph\">{\"@context\":\"https:\/\/schema.org\",\"@graph\":[{\"@type\":\"WebPage\",\"@id\":\"https:\/\/ironsky.pl\/sklep\/produkt\/jednoosiowy-tracker-sloneczny-ecoflow\/\",\"url\":\"https:\/\/ironsky.pl\/sklep\/produkt\/jednoosiowy-tracker-sloneczny-ecoflow\/\",\"name\":\"Jednoosiowy tracker s\u0142oneczny EcoFlow - IRONSKY.PL Sklep z Dronami\",\"isPartOf\":{\"@id\":\"https:\/\/ironsky.pl\/sklep\/#website\"},\"primaryImageOfPage\":{\"@id\":\"https:\/\/ironsky.pl\/sklep\/produkt\/jednoosiowy-tracker-sloneczny-ecoflow\/#primaryimage\"},\"image\":{\"@id\":\"https:\/\/ironsky.pl\/sklep\/produkt\/jednoosiowy-tracker-sloneczny-ecoflow\/#primaryimage\"},\"thumbnailUrl\":\"https:\/\/ironsky.pl\/sklep\/wp-content\/uploads\/2024\/09\/32380_3.jpg\",\"datePublished\":\"2024-09-16T16:00:35+00:00\",\"dateModified\":\"2026-03-05T14:49:52+00:00\",\"description\":\"Jednoosiowy tracker s\u0142oneczny EcoFlow - \u2705 sklep z dronami i fachowym doradztwem. \u2705 Tutaj kupisz produkty DJI, Yuneec, Parrot, Syma i wiele innych, a tak\u017ce kursy i licencje na operatora drona.\",\"breadcrumb\":{\"@id\":\"https:\/\/ironsky.pl\/sklep\/produkt\/jednoosiowy-tracker-sloneczny-ecoflow\/#breadcrumb\"},\"inLanguage\":\"pl-PL\",\"potentialAction\":[{\"@type\":\"ReadAction\",\"target\":[\"https:\/\/ironsky.pl\/sklep\/produkt\/jednoosiowy-tracker-sloneczny-ecoflow\/\"]}]},{\"@type\":\"ImageObject\",\"inLanguage\":\"pl-PL\",\"@id\":\"https:\/\/ironsky.pl\/sklep\/produkt\/jednoosiowy-tracker-sloneczny-ecoflow\/#primaryimage\",\"url\":\"https:\/\/ironsky.pl\/sklep\/wp-content\/uploads\/2024\/09\/32380_3.jpg\",\"contentUrl\":\"https:\/\/ironsky.pl\/sklep\/wp-content\/uploads\/2024\/09\/32380_3.jpg\",\"width\":800,\"height\":800},{\"@type\":\"BreadcrumbList\",\"@id\":\"https:\/\/ironsky.pl\/sklep\/produkt\/jednoosiowy-tracker-sloneczny-ecoflow\/#breadcrumb\",\"itemListElement\":[{\"@type\":\"ListItem\",\"position\":1,\"name\":\"Strona g\u0142\u00f3wna\",\"item\":\"https:\/\/ironsky.pl\/sklep\/\"},{\"@type\":\"ListItem\",\"position\":2,\"name\":\"Wszystkie produkty\",\"item\":\"https:\/\/ironsky.pl\/sklep\/produkty\/\"},{\"@type\":\"ListItem\",\"position\":3,\"name\":\"Jednoosiowy tracker s\u0142oneczny EcoFlow\"}]},{\"@type\":\"WebSite\",\"@id\":\"https:\/\/ironsky.pl\/sklep\/#website\",\"url\":\"https:\/\/ironsky.pl\/sklep\/\",\"name\":\"IRONSKY.PL Sklep z Dronami\",\"description\":\"IRONSKY.PL Sklep z Dronami\",\"potentialAction\":[{\"@type\":\"SearchAction\",\"target\":{\"@type\":\"EntryPoint\",\"urlTemplate\":\"https:\/\/ironsky.pl\/sklep\/?s={search_term_string}\"},\"query-input\":{\"@type\":\"PropertyValueSpecification\",\"valueRequired\":true,\"valueName\":\"search_term_string\"}}],\"inLanguage\":\"pl-PL\"}]}<\/script>\n<!-- \/ Yoast SEO plugin. -->","yoast_head_json":{"title":"Jednoosiowy tracker s\u0142oneczny EcoFlow - IRONSKY.PL Sklep z Dronami","description":"Jednoosiowy tracker s\u0142oneczny EcoFlow - \u2705 sklep z dronami i fachowym doradztwem. \u2705 Tutaj kupisz produkty DJI, Yuneec, Parrot, Syma i wiele innych, a tak\u017ce kursy i licencje na operatora drona.","robots":{"index":"index","follow":"follow","max-snippet":"max-snippet:-1","max-image-preview":"max-image-preview:large","max-video-preview":"max-video-preview:-1"},"canonical":"https:\/\/ironsky.pl\/sklep\/produkt\/jednoosiowy-tracker-sloneczny-ecoflow\/","og_locale":"pl_PL","og_type":"article","og_title":"Jednoosiowy tracker s\u0142oneczny EcoFlow - IRONSKY.PL Sklep z Dronami","og_description":"Jednoosiowy tracker s\u0142oneczny EcoFlow - \u2705 sklep z dronami i fachowym doradztwem. \u2705 Tutaj kupisz produkty DJI, Yuneec, Parrot, Syma i wiele innych, a tak\u017ce kursy i licencje na operatora drona.","og_url":"https:\/\/ironsky.pl\/sklep\/produkt\/jednoosiowy-tracker-sloneczny-ecoflow\/","og_site_name":"IRONSKY.PL Sklep z Dronami","article_modified_time":"2026-03-05T14:49:52+00:00","og_image":[{"width":800,"height":800,"url":"https:\/\/ironsky.pl\/sklep\/wp-content\/uploads\/2024\/09\/32380_3.jpg","type":"image\/jpeg"}],"twitter_card":"summary_large_image","twitter_misc":{"Szacowany czas czytania":"1 minuta"},"schema":{"@context":"https:\/\/schema.org","@graph":[{"@type":"WebPage","@id":"https:\/\/ironsky.pl\/sklep\/produkt\/jednoosiowy-tracker-sloneczny-ecoflow\/","url":"https:\/\/ironsky.pl\/sklep\/produkt\/jednoosiowy-tracker-sloneczny-ecoflow\/","name":"Jednoosiowy tracker s\u0142oneczny EcoFlow - IRONSKY.PL Sklep z Dronami","isPartOf":{"@id":"https:\/\/ironsky.pl\/sklep\/#website"},"primaryImageOfPage":{"@id":"https:\/\/ironsky.pl\/sklep\/produkt\/jednoosiowy-tracker-sloneczny-ecoflow\/#primaryimage"},"image":{"@id":"https:\/\/ironsky.pl\/sklep\/produkt\/jednoosiowy-tracker-sloneczny-ecoflow\/#primaryimage"},"thumbnailUrl":"https:\/\/ironsky.pl\/sklep\/wp-content\/uploads\/2024\/09\/32380_3.jpg","datePublished":"2024-09-16T16:00:35+00:00","dateModified":"2026-03-05T14:49:52+00:00","description":"Jednoosiowy tracker s\u0142oneczny EcoFlow - \u2705 sklep z dronami i fachowym doradztwem. \u2705 Tutaj kupisz produkty DJI, Yuneec, Parrot, Syma i wiele innych, a tak\u017ce kursy i licencje na operatora drona.","breadcrumb":{"@id":"https:\/\/ironsky.pl\/sklep\/produkt\/jednoosiowy-tracker-sloneczny-ecoflow\/#breadcrumb"},"inLanguage":"pl-PL","potentialAction":[{"@type":"ReadAction","target":["https:\/\/ironsky.pl\/sklep\/produkt\/jednoosiowy-tracker-sloneczny-ecoflow\/"]}]},{"@type":"ImageObject","inLanguage":"pl-PL","@id":"https:\/\/ironsky.pl\/sklep\/produkt\/jednoosiowy-tracker-sloneczny-ecoflow\/#primaryimage","url":"https:\/\/ironsky.pl\/sklep\/wp-content\/uploads\/2024\/09\/32380_3.jpg","contentUrl":"https:\/\/ironsky.pl\/sklep\/wp-content\/uploads\/2024\/09\/32380_3.jpg","width":800,"height":800},{"@type":"BreadcrumbList","@id":"https:\/\/ironsky.pl\/sklep\/produkt\/jednoosiowy-tracker-sloneczny-ecoflow\/#breadcrumb","itemListElement":[{"@type":"ListItem","position":1,"name":"Strona g\u0142\u00f3wna","item":"https:\/\/ironsky.pl\/sklep\/"},{"@type":"ListItem","position":2,"name":"Wszystkie produkty","item":"https:\/\/ironsky.pl\/sklep\/produkty\/"},{"@type":"ListItem","position":3,"name":"Jednoosiowy tracker s\u0142oneczny EcoFlow"}]},{"@type":"WebSite","@id":"https:\/\/ironsky.pl\/sklep\/#website","url":"https:\/\/ironsky.pl\/sklep\/","name":"IRONSKY.PL Sklep z Dronami","description":"IRONSKY.PL Sklep z Dronami","potentialAction":[{"@type":"SearchAction","target":{"@type":"EntryPoint","urlTemplate":"https:\/\/ironsky.pl\/sklep\/?s={search_term_string}"},"query-input":{"@type":"PropertyValueSpecification","valueRequired":true,"valueName":"search_term_string"}}],"inLanguage":"pl-PL"}]}},"_links":{"self":[{"href":"https:\/\/ironsky.pl\/sklep\/wp-json\/wp\/v2\/product\/22234","targetHints":{"allow":["GET"]}}],"collection":[{"href":"https:\/\/ironsky.pl\/sklep\/wp-json\/wp\/v2\/product"}],"about":[{"href":"https:\/\/ironsky.pl\/sklep\/wp-json\/wp\/v2\/types\/product"}],"replies":[{"embeddable":true,"href":"https:\/\/ironsky.pl\/sklep\/wp-json\/wp\/v2\/comments?post=22234"}],"wp:featuredmedia":[{"embeddable":true,"href":"https:\/\/ironsky.pl\/sklep\/wp-json\/wp\/v2\/media\/22235"}],"wp:attachment":[{"href":"https:\/\/ironsky.pl\/sklep\/wp-json\/wp\/v2\/media?parent=22234"}],"wp:term":[{"taxonomy":"product_brand","embeddable":true,"href":"https:\/\/ironsky.pl\/sklep\/wp-json\/wp\/v2\/product_brand?post=22234"},{"taxonomy":"product_cat","embeddable":true,"href":"https:\/\/ironsky.pl\/sklep\/wp-json\/wp\/v2\/product_cat?post=22234"},{"taxonomy":"product_tag","embeddable":true,"href":"https:\/\/ironsky.pl\/sklep\/wp-json\/wp\/v2\/product_tag?post=22234"}],"curies":[{"name":"wp","href":"https:\/\/api.w.org\/{rel}","templated":true}]}}