{"id":22004,"date":"2024-09-16T17:56:02","date_gmt":"2024-09-16T15:56:02","guid":{"rendered":"http:\/\/gvshalph.pro-linuxpl.com\/ironskyprodukty\/produkt\/selfie-stick-z-powerbankiem-usb-c-telesin-dla-kamer-sportowych-smartphone-te-css-001\/"},"modified":"2026-03-05T15:49:48","modified_gmt":"2026-03-05T14:49:48","slug":"selfie-stick-z-powerbankiem-usb-c-telesin-dla-kamer-sportowych-smartphone-te-css-001","status":"publish","type":"product","link":"https:\/\/ironsky.pl\/sklep\/produkt\/selfie-stick-z-powerbankiem-usb-c-telesin-dla-kamer-sportowych-smartphone-te-css-001\/","title":{"rendered":"Selfie-stick z powerbankiem USB-C Telesin dla kamer sportowych \/ smartphone TE-CSS-001"},"content":{"rendered":"<h3 style=\"text-align: center;\">Selfie-stick z powerbankiem USB-C Telesin dla kamer sportowych \/ smartphone TE-CSS-001<\/h3>\n<p>Nagrywaj przez d\u0142ugi czas, uzyskaj oryginaln\u0105 perspektyw\u0119 i miej pewno\u015b\u0107, \u017ce kamera nie odm\u00f3wi Ci pos\u0142usze\u0144stwa w najmniej odpowiednim momencie. Selfie stick Telesin TE-CSS-001 mo\u017ce te\u017c pe\u0142ni\u0107 rol\u0119 powerbanku \u2013 obs\u0142uguje szybkie \u0142adowanie i wyr\u00f3\u017cnia si\u0119 pojemno\u015bci\u0105 10 000 mAh. Rozk\u0142ada si\u0119 na d\u0142ugo\u015b\u0107 nawet 90 cm i pozwala \u0142adowa\u0107 2 urz\u0105dzenia jednocze\u015bnie. Cechuje go tak\u017ce wodoodporno\u015b\u0107 IP52.<\/p>\n<p><img decoding=\"async\" src=\"https:\/\/b2b.innpro.pl\/data\/include\/cms\/Telesin\/TE-CSS-001\/3.jpg\" border=\"0\" alt=\"\" width=\"1100\" height=\"700\" \/><\/p>\n<p>\u00a0<\/p>\n<h3 style=\"text-align: center;\">Pojemno\u015b\u0107 10 000 mAh<\/h3>\n<p>Pojemno\u015b\u0107 powerbanku wynosi 10 000 mAh, co oznacza, \u017ce mo\u017cesz cieszy\u0107 si\u0119 oko\u0142o 5-krotnie d\u0142u\u017cszym czasem pracy ni\u017c podczas korzystania ze zwyk\u0142ych akumulator\u00f3w. To przek\u0142ada si\u0119 na nawet 5 godzin nieprzerwanego nagrywania film\u00f3w 5.3K\/30FPS! Ju\u017c nie musisz si\u0119 martwi\u0107, \u017ce Twoja kamera zbyt szybko si\u0119 roz\u0142aduje i uniemo\u017cliwi stworzenie idealnych uj\u0119\u0107.<\/p>\n<p><img decoding=\"async\" src=\"https:\/\/b2b.innpro.pl\/data\/include\/cms\/Telesin\/TE-CSS-001\/2.jpg\" border=\"0\" alt=\"\" width=\"1100\" height=\"700\" \/><\/p>\n<p>\u00a0<\/p>\n<h3 style=\"text-align: center;\">Szybkie \u0142adowanie<\/h3>\n<p>Ju\u017c nie musisz czeka\u0107 w niesko\u0144czono\u015b\u0107, a\u017c Twoje urz\u0105dzenia b\u0119d\u0105 gotowe do pracy. Powerbank oferuje moc si\u0119gaj\u0105c\u0105 18 W i wspiera takie standardy szybkiego \u0142adowania jak QC i PD3.0. Dzi\u0119ki temu w mgnieniu oka odnowi energi\u0119 Twojej kamery lub smartfona! Produkt obs\u0142uguje tak\u017ce moc wej\u015bciow\u0105 18 W, co pozwala na\u0142adowa\u0107 go w kr\u00f3tkim czasie. Informacji o statusie akumulatora powerbanku podczas \u0142adowania dostarcz\u0105 Ci wbudowane wska\u017aniki.<\/p>\n<p><img decoding=\"async\" src=\"https:\/\/b2b.innpro.pl\/data\/include\/cms\/Telesin\/TE-CSS-001\/9.jpg\" border=\"0\" alt=\"\" width=\"1100\" height=\"700\" \/><\/p>\n<p>\u00a0<\/p>\n<h3 style=\"text-align: center;\">\u0141aduj 2 urz\u0105dzenia jednocze\u015bnie<\/h3>\n<p>Za pomoc\u0105 powerbanku TE-CSS-001 wygodnie na\u0142adujesz nawet 2 urz\u0105dzenia jednocze\u015bnie. Produkt zosta\u0142 wyposa\u017cony w spr\u0119\u017cynowy kabel USB-C oraz port USB-C, dzi\u0119ki czemu zasili nie tylko zamontowan\u0105 na nim kamer\u0119, ale te\u017c na przyk\u0142ad telefon. Uwaga: podczas korzystania z kabla i portu USB-C jednocze\u015bnie nie jest mo\u017cliwe szybkie \u0142adowanie.<\/p>\n<p><img decoding=\"async\" src=\"https:\/\/b2b.innpro.pl\/data\/include\/cms\/Telesin\/TE-CSS-001\/7.jpg\" border=\"0\" alt=\"\" width=\"1100\" height=\"700\" \/><\/p>\n<p>\u00a0<\/p>\n<h3 style=\"text-align: center;\">Rozk\u0142adany selfie stick<\/h3>\n<p>Zyskaj jeszcze wi\u0119cej mo\u017cliwo\u015bci nagrywania oryginalnych materia\u0142\u00f3w. Mo\u017cesz regulowa\u0107 d\u0142ugo\u015b\u0107 selfie sticka w zakresie 21,6-90 cm, dzi\u0119ki czemu bez trudu zrobisz sobie perfekcyjne selfie na tle pi\u0119knego krajobrazu lub zmie\u015bcisz na zdj\u0119ciu swoich przyjaci\u00f3\u0142. Co wi\u0119cej, akcesorium zosta\u0142o wyposa\u017cone w ergonomiczny uchwyt, kt\u00f3ry doskonale le\u017cy w d\u0142oni i si\u0119 z niej nie wy\u015blizguje.<\/p>\n<p><img decoding=\"async\" src=\"https:\/\/b2b.innpro.pl\/data\/include\/cms\/Telesin\/TE-CSS-001\/1.jpg\" border=\"0\" alt=\"\" width=\"1100\" height=\"700\" \/><\/p>\n<p>\u00a0<\/p>\n<h3 style=\"text-align: center;\">Przemy\u015blana konstrukcja<\/h3>\n<p>Bez obaw zabierz urz\u0105dzenie w g\u00f3ry, na narty lub do lasu. Powerbank wyr\u00f3\u017cnia si\u0119 wodoodporno\u015bci\u0105 IP52, co oznacza, \u017ce niestraszny mu \u015bnieg czy deszcz. Py\u0142 r\u00f3wnie\u017c nie stanowi dla niego wi\u0119kszego zagro\u017cenia. Atutem produktu jest te\u017c umieszczony na spodzie otw\u00f3r 1\/4\u2033, kt\u00f3ry umo\u017cliwia monta\u017c dodatkowych akcesori\u00f3w, na przyk\u0142ad statywu (w sprzeda\u017cy oddzielnie).<\/p>\n<p><img decoding=\"async\" src=\"https:\/\/b2b.innpro.pl\/data\/include\/cms\/Telesin\/TE-CSS-001\/6.jpg\" border=\"0\" alt=\"\" width=\"1100\" height=\"700\" \/><\/p>\n<p>\u00a0<\/p>\n<h3 style=\"text-align: center;\">Szeroka kompatybilno\u015b\u0107<\/h3>\n<p>Postaw na uniwersalne rozwi\u0105zania. Powerbank jest kompatybilny z wi\u0119kszo\u015bci\u0105 modeli smartfon\u00f3w, kamer sportowych, kamer 360\u00b0 i aparat\u00f3w bezlusterkowych znanych marek. W zestawie znajdziesz te\u017c dodatkowy adapter oraz uchwyt na telefon, dzi\u0119ki kt\u00f3rym bez trudu zamontujesz wybrane urz\u0105dzenie. Po\u017cegnaj ograniczenia \u2013 z Telesin zyskujesz jeszcze wi\u0119cej mo\u017cliwo\u015bci nagrywania oryginalnych materia\u0142\u00f3w wideo!<\/p>\n<p><img decoding=\"async\" src=\"https:\/\/b2b.innpro.pl\/data\/include\/cms\/Telesin\/TE-CSS-001\/5.jpg\" border=\"0\" alt=\"\" width=\"1100\" height=\"700\" \/><\/p>\n<p>\u00a0<\/p>\n<h3>W zestawie<\/h3>\n<ul>\n<li>Selfie stick z powerbankiem<\/li>\n<li>Adapter do kamery sportowej<\/li>\n<li>\u015aruba<\/li>\n<li>Uchwyt na telefon<\/li>\n<li>Klapka z otworem na kabel do GoPro Hero 11 \/ 10 \/ 9<\/li>\n<li>Instrukcja obs\u0142ugi<\/li>\n<li>Kabel szybkiego \u0142adowania<\/li>\n<\/ul>\n<div class=\"table-wrapper\">\n<table>\n<tbody>\n<tr>\n<th>Producent<\/th>\n<td>Telesin<\/td>\n<\/tr>\n<tr>\n<th>Model<\/th>\n<td>TE-CSS-001<\/td>\n<\/tr>\n<tr>\n<th>D\u0142ugo\u015b\u0107 selfie sticka<\/th>\n<td>216-900 mm<\/td>\n<\/tr>\n<tr>\n<th>Pojemno\u015b\u0107 akumulatora<\/th>\n<td>10 000 mAh<\/td>\n<\/tr>\n<tr>\n<th>Pojemno\u015b\u0107 znamionowa<\/th>\n<td>5000 mAh, 3,6 V, 36 Wh<\/td>\n<\/tr>\n<tr>\n<th>Wej\u015bcie zasilania<\/th>\n<td>5 V \/ 3 A, 9 V \/ 2 A, 12 V \/ 1,5 A<\/td>\n<\/tr>\n<tr>\n<th>Pr\u0105d wyj\u015bciowy<\/th>\n<td>5 V \/ 3 A, 9 V \/ 2 A, 12 V \/ 1,5 A<\/td>\n<\/tr>\n<tr>\n<th>Obs\u0142ugiwane standardy szybkiego \u0142adowania<\/th>\n<td>QC3.0, PD3.0, FPC, AFC, Apple2.4A maks. 18 W<\/td>\n<\/tr>\n<tr>\n<th>Waga<\/th>\n<td>400 g<\/td>\n<\/tr>\n<\/tbody>\n<\/table>\n<\/div>\n<style type=\"text\/css\"><!--\n.table-wrapper{width:100%;overflow-x:auto}.table-wrapper>table{border-spacing:0}.table-wrapper>table>tbody>tr>td,.table-wrapper>table>tbody>tr>th{padding:10px 35px;text-align:left}.table-wrapper>table>tbody>tr>th{vertical-align:top}.table-wrapper>table>tbody>tr:nth-child(even){background-color:#f7f7f7}\n--><\/style>\n","protected":false},"excerpt":{"rendered":"<p>Selfie-stick z powerbankiem USB-C Telesin dla kamer sportowych \/ smartphone TE-CSS-001 Nagrywaj przez d\u0142ugi czas, uzyskaj oryginaln\u0105 perspektyw\u0119 i miej<\/p>\n","protected":false},"featured_media":22005,"comment_status":"closed","ping_status":"open","template":"","meta":{"_acf_changed":false},"product_brand":[],"product_cat":[1108,1113],"product_tag":[],"class_list":{"0":"post-22004","1":"product","2":"type-product","3":"status-publish","4":"has-post-thumbnail","6":"product_cat-energia","7":"product_cat-powerbanki","8":"pa_box-height-1504","9":"pa_box-length-1332","10":"pa_box-width-1423","11":"pa_gross-weight-3929","12":"pa_hs-code-2032","13":"pa_kolor-czarny","14":"pa_ladowanie-indukcyjne-nie","15":"pa_moc-ladowania-w-2982","16":"pa_net-weight-3928","17":"pa_pojemnosc-mah-2047","19":"first","20":"outofstock","21":"taxable","22":"shipping-taxable","23":"purchasable","24":"product-type-simple"},"acf":[],"yoast_head":"<!-- This site is optimized with the Yoast SEO plugin v27.2 - https:\/\/yoast.com\/product\/yoast-seo-wordpress\/ -->\n<title>Selfie-stick z powerbankiem USB-C Telesin dla kamer sportowych \/ smartphone TE-CSS-001 - IRONSKY.PL Sklep z Dronami<\/title>\n<meta name=\"description\" content=\"Selfie-stick z powerbankiem USB-C Telesin dla kamer sportowych \/ smartphone TE-CSS-001 - \u2705 sklep z dronami i fachowym doradztwem. \u2705 Tutaj kupisz produkty DJI, Yuneec, Parrot, Syma i wiele innych, a tak\u017ce kursy i licencje na operatora drona.\" \/>\n<meta name=\"robots\" content=\"index, follow, max-snippet:-1, max-image-preview:large, max-video-preview:-1\" \/>\n<link rel=\"canonical\" href=\"https:\/\/ironsky.pl\/sklep\/produkt\/selfie-stick-z-powerbankiem-usb-c-telesin-dla-kamer-sportowych-smartphone-te-css-001\/\" \/>\n<meta property=\"og:locale\" content=\"pl_PL\" \/>\n<meta property=\"og:type\" content=\"article\" \/>\n<meta property=\"og:title\" content=\"Selfie-stick z powerbankiem USB-C Telesin dla kamer sportowych \/ smartphone TE-CSS-001 - IRONSKY.PL Sklep z Dronami\" \/>\n<meta property=\"og:description\" content=\"Selfie-stick z powerbankiem USB-C Telesin dla kamer sportowych \/ smartphone TE-CSS-001 - \u2705 sklep z dronami i fachowym doradztwem. \u2705 Tutaj kupisz produkty DJI, Yuneec, Parrot, Syma i wiele innych, a tak\u017ce kursy i licencje na operatora drona.\" \/>\n<meta property=\"og:url\" content=\"https:\/\/ironsky.pl\/sklep\/produkt\/selfie-stick-z-powerbankiem-usb-c-telesin-dla-kamer-sportowych-smartphone-te-css-001\/\" \/>\n<meta property=\"og:site_name\" content=\"IRONSKY.PL Sklep z Dronami\" \/>\n<meta property=\"article:modified_time\" content=\"2026-03-05T14:49:48+00:00\" \/>\n<meta property=\"og:image\" content=\"https:\/\/ironsky.pl\/sklep\/wp-content\/uploads\/2024\/09\/28026_1.jpg\" \/>\n\t<meta property=\"og:image:width\" content=\"800\" \/>\n\t<meta property=\"og:image:height\" content=\"800\" \/>\n\t<meta property=\"og:image:type\" content=\"image\/jpeg\" \/>\n<meta name=\"twitter:card\" content=\"summary_large_image\" \/>\n<meta name=\"twitter:label1\" content=\"Szacowany czas czytania\" \/>\n\t<meta name=\"twitter:data1\" content=\"3 minuty\" \/>\n<script type=\"application\/ld+json\" class=\"yoast-schema-graph\">{\"@context\":\"https:\/\/schema.org\",\"@graph\":[{\"@type\":\"WebPage\",\"@id\":\"https:\/\/ironsky.pl\/sklep\/produkt\/selfie-stick-z-powerbankiem-usb-c-telesin-dla-kamer-sportowych-smartphone-te-css-001\/\",\"url\":\"https:\/\/ironsky.pl\/sklep\/produkt\/selfie-stick-z-powerbankiem-usb-c-telesin-dla-kamer-sportowych-smartphone-te-css-001\/\",\"name\":\"Selfie-stick z powerbankiem USB-C Telesin dla kamer sportowych \/ smartphone TE-CSS-001 - IRONSKY.PL Sklep z Dronami\",\"isPartOf\":{\"@id\":\"https:\/\/ironsky.pl\/sklep\/#website\"},\"primaryImageOfPage\":{\"@id\":\"https:\/\/ironsky.pl\/sklep\/produkt\/selfie-stick-z-powerbankiem-usb-c-telesin-dla-kamer-sportowych-smartphone-te-css-001\/#primaryimage\"},\"image\":{\"@id\":\"https:\/\/ironsky.pl\/sklep\/produkt\/selfie-stick-z-powerbankiem-usb-c-telesin-dla-kamer-sportowych-smartphone-te-css-001\/#primaryimage\"},\"thumbnailUrl\":\"https:\/\/ironsky.pl\/sklep\/wp-content\/uploads\/2024\/09\/28026_1.jpg\",\"datePublished\":\"2024-09-16T15:56:02+00:00\",\"dateModified\":\"2026-03-05T14:49:48+00:00\",\"description\":\"Selfie-stick z powerbankiem USB-C Telesin dla kamer sportowych \/ smartphone TE-CSS-001 - \u2705 sklep z dronami i fachowym doradztwem. \u2705 Tutaj kupisz produkty DJI, Yuneec, Parrot, Syma i wiele innych, a tak\u017ce kursy i licencje na operatora drona.\",\"breadcrumb\":{\"@id\":\"https:\/\/ironsky.pl\/sklep\/produkt\/selfie-stick-z-powerbankiem-usb-c-telesin-dla-kamer-sportowych-smartphone-te-css-001\/#breadcrumb\"},\"inLanguage\":\"pl-PL\",\"potentialAction\":[{\"@type\":\"ReadAction\",\"target\":[\"https:\/\/ironsky.pl\/sklep\/produkt\/selfie-stick-z-powerbankiem-usb-c-telesin-dla-kamer-sportowych-smartphone-te-css-001\/\"]}]},{\"@type\":\"ImageObject\",\"inLanguage\":\"pl-PL\",\"@id\":\"https:\/\/ironsky.pl\/sklep\/produkt\/selfie-stick-z-powerbankiem-usb-c-telesin-dla-kamer-sportowych-smartphone-te-css-001\/#primaryimage\",\"url\":\"https:\/\/ironsky.pl\/sklep\/wp-content\/uploads\/2024\/09\/28026_1.jpg\",\"contentUrl\":\"https:\/\/ironsky.pl\/sklep\/wp-content\/uploads\/2024\/09\/28026_1.jpg\",\"width\":800,\"height\":800},{\"@type\":\"BreadcrumbList\",\"@id\":\"https:\/\/ironsky.pl\/sklep\/produkt\/selfie-stick-z-powerbankiem-usb-c-telesin-dla-kamer-sportowych-smartphone-te-css-001\/#breadcrumb\",\"itemListElement\":[{\"@type\":\"ListItem\",\"position\":1,\"name\":\"Strona g\u0142\u00f3wna\",\"item\":\"https:\/\/ironsky.pl\/sklep\/\"},{\"@type\":\"ListItem\",\"position\":2,\"name\":\"Wszystkie produkty\",\"item\":\"https:\/\/ironsky.pl\/sklep\/produkty\/\"},{\"@type\":\"ListItem\",\"position\":3,\"name\":\"Selfie-stick z powerbankiem USB-C Telesin dla kamer sportowych \/ smartphone TE-CSS-001\"}]},{\"@type\":\"WebSite\",\"@id\":\"https:\/\/ironsky.pl\/sklep\/#website\",\"url\":\"https:\/\/ironsky.pl\/sklep\/\",\"name\":\"IRONSKY.PL Sklep z Dronami\",\"description\":\"IRONSKY.PL Sklep z Dronami\",\"potentialAction\":[{\"@type\":\"SearchAction\",\"target\":{\"@type\":\"EntryPoint\",\"urlTemplate\":\"https:\/\/ironsky.pl\/sklep\/?s={search_term_string}\"},\"query-input\":{\"@type\":\"PropertyValueSpecification\",\"valueRequired\":true,\"valueName\":\"search_term_string\"}}],\"inLanguage\":\"pl-PL\"}]}<\/script>\n<!-- \/ Yoast SEO plugin. -->","yoast_head_json":{"title":"Selfie-stick z powerbankiem USB-C Telesin dla kamer sportowych \/ smartphone TE-CSS-001 - IRONSKY.PL Sklep z Dronami","description":"Selfie-stick z powerbankiem USB-C Telesin dla kamer sportowych \/ smartphone TE-CSS-001 - \u2705 sklep z dronami i fachowym doradztwem. \u2705 Tutaj kupisz produkty DJI, Yuneec, Parrot, Syma i wiele innych, a tak\u017ce kursy i licencje na operatora drona.","robots":{"index":"index","follow":"follow","max-snippet":"max-snippet:-1","max-image-preview":"max-image-preview:large","max-video-preview":"max-video-preview:-1"},"canonical":"https:\/\/ironsky.pl\/sklep\/produkt\/selfie-stick-z-powerbankiem-usb-c-telesin-dla-kamer-sportowych-smartphone-te-css-001\/","og_locale":"pl_PL","og_type":"article","og_title":"Selfie-stick z powerbankiem USB-C Telesin dla kamer sportowych \/ smartphone TE-CSS-001 - IRONSKY.PL Sklep z Dronami","og_description":"Selfie-stick z powerbankiem USB-C Telesin dla kamer sportowych \/ smartphone TE-CSS-001 - \u2705 sklep z dronami i fachowym doradztwem. \u2705 Tutaj kupisz produkty DJI, Yuneec, Parrot, Syma i wiele innych, a tak\u017ce kursy i licencje na operatora drona.","og_url":"https:\/\/ironsky.pl\/sklep\/produkt\/selfie-stick-z-powerbankiem-usb-c-telesin-dla-kamer-sportowych-smartphone-te-css-001\/","og_site_name":"IRONSKY.PL Sklep z Dronami","article_modified_time":"2026-03-05T14:49:48+00:00","og_image":[{"width":800,"height":800,"url":"https:\/\/ironsky.pl\/sklep\/wp-content\/uploads\/2024\/09\/28026_1.jpg","type":"image\/jpeg"}],"twitter_card":"summary_large_image","twitter_misc":{"Szacowany czas czytania":"3 minuty"},"schema":{"@context":"https:\/\/schema.org","@graph":[{"@type":"WebPage","@id":"https:\/\/ironsky.pl\/sklep\/produkt\/selfie-stick-z-powerbankiem-usb-c-telesin-dla-kamer-sportowych-smartphone-te-css-001\/","url":"https:\/\/ironsky.pl\/sklep\/produkt\/selfie-stick-z-powerbankiem-usb-c-telesin-dla-kamer-sportowych-smartphone-te-css-001\/","name":"Selfie-stick z powerbankiem USB-C Telesin dla kamer sportowych \/ smartphone TE-CSS-001 - IRONSKY.PL Sklep z Dronami","isPartOf":{"@id":"https:\/\/ironsky.pl\/sklep\/#website"},"primaryImageOfPage":{"@id":"https:\/\/ironsky.pl\/sklep\/produkt\/selfie-stick-z-powerbankiem-usb-c-telesin-dla-kamer-sportowych-smartphone-te-css-001\/#primaryimage"},"image":{"@id":"https:\/\/ironsky.pl\/sklep\/produkt\/selfie-stick-z-powerbankiem-usb-c-telesin-dla-kamer-sportowych-smartphone-te-css-001\/#primaryimage"},"thumbnailUrl":"https:\/\/ironsky.pl\/sklep\/wp-content\/uploads\/2024\/09\/28026_1.jpg","datePublished":"2024-09-16T15:56:02+00:00","dateModified":"2026-03-05T14:49:48+00:00","description":"Selfie-stick z powerbankiem USB-C Telesin dla kamer sportowych \/ smartphone TE-CSS-001 - \u2705 sklep z dronami i fachowym doradztwem. \u2705 Tutaj kupisz produkty DJI, Yuneec, Parrot, Syma i wiele innych, a tak\u017ce kursy i licencje na operatora drona.","breadcrumb":{"@id":"https:\/\/ironsky.pl\/sklep\/produkt\/selfie-stick-z-powerbankiem-usb-c-telesin-dla-kamer-sportowych-smartphone-te-css-001\/#breadcrumb"},"inLanguage":"pl-PL","potentialAction":[{"@type":"ReadAction","target":["https:\/\/ironsky.pl\/sklep\/produkt\/selfie-stick-z-powerbankiem-usb-c-telesin-dla-kamer-sportowych-smartphone-te-css-001\/"]}]},{"@type":"ImageObject","inLanguage":"pl-PL","@id":"https:\/\/ironsky.pl\/sklep\/produkt\/selfie-stick-z-powerbankiem-usb-c-telesin-dla-kamer-sportowych-smartphone-te-css-001\/#primaryimage","url":"https:\/\/ironsky.pl\/sklep\/wp-content\/uploads\/2024\/09\/28026_1.jpg","contentUrl":"https:\/\/ironsky.pl\/sklep\/wp-content\/uploads\/2024\/09\/28026_1.jpg","width":800,"height":800},{"@type":"BreadcrumbList","@id":"https:\/\/ironsky.pl\/sklep\/produkt\/selfie-stick-z-powerbankiem-usb-c-telesin-dla-kamer-sportowych-smartphone-te-css-001\/#breadcrumb","itemListElement":[{"@type":"ListItem","position":1,"name":"Strona g\u0142\u00f3wna","item":"https:\/\/ironsky.pl\/sklep\/"},{"@type":"ListItem","position":2,"name":"Wszystkie produkty","item":"https:\/\/ironsky.pl\/sklep\/produkty\/"},{"@type":"ListItem","position":3,"name":"Selfie-stick z powerbankiem USB-C Telesin dla kamer sportowych \/ smartphone TE-CSS-001"}]},{"@type":"WebSite","@id":"https:\/\/ironsky.pl\/sklep\/#website","url":"https:\/\/ironsky.pl\/sklep\/","name":"IRONSKY.PL Sklep z Dronami","description":"IRONSKY.PL Sklep z Dronami","potentialAction":[{"@type":"SearchAction","target":{"@type":"EntryPoint","urlTemplate":"https:\/\/ironsky.pl\/sklep\/?s={search_term_string}"},"query-input":{"@type":"PropertyValueSpecification","valueRequired":true,"valueName":"search_term_string"}}],"inLanguage":"pl-PL"}]}},"_links":{"self":[{"href":"https:\/\/ironsky.pl\/sklep\/wp-json\/wp\/v2\/product\/22004","targetHints":{"allow":["GET"]}}],"collection":[{"href":"https:\/\/ironsky.pl\/sklep\/wp-json\/wp\/v2\/product"}],"about":[{"href":"https:\/\/ironsky.pl\/sklep\/wp-json\/wp\/v2\/types\/product"}],"replies":[{"embeddable":true,"href":"https:\/\/ironsky.pl\/sklep\/wp-json\/wp\/v2\/comments?post=22004"}],"wp:featuredmedia":[{"embeddable":true,"href":"https:\/\/ironsky.pl\/sklep\/wp-json\/wp\/v2\/media\/22005"}],"wp:attachment":[{"href":"https:\/\/ironsky.pl\/sklep\/wp-json\/wp\/v2\/media?parent=22004"}],"wp:term":[{"taxonomy":"product_brand","embeddable":true,"href":"https:\/\/ironsky.pl\/sklep\/wp-json\/wp\/v2\/product_brand?post=22004"},{"taxonomy":"product_cat","embeddable":true,"href":"https:\/\/ironsky.pl\/sklep\/wp-json\/wp\/v2\/product_cat?post=22004"},{"taxonomy":"product_tag","embeddable":true,"href":"https:\/\/ironsky.pl\/sklep\/wp-json\/wp\/v2\/product_tag?post=22004"}],"curies":[{"name":"wp","href":"https:\/\/api.w.org\/{rel}","templated":true}]}}