{"id":21656,"date":"2024-09-16T17:50:44","date_gmt":"2024-09-16T15:50:44","guid":{"rendered":"http:\/\/gvshalph.pro-linuxpl.com\/ironskyprodukty\/produkt\/powerbank-romoss-sense8f-30000mah-22-5w-bialy\/"},"modified":"2026-03-05T15:49:44","modified_gmt":"2026-03-05T14:49:44","slug":"powerbank-romoss-sense8f-30000mah-22-5w-bialy","status":"publish","type":"product","link":"https:\/\/ironsky.pl\/sklep\/produkt\/powerbank-romoss-sense8f-30000mah-22-5w-bialy\/","title":{"rendered":"Powerbank Romoss SENSE8F 30000mAh, 22.5W (bia\u0142y)"},"content":{"rendered":"<h3>Powerbank Romoss SENSE8F 30000mAh, 22.5W (bia\u0142y)<\/h3>\n<p>Za pomoc\u0105 powerbanka Romoss na\u0142adujesz swoje urz\u0105dzenie szybko i bezpiecznie. SENSE8F znajdzie swoje zastosowanie niemal wsz\u0119dzie \u2013 w domu, pracy, uczelni, szkole czy na wakacjach. Posiada akumulator o pojemno\u015bci 30 000 mAh, co przek\u0142ada si\u0119 na d\u0142ugi czas pracy, a dzi\u0119ki kilku portom mo\u017cesz \u0142adowa\u0107 3 urz\u0105dzenia jednocze\u015bnie. Ponadto szereg zabezpiecze\u0144 zapewnia bezpiecze\u0144stwo u\u017cytkowania.<\/p>\n<p><img decoding=\"async\" src=\"https:\/\/b2b.innpro.pl\/data\/include\/cms\/Romoss\/Powerbank-SENSE8F-30000mAh\/4.jpg\" border=\"0\" \/><\/p>\n<h3>\u0141aduj 3 urz\u0105dzenia jednocze\u015bnie<\/h3>\n<p>Ju\u017c nie musisz czeka\u0107 a\u017c 1 urz\u0105dzenie si\u0119 na\u0142aduje, aby pod\u0142\u0105czy\u0107 kolejne. Powerbank Romoss posiada 3 porty, dzi\u0119ki kt\u00f3rym na\u0142adujesz smartfon, powerbank i s\u0142uchawki TWS w tym samym czasie.<\/p>\n<p><img decoding=\"async\" src=\"https:\/\/b2b.innpro.pl\/data\/include\/cms\/Romoss\/Powerbank-SENSE8F-30000mAh\/5.jpg\" border=\"0\" \/><\/p>\n<h3>Wydajna praca<\/h3>\n<p>Urz\u0105dzenie posiada akumulator litowo-jonowy o pojemno\u015bci 30 000 mAh, co zapewnia d\u0142ugi czas pracy. Co wi\u0119cej, wspiera takie protoko\u0142y szybkiego \u0142adowania jak PD3.0, QC4.0 \/ QC3.0 \/ QC2.0, SCP, FCP, AFC. W rezultacie wystarczy zaledwie 30 min, aby na\u0142adowa\u0107 iPhone\u2019a 13 do 55%. Natomiast odnowienie energii powerbanka zajmuje oko\u0142o 8 h. U\u0142atwi Ci to do\u0142\u0105czony do zestawu kabel USB.<\/p>\n<p><img decoding=\"async\" src=\"https:\/\/b2b.innpro.pl\/data\/include\/cms\/Romoss\/Powerbank-SENSE8F-30000mAh\/3.jpg\" border=\"0\" \/><\/p>\n<h3>Szeroka kompatybilno\u015b\u0107<\/h3>\n<p>Kolejn\u0105 zalet\u0105 Romoss SENSE8PF jest jego szeroka kompatybilno\u015b\u0107. Produkt wsp\u00f3\u0142pracuje z takimi urz\u0105dzeniami jak smartfon, tablet, s\u0142uchawki TWS, g\u0142o\u015bnik Bluetooth, smartwatch, Nintendo Switch i wiele innych. Ciesz si\u0119 mo\u017cliwo\u015bciami, jakie oferuje Romoss.<\/p>\n<p><img decoding=\"async\" src=\"https:\/\/b2b.innpro.pl\/data\/include\/cms\/Romoss\/Powerbank-SENSE8F-30000mAh\/2.jpg\" border=\"0\" \/><\/p>\n<h3>Przemy\u015blana konstrukcja<\/h3>\n<p>Powerbank Romoss zosta\u0142 zaprojektowany taj, aby jego u\u017cytkowanie by\u0142o w pe\u0142ni bezpieczne. Posiada zabezpieczenia przed przegrzaniem, prze\u0142adowaniem, przet\u0119\u017ceniem, nadmiernym roz\u0142adowaniem i zwarciem. Co wi\u0119cej, tryb Trickle Charge pozwala bezpiecznie \u0142adowa\u0107 urz\u0105dzenia o niskim nat\u0119\u017ceniu, na przyk\u0142ad, s\u0142uchawki lub smartwatche. Dodatkowo wska\u017anik LED poinformuje Ci\u0119 o poziomie akumulatora.<\/p>\n<p><img decoding=\"async\" src=\"https:\/\/b2b.innpro.pl\/data\/include\/cms\/Romoss\/Powerbank-SENSE8F-30000mAh\/1.jpg\" border=\"0\" \/><\/p>\n<h3>W zestawie<\/h3>\n<ul>\n<li>powerbank<\/li>\n<li>kabel USB<\/li>\n<li>instrukcja obs\u0142ugi<\/li>\n<\/ul>\n<div class=\"table-wrapper\">\n<table>\n<tbody>\n<tr>\n<th>Producent<\/th>\n<td>Romoss<\/td>\n<\/tr>\n<tr>\n<th>Model<\/th>\n<td>SENSE8F<\/td>\n<\/tr>\n<tr>\n<th>Kolor<\/th>\n<td>bia\u0142y<\/td>\n<\/tr>\n<tr>\n<th>Pojemno\u015b\u0107<\/th>\n<td>30 000 mAh<\/td>\n<\/tr>\n<tr>\n<th>Akumulator<\/th>\n<td>litowo-jonowy<\/td>\n<\/tr>\n<tr>\n<th>Moc wyj\u015bciowa<\/th>\n<td>22.5 W (max.)<\/td>\n<\/tr>\n<tr>\n<th>Moc wej\u015bciowa<\/th>\n<td>20 W (max)<\/td>\n<\/tr>\n<tr>\n<th>Waga<\/th>\n<td>ok. 688 g<\/td>\n<\/tr>\n<tr>\n<th>Wymiary<\/th>\n<td>67 x 80 x 33 mm<\/td>\n<\/tr>\n<tr>\n<th>Czas \u0142adowania<\/th>\n<td>ok. 8 h<\/td>\n<\/tr>\n<\/tbody>\n<\/table>\n<\/div>\n","protected":false},"excerpt":{"rendered":"<p>Powerbank Romoss SENSE8F 30000mAh, 22.5W (bia\u0142y) Za pomoc\u0105 powerbanka Romoss na\u0142adujesz swoje urz\u0105dzenie szybko i bezpiecznie. SENSE8F znajdzie swoje zastosowanie<\/p>\n","protected":false},"featured_media":21657,"comment_status":"closed","ping_status":"open","template":"","meta":{"_acf_changed":false},"product_brand":[],"product_cat":[1108,1113],"product_tag":[],"class_list":{"0":"post-21656","1":"product","2":"type-product","3":"status-publish","4":"has-post-thumbnail","6":"product_cat-energia","7":"product_cat-powerbanki","8":"pa_box-height-1698","9":"pa_box-length-1981","10":"pa_box-width-2060","11":"pa_gross-weight-3439","12":"pa_hs-code-1427","13":"pa_kolor-bialy","14":"pa_ladowanie-indukcyjne-nie","15":"pa_moc-ladowania-w-22-5","16":"pa_net-weight-2680","17":"pa_pojemnosc-mah-3435","19":"first","20":"outofstock","21":"taxable","22":"shipping-taxable","23":"purchasable","24":"product-type-simple"},"acf":[],"yoast_head":"<!-- This site is optimized with the Yoast SEO plugin v27.2 - https:\/\/yoast.com\/product\/yoast-seo-wordpress\/ -->\n<title>Powerbank Romoss SENSE8F 30000mAh, 22.5W (bia\u0142y) - IRONSKY.PL Sklep z Dronami<\/title>\n<meta name=\"description\" content=\"Powerbank Romoss SENSE8F 30000mAh, 22.5W (bia\u0142y) - \u2705 sklep z dronami i fachowym doradztwem. \u2705 Tutaj kupisz produkty DJI, Yuneec, Parrot, Syma i wiele innych, a tak\u017ce kursy i licencje na operatora drona.\" \/>\n<meta name=\"robots\" content=\"index, follow, max-snippet:-1, max-image-preview:large, max-video-preview:-1\" \/>\n<link rel=\"canonical\" href=\"https:\/\/ironsky.pl\/sklep\/produkt\/powerbank-romoss-sense8f-30000mah-22-5w-bialy\/\" \/>\n<meta property=\"og:locale\" content=\"pl_PL\" \/>\n<meta property=\"og:type\" content=\"article\" \/>\n<meta property=\"og:title\" content=\"Powerbank Romoss SENSE8F 30000mAh, 22.5W (bia\u0142y) - IRONSKY.PL Sklep z Dronami\" \/>\n<meta property=\"og:description\" content=\"Powerbank Romoss SENSE8F 30000mAh, 22.5W (bia\u0142y) - \u2705 sklep z dronami i fachowym doradztwem. \u2705 Tutaj kupisz produkty DJI, Yuneec, Parrot, Syma i wiele innych, a tak\u017ce kursy i licencje na operatora drona.\" \/>\n<meta property=\"og:url\" content=\"https:\/\/ironsky.pl\/sklep\/produkt\/powerbank-romoss-sense8f-30000mah-22-5w-bialy\/\" \/>\n<meta property=\"og:site_name\" content=\"IRONSKY.PL Sklep z Dronami\" \/>\n<meta property=\"article:modified_time\" content=\"2026-03-05T14:49:44+00:00\" \/>\n<meta property=\"og:image\" content=\"https:\/\/ironsky.pl\/sklep\/wp-content\/uploads\/2024\/09\/25630_1.jpg\" \/>\n\t<meta property=\"og:image:width\" content=\"800\" \/>\n\t<meta property=\"og:image:height\" content=\"799\" \/>\n\t<meta property=\"og:image:type\" content=\"image\/jpeg\" \/>\n<meta name=\"twitter:card\" content=\"summary_large_image\" \/>\n<meta name=\"twitter:label1\" content=\"Szacowany czas czytania\" \/>\n\t<meta name=\"twitter:data1\" content=\"2 minuty\" \/>\n<script type=\"application\/ld+json\" class=\"yoast-schema-graph\">{\"@context\":\"https:\/\/schema.org\",\"@graph\":[{\"@type\":\"WebPage\",\"@id\":\"https:\/\/ironsky.pl\/sklep\/produkt\/powerbank-romoss-sense8f-30000mah-22-5w-bialy\/\",\"url\":\"https:\/\/ironsky.pl\/sklep\/produkt\/powerbank-romoss-sense8f-30000mah-22-5w-bialy\/\",\"name\":\"Powerbank Romoss SENSE8F 30000mAh, 22.5W (bia\u0142y) - IRONSKY.PL Sklep z Dronami\",\"isPartOf\":{\"@id\":\"https:\/\/ironsky.pl\/sklep\/#website\"},\"primaryImageOfPage\":{\"@id\":\"https:\/\/ironsky.pl\/sklep\/produkt\/powerbank-romoss-sense8f-30000mah-22-5w-bialy\/#primaryimage\"},\"image\":{\"@id\":\"https:\/\/ironsky.pl\/sklep\/produkt\/powerbank-romoss-sense8f-30000mah-22-5w-bialy\/#primaryimage\"},\"thumbnailUrl\":\"https:\/\/ironsky.pl\/sklep\/wp-content\/uploads\/2024\/09\/25630_1.jpg\",\"datePublished\":\"2024-09-16T15:50:44+00:00\",\"dateModified\":\"2026-03-05T14:49:44+00:00\",\"description\":\"Powerbank Romoss SENSE8F 30000mAh, 22.5W (bia\u0142y) - \u2705 sklep z dronami i fachowym doradztwem. \u2705 Tutaj kupisz produkty DJI, Yuneec, Parrot, Syma i wiele innych, a tak\u017ce kursy i licencje na operatora drona.\",\"breadcrumb\":{\"@id\":\"https:\/\/ironsky.pl\/sklep\/produkt\/powerbank-romoss-sense8f-30000mah-22-5w-bialy\/#breadcrumb\"},\"inLanguage\":\"pl-PL\",\"potentialAction\":[{\"@type\":\"ReadAction\",\"target\":[\"https:\/\/ironsky.pl\/sklep\/produkt\/powerbank-romoss-sense8f-30000mah-22-5w-bialy\/\"]}]},{\"@type\":\"ImageObject\",\"inLanguage\":\"pl-PL\",\"@id\":\"https:\/\/ironsky.pl\/sklep\/produkt\/powerbank-romoss-sense8f-30000mah-22-5w-bialy\/#primaryimage\",\"url\":\"https:\/\/ironsky.pl\/sklep\/wp-content\/uploads\/2024\/09\/25630_1.jpg\",\"contentUrl\":\"https:\/\/ironsky.pl\/sklep\/wp-content\/uploads\/2024\/09\/25630_1.jpg\",\"width\":800,\"height\":799},{\"@type\":\"BreadcrumbList\",\"@id\":\"https:\/\/ironsky.pl\/sklep\/produkt\/powerbank-romoss-sense8f-30000mah-22-5w-bialy\/#breadcrumb\",\"itemListElement\":[{\"@type\":\"ListItem\",\"position\":1,\"name\":\"Strona g\u0142\u00f3wna\",\"item\":\"https:\/\/ironsky.pl\/sklep\/\"},{\"@type\":\"ListItem\",\"position\":2,\"name\":\"Wszystkie produkty\",\"item\":\"https:\/\/ironsky.pl\/sklep\/produkty\/\"},{\"@type\":\"ListItem\",\"position\":3,\"name\":\"Powerbank Romoss SENSE8F 30000mAh, 22.5W (bia\u0142y)\"}]},{\"@type\":\"WebSite\",\"@id\":\"https:\/\/ironsky.pl\/sklep\/#website\",\"url\":\"https:\/\/ironsky.pl\/sklep\/\",\"name\":\"IRONSKY.PL Sklep z Dronami\",\"description\":\"IRONSKY.PL Sklep z Dronami\",\"potentialAction\":[{\"@type\":\"SearchAction\",\"target\":{\"@type\":\"EntryPoint\",\"urlTemplate\":\"https:\/\/ironsky.pl\/sklep\/?s={search_term_string}\"},\"query-input\":{\"@type\":\"PropertyValueSpecification\",\"valueRequired\":true,\"valueName\":\"search_term_string\"}}],\"inLanguage\":\"pl-PL\"}]}<\/script>\n<!-- \/ Yoast SEO plugin. -->","yoast_head_json":{"title":"Powerbank Romoss SENSE8F 30000mAh, 22.5W (bia\u0142y) - IRONSKY.PL Sklep z Dronami","description":"Powerbank Romoss SENSE8F 30000mAh, 22.5W (bia\u0142y) - \u2705 sklep z dronami i fachowym doradztwem. \u2705 Tutaj kupisz produkty DJI, Yuneec, Parrot, Syma i wiele innych, a tak\u017ce kursy i licencje na operatora drona.","robots":{"index":"index","follow":"follow","max-snippet":"max-snippet:-1","max-image-preview":"max-image-preview:large","max-video-preview":"max-video-preview:-1"},"canonical":"https:\/\/ironsky.pl\/sklep\/produkt\/powerbank-romoss-sense8f-30000mah-22-5w-bialy\/","og_locale":"pl_PL","og_type":"article","og_title":"Powerbank Romoss SENSE8F 30000mAh, 22.5W (bia\u0142y) - IRONSKY.PL Sklep z Dronami","og_description":"Powerbank Romoss SENSE8F 30000mAh, 22.5W (bia\u0142y) - \u2705 sklep z dronami i fachowym doradztwem. \u2705 Tutaj kupisz produkty DJI, Yuneec, Parrot, Syma i wiele innych, a tak\u017ce kursy i licencje na operatora drona.","og_url":"https:\/\/ironsky.pl\/sklep\/produkt\/powerbank-romoss-sense8f-30000mah-22-5w-bialy\/","og_site_name":"IRONSKY.PL Sklep z Dronami","article_modified_time":"2026-03-05T14:49:44+00:00","og_image":[{"width":800,"height":799,"url":"https:\/\/ironsky.pl\/sklep\/wp-content\/uploads\/2024\/09\/25630_1.jpg","type":"image\/jpeg"}],"twitter_card":"summary_large_image","twitter_misc":{"Szacowany czas czytania":"2 minuty"},"schema":{"@context":"https:\/\/schema.org","@graph":[{"@type":"WebPage","@id":"https:\/\/ironsky.pl\/sklep\/produkt\/powerbank-romoss-sense8f-30000mah-22-5w-bialy\/","url":"https:\/\/ironsky.pl\/sklep\/produkt\/powerbank-romoss-sense8f-30000mah-22-5w-bialy\/","name":"Powerbank Romoss SENSE8F 30000mAh, 22.5W (bia\u0142y) - IRONSKY.PL Sklep z Dronami","isPartOf":{"@id":"https:\/\/ironsky.pl\/sklep\/#website"},"primaryImageOfPage":{"@id":"https:\/\/ironsky.pl\/sklep\/produkt\/powerbank-romoss-sense8f-30000mah-22-5w-bialy\/#primaryimage"},"image":{"@id":"https:\/\/ironsky.pl\/sklep\/produkt\/powerbank-romoss-sense8f-30000mah-22-5w-bialy\/#primaryimage"},"thumbnailUrl":"https:\/\/ironsky.pl\/sklep\/wp-content\/uploads\/2024\/09\/25630_1.jpg","datePublished":"2024-09-16T15:50:44+00:00","dateModified":"2026-03-05T14:49:44+00:00","description":"Powerbank Romoss SENSE8F 30000mAh, 22.5W (bia\u0142y) - \u2705 sklep z dronami i fachowym doradztwem. \u2705 Tutaj kupisz produkty DJI, Yuneec, Parrot, Syma i wiele innych, a tak\u017ce kursy i licencje na operatora drona.","breadcrumb":{"@id":"https:\/\/ironsky.pl\/sklep\/produkt\/powerbank-romoss-sense8f-30000mah-22-5w-bialy\/#breadcrumb"},"inLanguage":"pl-PL","potentialAction":[{"@type":"ReadAction","target":["https:\/\/ironsky.pl\/sklep\/produkt\/powerbank-romoss-sense8f-30000mah-22-5w-bialy\/"]}]},{"@type":"ImageObject","inLanguage":"pl-PL","@id":"https:\/\/ironsky.pl\/sklep\/produkt\/powerbank-romoss-sense8f-30000mah-22-5w-bialy\/#primaryimage","url":"https:\/\/ironsky.pl\/sklep\/wp-content\/uploads\/2024\/09\/25630_1.jpg","contentUrl":"https:\/\/ironsky.pl\/sklep\/wp-content\/uploads\/2024\/09\/25630_1.jpg","width":800,"height":799},{"@type":"BreadcrumbList","@id":"https:\/\/ironsky.pl\/sklep\/produkt\/powerbank-romoss-sense8f-30000mah-22-5w-bialy\/#breadcrumb","itemListElement":[{"@type":"ListItem","position":1,"name":"Strona g\u0142\u00f3wna","item":"https:\/\/ironsky.pl\/sklep\/"},{"@type":"ListItem","position":2,"name":"Wszystkie produkty","item":"https:\/\/ironsky.pl\/sklep\/produkty\/"},{"@type":"ListItem","position":3,"name":"Powerbank Romoss SENSE8F 30000mAh, 22.5W (bia\u0142y)"}]},{"@type":"WebSite","@id":"https:\/\/ironsky.pl\/sklep\/#website","url":"https:\/\/ironsky.pl\/sklep\/","name":"IRONSKY.PL Sklep z Dronami","description":"IRONSKY.PL Sklep z Dronami","potentialAction":[{"@type":"SearchAction","target":{"@type":"EntryPoint","urlTemplate":"https:\/\/ironsky.pl\/sklep\/?s={search_term_string}"},"query-input":{"@type":"PropertyValueSpecification","valueRequired":true,"valueName":"search_term_string"}}],"inLanguage":"pl-PL"}]}},"_links":{"self":[{"href":"https:\/\/ironsky.pl\/sklep\/wp-json\/wp\/v2\/product\/21656","targetHints":{"allow":["GET"]}}],"collection":[{"href":"https:\/\/ironsky.pl\/sklep\/wp-json\/wp\/v2\/product"}],"about":[{"href":"https:\/\/ironsky.pl\/sklep\/wp-json\/wp\/v2\/types\/product"}],"replies":[{"embeddable":true,"href":"https:\/\/ironsky.pl\/sklep\/wp-json\/wp\/v2\/comments?post=21656"}],"wp:featuredmedia":[{"embeddable":true,"href":"https:\/\/ironsky.pl\/sklep\/wp-json\/wp\/v2\/media\/21657"}],"wp:attachment":[{"href":"https:\/\/ironsky.pl\/sklep\/wp-json\/wp\/v2\/media?parent=21656"}],"wp:term":[{"taxonomy":"product_brand","embeddable":true,"href":"https:\/\/ironsky.pl\/sklep\/wp-json\/wp\/v2\/product_brand?post=21656"},{"taxonomy":"product_cat","embeddable":true,"href":"https:\/\/ironsky.pl\/sklep\/wp-json\/wp\/v2\/product_cat?post=21656"},{"taxonomy":"product_tag","embeddable":true,"href":"https:\/\/ironsky.pl\/sklep\/wp-json\/wp\/v2\/product_tag?post=21656"}],"curies":[{"name":"wp","href":"https:\/\/api.w.org\/{rel}","templated":true}]}}