{"id":21462,"date":"2024-09-16T17:47:08","date_gmt":"2024-09-16T15:47:08","guid":{"rendered":"http:\/\/gvshalph.pro-linuxpl.com\/ironskyprodukty\/produkt\/panel-fotowoltaiczny-ecoflow-160w\/"},"modified":"2026-03-05T15:49:40","modified_gmt":"2026-03-05T14:49:40","slug":"panel-fotowoltaiczny-ecoflow-160w","status":"publish","type":"product","link":"https:\/\/ironsky.pl\/sklep\/produkt\/panel-fotowoltaiczny-ecoflow-160w\/","title":{"rendered":"Panel fotowoltaiczny EcoFlow 160W"},"content":{"rendered":"<h3>Panel fotowoltaiczny EcoFlow 160W<\/h3>\n<p>Miej dost\u0119p do energii elektrycznej, gdziekolwiek jeste\u015b. Panel s\u0142oneczny EcoFlow 160W jest przeno\u015bny, sk\u0142adany i inteligentnie zaprojektowany, zapewniaj\u0105c Ci swobodny i \u0142atwy spos\u00f3b wytwarzania energii na pla\u017cy, w ogrodzie, na polu namiotowym lub po\u015brodku \u201eniczego\u201d.<\/p>\n<p><img decoding=\"async\" src=\"https:\/\/b2b.innpro.pl\/data\/include\/cms\/12EcoFlow\/Panel-Solarny-160w\/9.jpg\" border=\"0\" \/><\/p>\n<h3>Przeno\u015bny i sk\u0142adany<\/h3>\n<p>Panel s\u0142oneczny EcoFlow 160W jest przeno\u015bny i sk\u0142adany, dzi\u0119ki czemu idealnie nadaje si\u0119 do biwakowania, w\u0119dr\u00f3wek i przyg\u00f3d na \u015bwie\u017cym powietrzu. Panel s\u0142oneczny jest niewielkich rozmiar\u00f3w, dlatego mo\u017cesz bez trudu z\u0142o\u017cy\u0107 na czas transportu i roz\u0142o\u017cy\u0107 w ka\u017cdym miejscu.<\/p>\n<p><img decoding=\"async\" src=\"https:\/\/b2b.innpro.pl\/data\/include\/cms\/12EcoFlow\/Panel-Solarny-160w\/1.jpg\" border=\"0\" \/><\/p>\n<h3>Zaawansowane ogniwa s\u0142oneczne<\/h3>\n<p>32 najwy\u017cszej jako\u015bci monokrystaliczne ogniwa krzemowe zapewniaj\u0105 wysok\u0105 sprawno\u015b\u0107 konwersji 22%, gwarantuj\u0105c wydajne zasilanie w warunkach \u015bwiat\u0142a dziennego. Ca\u0142kowita maksymalna moc wej\u015bciowa panelu s\u0142onecznego jest uzale\u017cniona od warunk\u00f3w atmosferycznych. Aby uzyska\u0107 najlepsz\u0105 wydajno\u015b\u0107, korzystaj z niego w pe\u0142nym s\u0142o\u0144cu.<\/p>\n<p><img decoding=\"async\" src=\"https:\/\/b2b.innpro.pl\/data\/include\/cms\/12EcoFlow\/Panel-Solarny-160w\/11.jpg\" border=\"0\" \/><\/p>\n<h3>Inteligentne zasilanie s\u0142oneczne<\/h3>\n<p>Panel s\u0142oneczny EcoFlow 160W mo\u017ce by\u0107 sparowany ze stacj\u0105 zasilania EcoFlow, aby wykorzysta\u0107 zaawansowany regulator \u0142adowania MPPT, kt\u00f3ry wykrywa napi\u0119cie elektryczne w czasie rzeczywistym. Zapewnia to najlepsz\u0105 wydajno\u015b\u0107 energii s\u0142onecznej, nawet w zmieniaj\u0105cych si\u0119 warunkach.<\/p>\n<p><img decoding=\"async\" src=\"https:\/\/b2b.innpro.pl\/data\/include\/cms\/12EcoFlow\/Panel-Solarny-160w\/10.jpg\" border=\"0\" \/><\/p>\n<h3>Regulowana podstawa<\/h3>\n<p>Regulowana podstawa umo\u017cliwia ustawienie panelu s\u0142onecznego w dowolnym kierunku i orientacji. Zapewnia to mo\u017cliwo\u015b\u0107 pod\u0142\u0105czenia wielu paneli w jednym ci\u0105gu, nie powoduj\u0105c ich nak\u0142adania si\u0119 i blokowanie dost\u0119pu do promieni s\u0142onecznych, co zapewnia bardziej wydajne pobieranie energii.<\/p>\n<p><img decoding=\"async\" src=\"https:\/\/b2b.innpro.pl\/data\/include\/cms\/12EcoFlow\/Panel-Solarny-160w\/3.jpg\" border=\"0\" \/><\/p>\n<h3>Zgodna konstrukcja<\/h3>\n<p>Zintegrowany z panelem przew\u00f3d MC4 (1 m) jest kompatybilny z innymi produktami na rynku i umo\u017cliwia po\u0142\u0105czenie wielu paneli s\u0142onecznych EcoFlow 160W ze stacj\u0105 energetyczn\u0105 EcoFlow DELTA w celu bardziej efektywnego generowania energii z promieni s\u0142onecznych.<\/p>\n<p><img decoding=\"async\" src=\"https:\/\/b2b.innpro.pl\/data\/include\/cms\/12EcoFlow\/Panel-Solarny-160w\/7.jpg\" border=\"0\" \/><\/p>\n<h3>Trwa\u0142o\u015b\u0107, odporno\u015b\u0107 na kurz i wod\u0119<\/h3>\n<p>Niezale\u017cnie od tego, czy jeste\u015b na biwaku, w\u0119drujesz po g\u00f3rach, czy wybierasz si\u0119 na wycieczk\u0119, panel s\u0142oneczny EcoFlow 160W dostarczy Ci potrzebnej energii. Dzi\u0119ki klasie odporno\u015bci na kurz i wod\u0119 IP67 nasz panel s\u0142oneczny jest przeznaczony do pracy na \u015bwie\u017cym powietrzu. Posiada r\u00f3wnie\u017c 0,2 mm warstw\u0119 ETFE, kt\u00f3ra chroni powierzchni\u0119 przed promieniowaniem ultrafioletowym i przed\u0142u\u017ca jego \u017cywotno\u015b\u0107.<\/p>\n<p><img decoding=\"async\" src=\"https:\/\/b2b.innpro.pl\/data\/include\/cms\/12EcoFlow\/Panel-Solarny-160w\/6.jpg\" border=\"0\" \/><\/p>\n<h3>W zestawie<\/h3>\n<ul>\n<li>panel fotowoltaiczny<\/li>\n<li>kabel MC4 &#8211; XC60 (2,5 m)<\/li>\n<\/ul>\n<div class=\"table-wrapper\">\n<table>\n<tbody>\n<tr>\n<th>Producent<\/th>\n<td>EcoFlow<\/td>\n<\/tr>\n<tr>\n<th>Model<\/th>\n<td>1ECO1000-04<\/td>\n<\/tr>\n<tr>\n<th>Wymiary po roz\u0142o\u017ceniu<\/th>\n<td>26.8*61.8*1.0 in (68*157*2.4 cm)<\/td>\n<\/tr>\n<tr>\n<th>Wymiary po z\u0142o\u017ceniu<\/th>\n<td>26,8*16,5*1,0 in (68*42*2,4 cm)<\/td>\n<\/tr>\n<tr>\n<th>Waga<\/th>\n<td>15.4 lbs (7.0KG) Panel s\u0142oneczny 11 lbs (5.0KG)<\/td>\n<\/tr>\n<tr>\n<th>Gwarancja<\/th>\n<td>12 miesi\u0119cy<\/td>\n<\/tr>\n<tr>\n<th>Moc znamionowa<\/th>\n<td>160W(+\/-5W)*.<\/td>\n<\/tr>\n<tr>\n<th>Sprawno\u015b\u0107<\/th>\n<td>21%-22%<\/td>\n<\/tr>\n<tr>\n<th>Typ z\u0142\u0105cza<\/th>\n<td>MC4<\/td>\n<\/tr>\n<tr>\n<th>Napi\u0119cie obwodu otwartego<\/th>\n<td>21,4V(Vmp 18,2V)<\/td>\n<\/tr>\n<tr>\n<th>Pr\u0105d zwarcia<\/th>\n<td>9.6A(Imp 8.8A)<\/td>\n<\/tr>\n<tr>\n<th>Typ ogniwa<\/th>\n<td>Krzem monokrystaliczny<\/td>\n<\/tr>\n<tr>\n<th>Temperatura pracy i przechowywania<\/th>\n<td>-4\u00b0 F do 185\u00b0 F (-20\u00b0 C do 85\u00b0C)<\/td>\n<\/tr>\n<\/tbody>\n<\/table>\n<\/div>\n","protected":false},"excerpt":{"rendered":"<p>Panel fotowoltaiczny EcoFlow 160W Miej dost\u0119p do energii elektrycznej, gdziekolwiek jeste\u015b. Panel s\u0142oneczny EcoFlow 160W jest przeno\u015bny, sk\u0142adany i inteligentnie<\/p>\n","protected":false},"featured_media":21463,"comment_status":"closed","ping_status":"open","template":"","meta":{"_acf_changed":false},"product_brand":[],"product_cat":[1108,1110],"product_tag":[],"class_list":{"0":"post-21462","1":"product","2":"type-product","3":"status-publish","4":"has-post-thumbnail","6":"product_cat-energia","7":"product_cat-panele-fotowoltaiczne","8":"pa_box-height-1892","9":"pa_box-length-2473","10":"pa_box-width-2472","11":"pa_gross-weight-2474","12":"pa_hs-code-2251","13":"pa_konstrukcja-skladana","14":"pa_moc-znamionowa-w-160-160","15":"pa_napiecie-znamionowe-v-214-214","16":"pa_natezenie-znamionowe-a-96-96","17":"pa_net-weight-2471","18":"pa_panel-dwustronny-nie","19":"pa_rekomendowane-do-power-stream-nie","20":"pa_typ-skladane","21":"pa_waga-kg-5-6","22":"pa_waga-panelu-5-kg","23":"pa_waga-zestawu-7-kg","25":"first","26":"outofstock","27":"taxable","28":"shipping-taxable","29":"purchasable","30":"product-type-simple"},"acf":[],"yoast_head":"<!-- This site is optimized with the Yoast SEO plugin v27.2 - https:\/\/yoast.com\/product\/yoast-seo-wordpress\/ -->\n<title>Panel fotowoltaiczny EcoFlow 160W - IRONSKY.PL Sklep z Dronami<\/title>\n<meta name=\"description\" content=\"Panel fotowoltaiczny EcoFlow 160W - \u2705 sklep z dronami i fachowym doradztwem. \u2705 Tutaj kupisz produkty DJI, Yuneec, Parrot, Syma i wiele innych, a tak\u017ce kursy i licencje na operatora drona.\" \/>\n<meta name=\"robots\" content=\"index, follow, max-snippet:-1, max-image-preview:large, max-video-preview:-1\" \/>\n<link rel=\"canonical\" href=\"https:\/\/ironsky.pl\/sklep\/produkt\/panel-fotowoltaiczny-ecoflow-160w\/\" \/>\n<meta property=\"og:locale\" content=\"pl_PL\" \/>\n<meta property=\"og:type\" content=\"article\" \/>\n<meta property=\"og:title\" content=\"Panel fotowoltaiczny EcoFlow 160W - IRONSKY.PL Sklep z Dronami\" \/>\n<meta property=\"og:description\" content=\"Panel fotowoltaiczny EcoFlow 160W - \u2705 sklep z dronami i fachowym doradztwem. \u2705 Tutaj kupisz produkty DJI, Yuneec, Parrot, Syma i wiele innych, a tak\u017ce kursy i licencje na operatora drona.\" \/>\n<meta property=\"og:url\" content=\"https:\/\/ironsky.pl\/sklep\/produkt\/panel-fotowoltaiczny-ecoflow-160w\/\" \/>\n<meta property=\"og:site_name\" content=\"IRONSKY.PL Sklep z Dronami\" \/>\n<meta property=\"article:modified_time\" content=\"2026-03-05T14:49:40+00:00\" \/>\n<meta property=\"og:image\" content=\"https:\/\/ironsky.pl\/sklep\/wp-content\/uploads\/2024\/09\/19896_1.jpg\" \/>\n\t<meta property=\"og:image:width\" content=\"800\" \/>\n\t<meta property=\"og:image:height\" content=\"800\" \/>\n\t<meta property=\"og:image:type\" content=\"image\/jpeg\" \/>\n<meta name=\"twitter:card\" content=\"summary_large_image\" \/>\n<meta name=\"twitter:label1\" content=\"Szacowany czas czytania\" \/>\n\t<meta name=\"twitter:data1\" content=\"2 minuty\" \/>\n<script type=\"application\/ld+json\" class=\"yoast-schema-graph\">{\"@context\":\"https:\/\/schema.org\",\"@graph\":[{\"@type\":\"WebPage\",\"@id\":\"https:\/\/ironsky.pl\/sklep\/produkt\/panel-fotowoltaiczny-ecoflow-160w\/\",\"url\":\"https:\/\/ironsky.pl\/sklep\/produkt\/panel-fotowoltaiczny-ecoflow-160w\/\",\"name\":\"Panel fotowoltaiczny EcoFlow 160W - IRONSKY.PL Sklep z Dronami\",\"isPartOf\":{\"@id\":\"https:\/\/ironsky.pl\/sklep\/#website\"},\"primaryImageOfPage\":{\"@id\":\"https:\/\/ironsky.pl\/sklep\/produkt\/panel-fotowoltaiczny-ecoflow-160w\/#primaryimage\"},\"image\":{\"@id\":\"https:\/\/ironsky.pl\/sklep\/produkt\/panel-fotowoltaiczny-ecoflow-160w\/#primaryimage\"},\"thumbnailUrl\":\"https:\/\/ironsky.pl\/sklep\/wp-content\/uploads\/2024\/09\/19896_1.jpg\",\"datePublished\":\"2024-09-16T15:47:08+00:00\",\"dateModified\":\"2026-03-05T14:49:40+00:00\",\"description\":\"Panel fotowoltaiczny EcoFlow 160W - \u2705 sklep z dronami i fachowym doradztwem. \u2705 Tutaj kupisz produkty DJI, Yuneec, Parrot, Syma i wiele innych, a tak\u017ce kursy i licencje na operatora drona.\",\"breadcrumb\":{\"@id\":\"https:\/\/ironsky.pl\/sklep\/produkt\/panel-fotowoltaiczny-ecoflow-160w\/#breadcrumb\"},\"inLanguage\":\"pl-PL\",\"potentialAction\":[{\"@type\":\"ReadAction\",\"target\":[\"https:\/\/ironsky.pl\/sklep\/produkt\/panel-fotowoltaiczny-ecoflow-160w\/\"]}]},{\"@type\":\"ImageObject\",\"inLanguage\":\"pl-PL\",\"@id\":\"https:\/\/ironsky.pl\/sklep\/produkt\/panel-fotowoltaiczny-ecoflow-160w\/#primaryimage\",\"url\":\"https:\/\/ironsky.pl\/sklep\/wp-content\/uploads\/2024\/09\/19896_1.jpg\",\"contentUrl\":\"https:\/\/ironsky.pl\/sklep\/wp-content\/uploads\/2024\/09\/19896_1.jpg\",\"width\":800,\"height\":800},{\"@type\":\"BreadcrumbList\",\"@id\":\"https:\/\/ironsky.pl\/sklep\/produkt\/panel-fotowoltaiczny-ecoflow-160w\/#breadcrumb\",\"itemListElement\":[{\"@type\":\"ListItem\",\"position\":1,\"name\":\"Strona g\u0142\u00f3wna\",\"item\":\"https:\/\/ironsky.pl\/sklep\/\"},{\"@type\":\"ListItem\",\"position\":2,\"name\":\"Wszystkie produkty\",\"item\":\"https:\/\/ironsky.pl\/sklep\/produkty\/\"},{\"@type\":\"ListItem\",\"position\":3,\"name\":\"Panel fotowoltaiczny EcoFlow 160W\"}]},{\"@type\":\"WebSite\",\"@id\":\"https:\/\/ironsky.pl\/sklep\/#website\",\"url\":\"https:\/\/ironsky.pl\/sklep\/\",\"name\":\"IRONSKY.PL Sklep z Dronami\",\"description\":\"IRONSKY.PL Sklep z Dronami\",\"potentialAction\":[{\"@type\":\"SearchAction\",\"target\":{\"@type\":\"EntryPoint\",\"urlTemplate\":\"https:\/\/ironsky.pl\/sklep\/?s={search_term_string}\"},\"query-input\":{\"@type\":\"PropertyValueSpecification\",\"valueRequired\":true,\"valueName\":\"search_term_string\"}}],\"inLanguage\":\"pl-PL\"}]}<\/script>\n<!-- \/ Yoast SEO plugin. -->","yoast_head_json":{"title":"Panel fotowoltaiczny EcoFlow 160W - IRONSKY.PL Sklep z Dronami","description":"Panel fotowoltaiczny EcoFlow 160W - \u2705 sklep z dronami i fachowym doradztwem. \u2705 Tutaj kupisz produkty DJI, Yuneec, Parrot, Syma i wiele innych, a tak\u017ce kursy i licencje na operatora drona.","robots":{"index":"index","follow":"follow","max-snippet":"max-snippet:-1","max-image-preview":"max-image-preview:large","max-video-preview":"max-video-preview:-1"},"canonical":"https:\/\/ironsky.pl\/sklep\/produkt\/panel-fotowoltaiczny-ecoflow-160w\/","og_locale":"pl_PL","og_type":"article","og_title":"Panel fotowoltaiczny EcoFlow 160W - IRONSKY.PL Sklep z Dronami","og_description":"Panel fotowoltaiczny EcoFlow 160W - \u2705 sklep z dronami i fachowym doradztwem. \u2705 Tutaj kupisz produkty DJI, Yuneec, Parrot, Syma i wiele innych, a tak\u017ce kursy i licencje na operatora drona.","og_url":"https:\/\/ironsky.pl\/sklep\/produkt\/panel-fotowoltaiczny-ecoflow-160w\/","og_site_name":"IRONSKY.PL Sklep z Dronami","article_modified_time":"2026-03-05T14:49:40+00:00","og_image":[{"width":800,"height":800,"url":"https:\/\/ironsky.pl\/sklep\/wp-content\/uploads\/2024\/09\/19896_1.jpg","type":"image\/jpeg"}],"twitter_card":"summary_large_image","twitter_misc":{"Szacowany czas czytania":"2 minuty"},"schema":{"@context":"https:\/\/schema.org","@graph":[{"@type":"WebPage","@id":"https:\/\/ironsky.pl\/sklep\/produkt\/panel-fotowoltaiczny-ecoflow-160w\/","url":"https:\/\/ironsky.pl\/sklep\/produkt\/panel-fotowoltaiczny-ecoflow-160w\/","name":"Panel fotowoltaiczny EcoFlow 160W - IRONSKY.PL Sklep z Dronami","isPartOf":{"@id":"https:\/\/ironsky.pl\/sklep\/#website"},"primaryImageOfPage":{"@id":"https:\/\/ironsky.pl\/sklep\/produkt\/panel-fotowoltaiczny-ecoflow-160w\/#primaryimage"},"image":{"@id":"https:\/\/ironsky.pl\/sklep\/produkt\/panel-fotowoltaiczny-ecoflow-160w\/#primaryimage"},"thumbnailUrl":"https:\/\/ironsky.pl\/sklep\/wp-content\/uploads\/2024\/09\/19896_1.jpg","datePublished":"2024-09-16T15:47:08+00:00","dateModified":"2026-03-05T14:49:40+00:00","description":"Panel fotowoltaiczny EcoFlow 160W - \u2705 sklep z dronami i fachowym doradztwem. \u2705 Tutaj kupisz produkty DJI, Yuneec, Parrot, Syma i wiele innych, a tak\u017ce kursy i licencje na operatora drona.","breadcrumb":{"@id":"https:\/\/ironsky.pl\/sklep\/produkt\/panel-fotowoltaiczny-ecoflow-160w\/#breadcrumb"},"inLanguage":"pl-PL","potentialAction":[{"@type":"ReadAction","target":["https:\/\/ironsky.pl\/sklep\/produkt\/panel-fotowoltaiczny-ecoflow-160w\/"]}]},{"@type":"ImageObject","inLanguage":"pl-PL","@id":"https:\/\/ironsky.pl\/sklep\/produkt\/panel-fotowoltaiczny-ecoflow-160w\/#primaryimage","url":"https:\/\/ironsky.pl\/sklep\/wp-content\/uploads\/2024\/09\/19896_1.jpg","contentUrl":"https:\/\/ironsky.pl\/sklep\/wp-content\/uploads\/2024\/09\/19896_1.jpg","width":800,"height":800},{"@type":"BreadcrumbList","@id":"https:\/\/ironsky.pl\/sklep\/produkt\/panel-fotowoltaiczny-ecoflow-160w\/#breadcrumb","itemListElement":[{"@type":"ListItem","position":1,"name":"Strona g\u0142\u00f3wna","item":"https:\/\/ironsky.pl\/sklep\/"},{"@type":"ListItem","position":2,"name":"Wszystkie produkty","item":"https:\/\/ironsky.pl\/sklep\/produkty\/"},{"@type":"ListItem","position":3,"name":"Panel fotowoltaiczny EcoFlow 160W"}]},{"@type":"WebSite","@id":"https:\/\/ironsky.pl\/sklep\/#website","url":"https:\/\/ironsky.pl\/sklep\/","name":"IRONSKY.PL Sklep z Dronami","description":"IRONSKY.PL Sklep z Dronami","potentialAction":[{"@type":"SearchAction","target":{"@type":"EntryPoint","urlTemplate":"https:\/\/ironsky.pl\/sklep\/?s={search_term_string}"},"query-input":{"@type":"PropertyValueSpecification","valueRequired":true,"valueName":"search_term_string"}}],"inLanguage":"pl-PL"}]}},"_links":{"self":[{"href":"https:\/\/ironsky.pl\/sklep\/wp-json\/wp\/v2\/product\/21462","targetHints":{"allow":["GET"]}}],"collection":[{"href":"https:\/\/ironsky.pl\/sklep\/wp-json\/wp\/v2\/product"}],"about":[{"href":"https:\/\/ironsky.pl\/sklep\/wp-json\/wp\/v2\/types\/product"}],"replies":[{"embeddable":true,"href":"https:\/\/ironsky.pl\/sklep\/wp-json\/wp\/v2\/comments?post=21462"}],"wp:featuredmedia":[{"embeddable":true,"href":"https:\/\/ironsky.pl\/sklep\/wp-json\/wp\/v2\/media\/21463"}],"wp:attachment":[{"href":"https:\/\/ironsky.pl\/sklep\/wp-json\/wp\/v2\/media?parent=21462"}],"wp:term":[{"taxonomy":"product_brand","embeddable":true,"href":"https:\/\/ironsky.pl\/sklep\/wp-json\/wp\/v2\/product_brand?post=21462"},{"taxonomy":"product_cat","embeddable":true,"href":"https:\/\/ironsky.pl\/sklep\/wp-json\/wp\/v2\/product_cat?post=21462"},{"taxonomy":"product_tag","embeddable":true,"href":"https:\/\/ironsky.pl\/sklep\/wp-json\/wp\/v2\/product_tag?post=21462"}],"curies":[{"name":"wp","href":"https:\/\/api.w.org\/{rel}","templated":true}]}}