{"id":21349,"date":"2024-09-16T12:39:31","date_gmt":"2024-09-16T10:39:31","guid":{"rendered":"http:\/\/gvshalph.pro-linuxpl.com\/ironskyprodukty\/produkt\/propeller-guard-protector-sunnylife-for-dji-avata-2-green\/"},"modified":"2026-05-03T09:04:04","modified_gmt":"2026-05-03T07:04:04","slug":"propeller-guard-protector-sunnylife-for-dji-avata-2-green","status":"publish","type":"product","link":"https:\/\/ironsky.pl\/sklep\/produkt\/propeller-guard-protector-sunnylife-for-dji-avata-2-green\/","title":{"rendered":"Os\u0142ona \u015bmigie\u0142 SUNNYLIFE do DJI Avata 2 (zielona)"},"content":{"rendered":"<h3>Os\u0142ona \u015bmigie\u0142 SUNNYLIFE do DJI Avata 2 (zielona)<\/h3>\n<p>Os\u0142ona \u015bmigie\u0142 Sunnylife do DJI Avata 2 to nie tylko element ochronny, ale r\u00f3wnie\u017c gwarancja bezpiecze\u0144stwa Twojego drona nawet w najtrudniejszych warunkach. Dzi\u0119ki unikalnemu projektowi, zapewnia kompleksow\u0105 ochron\u0119 podczas trybu Turtle Mode, eliminuj\u0105c ryzyko zarysowa\u0144 i uszkodze\u0144 podczas l\u0105dowania. Wykonana z odpornego tworzywa sztucznego, os\u0142ona skutecznie t\u0142umi si\u0142\u0119 wstrz\u0105s\u00f3w i uderze\u0144, dzi\u0119ki temu Tw\u00f3j Avata 2 pozostanie w nienaruszonym stanie nawet podczas nieprzewidzianych zdarze\u0144. Waga wynosz\u0105ca zaledwie 10 g nie wp\u0142ynie znacz\u0105co na osi\u0105gi ani manewrowo\u015b\u0107 Twojego drona, a jej monta\u017c nie b\u0119dzie stanowi\u0107 dla Ciebie problemu.<\/p>\n<p>\n<img decoding=\"async\" src=\"https:\/\/assets.innpro.pl\/6893\/8032\/2.jpg\" border=\"0\" \/>\n<\/p>\n<div class=\"table-wrapper\">\n<p>\u00a0<\/p>\n<h3><\/h3>\n<table>\n<tbody>\n<tr>\n<th>Producent<\/th>\n<td>Sunnylife<\/td>\n<\/tr>\n<tr>\n<th>Model<\/th>\n<td>AT2-KC820-G<\/td>\n<\/tr>\n<tr>\n<th>Kolor<\/th>\n<td>Zielony<\/td>\n<\/tr>\n<tr>\n<th>Materia\u0142<\/th>\n<td>Plastik<\/td>\n<\/tr>\n<tr>\n<th>Waga<\/th>\n<td>10 g<\/td>\n<\/tr>\n<\/tbody>\n<\/table>\n<\/div>\n","protected":false},"excerpt":{"rendered":"<p>Os\u0142ona \u015bmigie\u0142 SUNNYLIFE do DJI Avata 2 (zielona) Os\u0142ona \u015bmigie\u0142 Sunnylife do DJI Avata 2 to nie tylko element ochronny,<\/p>\n","protected":false},"featured_media":21350,"comment_status":"closed","ping_status":"open","template":"","meta":{"_acf_changed":false},"product_brand":[],"product_cat":[5575,1090,1091,6093,1088],"product_tag":[],"class_list":{"0":"post-21349","1":"product","2":"type-product","3":"status-publish","4":"has-post-thumbnail","6":"product_cat-avata-2","7":"product_cat-akcesoria","8":"product_cat-dji","9":"product_cat-baterie-do-dronow","10":"product_cat-drony","11":"pa_box-height-5439","12":"pa_box-length-3523","13":"pa_box-width-3041","14":"pa_gross-weight-4012","15":"pa_net-weight-2558","17":"first","18":"instock","19":"taxable","20":"shipping-taxable","21":"purchasable","22":"product-type-simple"},"acf":[],"yoast_head":"<!-- This site is optimized with the Yoast SEO plugin v27.2 - https:\/\/yoast.com\/product\/yoast-seo-wordpress\/ -->\n<title>Os\u0142ona \u015bmigie\u0142 SUNNYLIFE do DJI Avata 2 (zielona) - IRONSKY.PL Sklep z Dronami<\/title>\n<meta name=\"description\" content=\"Os\u0142ona \u015bmigie\u0142 SUNNYLIFE do DJI Avata 2 (zielona) - \u2705 sklep z dronami i fachowym doradztwem. \u2705 Tutaj kupisz produkty DJI, Yuneec, Parrot, Syma i wiele innych, a tak\u017ce kursy i licencje na operatora drona.\" \/>\n<meta name=\"robots\" content=\"index, follow, max-snippet:-1, max-image-preview:large, max-video-preview:-1\" \/>\n<link rel=\"canonical\" href=\"https:\/\/ironsky.pl\/sklep\/produkt\/propeller-guard-protector-sunnylife-for-dji-avata-2-green\/\" \/>\n<meta property=\"og:locale\" content=\"pl_PL\" \/>\n<meta property=\"og:type\" content=\"article\" \/>\n<meta property=\"og:title\" content=\"Os\u0142ona \u015bmigie\u0142 SUNNYLIFE do DJI Avata 2 (zielona) - IRONSKY.PL Sklep z Dronami\" \/>\n<meta property=\"og:description\" content=\"Os\u0142ona \u015bmigie\u0142 SUNNYLIFE do DJI Avata 2 (zielona) - \u2705 sklep z dronami i fachowym doradztwem. \u2705 Tutaj kupisz produkty DJI, Yuneec, Parrot, Syma i wiele innych, a tak\u017ce kursy i licencje na operatora drona.\" \/>\n<meta property=\"og:url\" content=\"https:\/\/ironsky.pl\/sklep\/produkt\/propeller-guard-protector-sunnylife-for-dji-avata-2-green\/\" \/>\n<meta property=\"og:site_name\" content=\"IRONSKY.PL Sklep z Dronami\" \/>\n<meta property=\"article:modified_time\" content=\"2026-05-03T07:04:04+00:00\" \/>\n<meta property=\"og:image\" content=\"https:\/\/ironsky.pl\/sklep\/wp-content\/uploads\/2024\/09\/43914_1.jpg\" \/>\n\t<meta property=\"og:image:width\" content=\"800\" \/>\n\t<meta property=\"og:image:height\" content=\"800\" \/>\n\t<meta property=\"og:image:type\" content=\"image\/jpeg\" \/>\n<meta name=\"twitter:card\" content=\"summary_large_image\" \/>\n<meta name=\"twitter:label1\" content=\"Szacowany czas czytania\" \/>\n\t<meta name=\"twitter:data1\" content=\"1 minuta\" \/>\n<script type=\"application\/ld+json\" class=\"yoast-schema-graph\">{\"@context\":\"https:\/\/schema.org\",\"@graph\":[{\"@type\":\"WebPage\",\"@id\":\"https:\/\/ironsky.pl\/sklep\/produkt\/propeller-guard-protector-sunnylife-for-dji-avata-2-green\/\",\"url\":\"https:\/\/ironsky.pl\/sklep\/produkt\/propeller-guard-protector-sunnylife-for-dji-avata-2-green\/\",\"name\":\"Os\u0142ona \u015bmigie\u0142 SUNNYLIFE do DJI Avata 2 (zielona) - IRONSKY.PL Sklep z Dronami\",\"isPartOf\":{\"@id\":\"https:\/\/ironsky.pl\/sklep\/#website\"},\"primaryImageOfPage\":{\"@id\":\"https:\/\/ironsky.pl\/sklep\/produkt\/propeller-guard-protector-sunnylife-for-dji-avata-2-green\/#primaryimage\"},\"image\":{\"@id\":\"https:\/\/ironsky.pl\/sklep\/produkt\/propeller-guard-protector-sunnylife-for-dji-avata-2-green\/#primaryimage\"},\"thumbnailUrl\":\"https:\/\/ironsky.pl\/sklep\/wp-content\/uploads\/2024\/09\/43914_1.jpg\",\"datePublished\":\"2024-09-16T10:39:31+00:00\",\"dateModified\":\"2026-05-03T07:04:04+00:00\",\"description\":\"Os\u0142ona \u015bmigie\u0142 SUNNYLIFE do DJI Avata 2 (zielona) - \u2705 sklep z dronami i fachowym doradztwem. \u2705 Tutaj kupisz produkty DJI, Yuneec, Parrot, Syma i wiele innych, a tak\u017ce kursy i licencje na operatora drona.\",\"breadcrumb\":{\"@id\":\"https:\/\/ironsky.pl\/sklep\/produkt\/propeller-guard-protector-sunnylife-for-dji-avata-2-green\/#breadcrumb\"},\"inLanguage\":\"pl-PL\",\"potentialAction\":[{\"@type\":\"ReadAction\",\"target\":[\"https:\/\/ironsky.pl\/sklep\/produkt\/propeller-guard-protector-sunnylife-for-dji-avata-2-green\/\"]}]},{\"@type\":\"ImageObject\",\"inLanguage\":\"pl-PL\",\"@id\":\"https:\/\/ironsky.pl\/sklep\/produkt\/propeller-guard-protector-sunnylife-for-dji-avata-2-green\/#primaryimage\",\"url\":\"https:\/\/ironsky.pl\/sklep\/wp-content\/uploads\/2024\/09\/43914_1.jpg\",\"contentUrl\":\"https:\/\/ironsky.pl\/sklep\/wp-content\/uploads\/2024\/09\/43914_1.jpg\",\"width\":800,\"height\":800},{\"@type\":\"BreadcrumbList\",\"@id\":\"https:\/\/ironsky.pl\/sklep\/produkt\/propeller-guard-protector-sunnylife-for-dji-avata-2-green\/#breadcrumb\",\"itemListElement\":[{\"@type\":\"ListItem\",\"position\":1,\"name\":\"Strona g\u0142\u00f3wna\",\"item\":\"https:\/\/ironsky.pl\/sklep\/\"},{\"@type\":\"ListItem\",\"position\":2,\"name\":\"Wszystkie produkty\",\"item\":\"https:\/\/ironsky.pl\/sklep\/produkty\/\"},{\"@type\":\"ListItem\",\"position\":3,\"name\":\"Os\u0142ona \u015bmigie\u0142 SUNNYLIFE do DJI Avata 2 (zielona)\"}]},{\"@type\":\"WebSite\",\"@id\":\"https:\/\/ironsky.pl\/sklep\/#website\",\"url\":\"https:\/\/ironsky.pl\/sklep\/\",\"name\":\"IRONSKY.PL Sklep z Dronami\",\"description\":\"IRONSKY.PL Sklep z Dronami\",\"potentialAction\":[{\"@type\":\"SearchAction\",\"target\":{\"@type\":\"EntryPoint\",\"urlTemplate\":\"https:\/\/ironsky.pl\/sklep\/?s={search_term_string}\"},\"query-input\":{\"@type\":\"PropertyValueSpecification\",\"valueRequired\":true,\"valueName\":\"search_term_string\"}}],\"inLanguage\":\"pl-PL\"}]}<\/script>\n<!-- \/ Yoast SEO plugin. -->","yoast_head_json":{"title":"Os\u0142ona \u015bmigie\u0142 SUNNYLIFE do DJI Avata 2 (zielona) - IRONSKY.PL Sklep z Dronami","description":"Os\u0142ona \u015bmigie\u0142 SUNNYLIFE do DJI Avata 2 (zielona) - \u2705 sklep z dronami i fachowym doradztwem. \u2705 Tutaj kupisz produkty DJI, Yuneec, Parrot, Syma i wiele innych, a tak\u017ce kursy i licencje na operatora drona.","robots":{"index":"index","follow":"follow","max-snippet":"max-snippet:-1","max-image-preview":"max-image-preview:large","max-video-preview":"max-video-preview:-1"},"canonical":"https:\/\/ironsky.pl\/sklep\/produkt\/propeller-guard-protector-sunnylife-for-dji-avata-2-green\/","og_locale":"pl_PL","og_type":"article","og_title":"Os\u0142ona \u015bmigie\u0142 SUNNYLIFE do DJI Avata 2 (zielona) - IRONSKY.PL Sklep z Dronami","og_description":"Os\u0142ona \u015bmigie\u0142 SUNNYLIFE do DJI Avata 2 (zielona) - \u2705 sklep z dronami i fachowym doradztwem. \u2705 Tutaj kupisz produkty DJI, Yuneec, Parrot, Syma i wiele innych, a tak\u017ce kursy i licencje na operatora drona.","og_url":"https:\/\/ironsky.pl\/sklep\/produkt\/propeller-guard-protector-sunnylife-for-dji-avata-2-green\/","og_site_name":"IRONSKY.PL Sklep z Dronami","article_modified_time":"2026-05-03T07:04:04+00:00","og_image":[{"width":800,"height":800,"url":"https:\/\/ironsky.pl\/sklep\/wp-content\/uploads\/2024\/09\/43914_1.jpg","type":"image\/jpeg"}],"twitter_card":"summary_large_image","twitter_misc":{"Szacowany czas czytania":"1 minuta"},"schema":{"@context":"https:\/\/schema.org","@graph":[{"@type":"WebPage","@id":"https:\/\/ironsky.pl\/sklep\/produkt\/propeller-guard-protector-sunnylife-for-dji-avata-2-green\/","url":"https:\/\/ironsky.pl\/sklep\/produkt\/propeller-guard-protector-sunnylife-for-dji-avata-2-green\/","name":"Os\u0142ona \u015bmigie\u0142 SUNNYLIFE do DJI Avata 2 (zielona) - IRONSKY.PL Sklep z Dronami","isPartOf":{"@id":"https:\/\/ironsky.pl\/sklep\/#website"},"primaryImageOfPage":{"@id":"https:\/\/ironsky.pl\/sklep\/produkt\/propeller-guard-protector-sunnylife-for-dji-avata-2-green\/#primaryimage"},"image":{"@id":"https:\/\/ironsky.pl\/sklep\/produkt\/propeller-guard-protector-sunnylife-for-dji-avata-2-green\/#primaryimage"},"thumbnailUrl":"https:\/\/ironsky.pl\/sklep\/wp-content\/uploads\/2024\/09\/43914_1.jpg","datePublished":"2024-09-16T10:39:31+00:00","dateModified":"2026-05-03T07:04:04+00:00","description":"Os\u0142ona \u015bmigie\u0142 SUNNYLIFE do DJI Avata 2 (zielona) - \u2705 sklep z dronami i fachowym doradztwem. \u2705 Tutaj kupisz produkty DJI, Yuneec, Parrot, Syma i wiele innych, a tak\u017ce kursy i licencje na operatora drona.","breadcrumb":{"@id":"https:\/\/ironsky.pl\/sklep\/produkt\/propeller-guard-protector-sunnylife-for-dji-avata-2-green\/#breadcrumb"},"inLanguage":"pl-PL","potentialAction":[{"@type":"ReadAction","target":["https:\/\/ironsky.pl\/sklep\/produkt\/propeller-guard-protector-sunnylife-for-dji-avata-2-green\/"]}]},{"@type":"ImageObject","inLanguage":"pl-PL","@id":"https:\/\/ironsky.pl\/sklep\/produkt\/propeller-guard-protector-sunnylife-for-dji-avata-2-green\/#primaryimage","url":"https:\/\/ironsky.pl\/sklep\/wp-content\/uploads\/2024\/09\/43914_1.jpg","contentUrl":"https:\/\/ironsky.pl\/sklep\/wp-content\/uploads\/2024\/09\/43914_1.jpg","width":800,"height":800},{"@type":"BreadcrumbList","@id":"https:\/\/ironsky.pl\/sklep\/produkt\/propeller-guard-protector-sunnylife-for-dji-avata-2-green\/#breadcrumb","itemListElement":[{"@type":"ListItem","position":1,"name":"Strona g\u0142\u00f3wna","item":"https:\/\/ironsky.pl\/sklep\/"},{"@type":"ListItem","position":2,"name":"Wszystkie produkty","item":"https:\/\/ironsky.pl\/sklep\/produkty\/"},{"@type":"ListItem","position":3,"name":"Os\u0142ona \u015bmigie\u0142 SUNNYLIFE do DJI Avata 2 (zielona)"}]},{"@type":"WebSite","@id":"https:\/\/ironsky.pl\/sklep\/#website","url":"https:\/\/ironsky.pl\/sklep\/","name":"IRONSKY.PL Sklep z Dronami","description":"IRONSKY.PL Sklep z Dronami","potentialAction":[{"@type":"SearchAction","target":{"@type":"EntryPoint","urlTemplate":"https:\/\/ironsky.pl\/sklep\/?s={search_term_string}"},"query-input":{"@type":"PropertyValueSpecification","valueRequired":true,"valueName":"search_term_string"}}],"inLanguage":"pl-PL"}]}},"_links":{"self":[{"href":"https:\/\/ironsky.pl\/sklep\/wp-json\/wp\/v2\/product\/21349","targetHints":{"allow":["GET"]}}],"collection":[{"href":"https:\/\/ironsky.pl\/sklep\/wp-json\/wp\/v2\/product"}],"about":[{"href":"https:\/\/ironsky.pl\/sklep\/wp-json\/wp\/v2\/types\/product"}],"replies":[{"embeddable":true,"href":"https:\/\/ironsky.pl\/sklep\/wp-json\/wp\/v2\/comments?post=21349"}],"wp:featuredmedia":[{"embeddable":true,"href":"https:\/\/ironsky.pl\/sklep\/wp-json\/wp\/v2\/media\/21350"}],"wp:attachment":[{"href":"https:\/\/ironsky.pl\/sklep\/wp-json\/wp\/v2\/media?parent=21349"}],"wp:term":[{"taxonomy":"product_brand","embeddable":true,"href":"https:\/\/ironsky.pl\/sklep\/wp-json\/wp\/v2\/product_brand?post=21349"},{"taxonomy":"product_cat","embeddable":true,"href":"https:\/\/ironsky.pl\/sklep\/wp-json\/wp\/v2\/product_cat?post=21349"},{"taxonomy":"product_tag","embeddable":true,"href":"https:\/\/ironsky.pl\/sklep\/wp-json\/wp\/v2\/product_tag?post=21349"}],"curies":[{"name":"wp","href":"https:\/\/api.w.org\/{rel}","templated":true}]}}