{"id":20780,"date":"2024-09-16T12:30:19","date_gmt":"2024-09-16T10:30:19","guid":{"rendered":"http:\/\/gvshalph.pro-linuxpl.com\/ironskyprodukty\/produkt\/drone-harmony-dla-dji-dock\/"},"modified":"2026-03-05T15:49:15","modified_gmt":"2026-03-05T14:49:15","slug":"drone-harmony-dla-dji-dock","status":"publish","type":"product","link":"https:\/\/ironsky.pl\/sklep\/produkt\/drone-harmony-dla-dji-dock\/","title":{"rendered":"Drone Harmony dla DJI Dock"},"content":{"rendered":"<h3>Drone Harmony dla DJI Dock<\/h3>\n<p>Drone Harmony dla DJI Dock to najpot\u0119\u017cniejsze rozwi\u0105zanie do planowania i zarz\u0105dzania lotami dla DJI Dock, zapewniaj\u0105ce bezprecedensow\u0105 \u015bwiadomo\u015b\u0107 sytuacyjn\u0105, planowanie i mo\u017cliwo\u015bci wizualizacji dla lokalizacji Dock. Oferuj\u0105c platform\u0119 FULL 3D, szwajcarskie funkcje bezpiecze\u0144stwa i r\u00f3\u017cnorodne interfejsy, umo\u017cliwia operatorom dron\u00f3w osi\u0105gni\u0119cie nowego poziomu wydajno\u015bci, bezpiecze\u0144stwa i zdolno\u015bci adaptacyjnych.<\/p>\n<p><img decoding=\"async\" src=\"\/data\/include\/cms\/enterprise\/drone-harmony\/DH-data-security.png\" border=\"0\" width=\"100%\" height=\"NaN\" \/><\/p>\n<h3>Ochrona danych \u2013 najwy\u017cszy priorytet<\/h3>\n<p>Drone Harmony dla DJI Dock zosta\u0142 zaprojektowany z my\u015bl\u0105 o najwy\u017cszym poziomie bezpiecze\u0144stwa danych. W szczeg\u00f3lno\u015bci, \u017ce rozwi\u0105zanie mo\u017cna \u0142atwo zainstalowa\u0107 na serwerze (lokalnie) lub w sieci prywatnej.<\/p>\n<p><img decoding=\"async\" src=\"\/data\/include\/cms\/enterprise\/drone-harmony\/DH-situational-awareness.png\" border=\"0\" alt=\"\" width=\"940\" height=\"788\" \/><\/p>\n<h3>\u015awiadomo\u015b\u0107 sytuacyjna<\/h3>\n<p>Drone Harmony to jedyny system, kt\u00f3ry zapewnia pe\u0142ne transmisje na \u017cywo z wielu stacji dokuj\u0105cych DJI w po\u0142\u0105czeniu z intuicyjnym interfejsem 3D. \u015aled\u017a w czasie rzeczywistym ka\u017cdy krytyczny parametr w ka\u017cdej z aktywnych misji i dok\u00f3w DJI na\u0142o\u017conych na realistyczn\u0105 wirtualn\u0105 lokalizacj\u0119 reprezentuj\u0105c\u0105 Tw\u00f3j zas\u00f3b.<\/p>\n<p><img decoding=\"async\" src=\"\/data\/include\/cms\/enterprise\/drone-harmony\/DH-flight-safety.png\" border=\"0\" width=\"940\" height=\"788\" \/><\/p>\n<h3>Bezpiecze\u0144stwo lot\u00f3w<\/h3>\n<p>Drone Harmony w wyj\u0105tkowy spos\u00f3b umo\u017cliwia bezpieczne planowanie lot\u00f3w omijaj\u0105c przeszkody, w oparciu o niestandardowe dane 3D i niezr\u00f3wnan\u0105 mo\u017cliwo\u015b\u0107 wizualizacji plan\u00f3w do przegl\u0105du. Ograniczenia dotycz\u0105ce wykonywanych lot\u00f3w mog\u0105 by\u0107 nak\u0142adane na zdefiniowane przez u\u017cytkownika strefy zakazu lot\u00f3w i geofence.<\/p>\n<p><img decoding=\"async\" src=\"\/data\/include\/cms\/enterprise\/drone-harmony\/DH-flight-planning.png\" border=\"0\" width=\"100%\" height=\"NaN\" \/><\/p>\n<h3>Planowanie i zarz\u0105dzanie lotami<\/h3>\n<p>Drone Harmony zapewnia wiod\u0105cy w bran\u017cy przep\u0142yw pracy planowania lotu, dzi\u0119ki po\u0142\u0105czeniu dziesi\u0105tek funkcji automatycznego planowania lotu z pot\u0119\u017cnymi narz\u0119dziami do dostosowywania planu. Funkcje planowania s\u0105 dostosowane do wielu przypadk\u00f3w u\u017cycia, w tym mapowania 2D i 3D, mapowania terenu, inspekcji konstrukcji, inspekcji medi\u00f3w elektrycznych, inspekcji wie\u017c, poszukiwania i ratownictwa, ochrony obwodowej i patrolowania, inspekcji s\u0142onecznej, wykrywania metanu i innych.\u00a0<\/p>\n<p><img decoding=\"async\" src=\"\/data\/include\/cms\/enterprise\/drone-harmony\/DH-image-data-mangement.png\" border=\"0\" width=\"100%\" height=\"NaN\" \/><\/p>\n<h3>Zarz\u0105dzanie danymi obrazu<\/h3>\n<p>Obs\u0142uga danych obrazu w Drone Harmony jest zaprojektowana do wyj\u0105tkowo \u0142atwego przegl\u0105dania przechwyconych danych drona. Obrazy s\u0105 sortowane wed\u0142ug czasu, daty, stacji dokuj\u0105cej i lot\u00f3w. S\u0105 one automatycznie geolokalizowane i nak\u0142adane na widoki mapy i 3D.<\/p>\n<p><img decoding=\"async\" src=\"\/data\/include\/cms\/enterprise\/drone-harmony\/DH-site-dock-management.png\" border=\"0\" width=\"100%\" height=\"NaN\" \/><\/p>\n<h3>Zarz\u0105dzanie lokalizacjami i dokami<\/h3>\n<p>Drone Harmony to platforma do zarz\u0105dzania wieloma r\u00f3\u017cnorodnymi lokalizacjami w jednym intuicyjnym interfejsie. Skalowanie operacji za pomoc\u0105 Drone Harmony jest tak proste, jak dodanie nowej lokalizacji do konta korporacyjnego.<\/p>\n<p><img decoding=\"async\" src=\"\/data\/include\/cms\/enterprise\/drone-harmony\/DH-visualization.png\" border=\"0\" alt=\"\" width=\"100%\" \/><\/p>\n<h3>Wizualizacja<\/h3>\n<p>Drone Harmony jedyne rozwi\u0105zanie dla DJI Dock, kt\u00f3re prezentuje lokalizacje DJI Dock w \u015brodowisku FULL-3D, zawieraj\u0105cym bogat\u0105 r\u00f3\u017cnorodno\u015b\u0107 typ\u00f3w danych, od modeli terenu po chmury punkt\u00f3w.<\/p>\n","protected":false},"excerpt":{"rendered":"<p>Drone Harmony dla DJI Dock Drone Harmony dla DJI Dock to najpot\u0119\u017cniejsze rozwi\u0105zanie do planowania i zarz\u0105dzania lotami dla DJI<\/p>\n","protected":false},"featured_media":20781,"comment_status":"closed","ping_status":"open","template":"","meta":{"_acf_changed":false},"product_brand":[],"product_cat":[5683,1101,1093],"product_tag":[],"class_list":{"0":"post-20780","1":"product","2":"type-product","3":"status-publish","4":"has-post-thumbnail","6":"product_cat-drone-harmony","7":"product_cat-oprogramowanie-do-dronow","8":"product_cat-urzadzenia-i-akcesoria","9":"pa_indywidualna-wycena-4618","11":"first","12":"outofstock","13":"taxable","14":"shipping-taxable","15":"product-type-simple"},"acf":[],"yoast_head":"<!-- This site is optimized with the Yoast SEO plugin v27.2 - https:\/\/yoast.com\/product\/yoast-seo-wordpress\/ -->\n<title>Drone Harmony dla DJI Dock - IRONSKY.PL Sklep z Dronami<\/title>\n<meta name=\"description\" content=\"Drone Harmony dla DJI Dock - \u2705 sklep z dronami i fachowym doradztwem. \u2705 Tutaj kupisz produkty DJI, Yuneec, Parrot, Syma i wiele innych, a tak\u017ce kursy i licencje na operatora drona.\" \/>\n<meta name=\"robots\" content=\"index, follow, max-snippet:-1, max-image-preview:large, max-video-preview:-1\" \/>\n<link rel=\"canonical\" href=\"https:\/\/ironsky.pl\/sklep\/produkt\/drone-harmony-dla-dji-dock\/\" \/>\n<meta property=\"og:locale\" content=\"pl_PL\" \/>\n<meta property=\"og:type\" content=\"article\" \/>\n<meta property=\"og:title\" content=\"Drone Harmony dla DJI Dock - IRONSKY.PL Sklep z Dronami\" \/>\n<meta property=\"og:description\" content=\"Drone Harmony dla DJI Dock - \u2705 sklep z dronami i fachowym doradztwem. \u2705 Tutaj kupisz produkty DJI, Yuneec, Parrot, Syma i wiele innych, a tak\u017ce kursy i licencje na operatora drona.\" \/>\n<meta property=\"og:url\" content=\"https:\/\/ironsky.pl\/sklep\/produkt\/drone-harmony-dla-dji-dock\/\" \/>\n<meta property=\"og:site_name\" content=\"IRONSKY.PL Sklep z Dronami\" \/>\n<meta property=\"article:modified_time\" content=\"2026-03-05T14:49:15+00:00\" \/>\n<meta property=\"og:image\" content=\"https:\/\/ironsky.pl\/sklep\/wp-content\/uploads\/2024\/09\/36452_1.jpg\" \/>\n\t<meta property=\"og:image:width\" content=\"800\" \/>\n\t<meta property=\"og:image:height\" content=\"800\" \/>\n\t<meta property=\"og:image:type\" content=\"image\/jpeg\" \/>\n<meta name=\"twitter:card\" content=\"summary_large_image\" \/>\n<meta name=\"twitter:label1\" content=\"Szacowany czas czytania\" \/>\n\t<meta name=\"twitter:data1\" content=\"2 minuty\" \/>\n<script type=\"application\/ld+json\" class=\"yoast-schema-graph\">{\"@context\":\"https:\/\/schema.org\",\"@graph\":[{\"@type\":\"WebPage\",\"@id\":\"https:\/\/ironsky.pl\/sklep\/produkt\/drone-harmony-dla-dji-dock\/\",\"url\":\"https:\/\/ironsky.pl\/sklep\/produkt\/drone-harmony-dla-dji-dock\/\",\"name\":\"Drone Harmony dla DJI Dock - IRONSKY.PL Sklep z Dronami\",\"isPartOf\":{\"@id\":\"https:\/\/ironsky.pl\/sklep\/#website\"},\"primaryImageOfPage\":{\"@id\":\"https:\/\/ironsky.pl\/sklep\/produkt\/drone-harmony-dla-dji-dock\/#primaryimage\"},\"image\":{\"@id\":\"https:\/\/ironsky.pl\/sklep\/produkt\/drone-harmony-dla-dji-dock\/#primaryimage\"},\"thumbnailUrl\":\"https:\/\/ironsky.pl\/sklep\/wp-content\/uploads\/2024\/09\/36452_1.jpg\",\"datePublished\":\"2024-09-16T10:30:19+00:00\",\"dateModified\":\"2026-03-05T14:49:15+00:00\",\"description\":\"Drone Harmony dla DJI Dock - \u2705 sklep z dronami i fachowym doradztwem. \u2705 Tutaj kupisz produkty DJI, Yuneec, Parrot, Syma i wiele innych, a tak\u017ce kursy i licencje na operatora drona.\",\"breadcrumb\":{\"@id\":\"https:\/\/ironsky.pl\/sklep\/produkt\/drone-harmony-dla-dji-dock\/#breadcrumb\"},\"inLanguage\":\"pl-PL\",\"potentialAction\":[{\"@type\":\"ReadAction\",\"target\":[\"https:\/\/ironsky.pl\/sklep\/produkt\/drone-harmony-dla-dji-dock\/\"]}]},{\"@type\":\"ImageObject\",\"inLanguage\":\"pl-PL\",\"@id\":\"https:\/\/ironsky.pl\/sklep\/produkt\/drone-harmony-dla-dji-dock\/#primaryimage\",\"url\":\"https:\/\/ironsky.pl\/sklep\/wp-content\/uploads\/2024\/09\/36452_1.jpg\",\"contentUrl\":\"https:\/\/ironsky.pl\/sklep\/wp-content\/uploads\/2024\/09\/36452_1.jpg\",\"width\":800,\"height\":800},{\"@type\":\"BreadcrumbList\",\"@id\":\"https:\/\/ironsky.pl\/sklep\/produkt\/drone-harmony-dla-dji-dock\/#breadcrumb\",\"itemListElement\":[{\"@type\":\"ListItem\",\"position\":1,\"name\":\"Strona g\u0142\u00f3wna\",\"item\":\"https:\/\/ironsky.pl\/sklep\/\"},{\"@type\":\"ListItem\",\"position\":2,\"name\":\"Wszystkie produkty\",\"item\":\"https:\/\/ironsky.pl\/sklep\/sklep\/\"},{\"@type\":\"ListItem\",\"position\":3,\"name\":\"Drone Harmony dla DJI Dock\"}]},{\"@type\":\"WebSite\",\"@id\":\"https:\/\/ironsky.pl\/sklep\/#website\",\"url\":\"https:\/\/ironsky.pl\/sklep\/\",\"name\":\"IRONSKY.PL Sklep z Dronami\",\"description\":\"IRONSKY.PL Sklep z Dronami\",\"potentialAction\":[{\"@type\":\"SearchAction\",\"target\":{\"@type\":\"EntryPoint\",\"urlTemplate\":\"https:\/\/ironsky.pl\/sklep\/?s={search_term_string}\"},\"query-input\":{\"@type\":\"PropertyValueSpecification\",\"valueRequired\":true,\"valueName\":\"search_term_string\"}}],\"inLanguage\":\"pl-PL\"}]}<\/script>\n<!-- \/ Yoast SEO plugin. -->","yoast_head_json":{"title":"Drone Harmony dla DJI Dock - IRONSKY.PL Sklep z Dronami","description":"Drone Harmony dla DJI Dock - \u2705 sklep z dronami i fachowym doradztwem. \u2705 Tutaj kupisz produkty DJI, Yuneec, Parrot, Syma i wiele innych, a tak\u017ce kursy i licencje na operatora drona.","robots":{"index":"index","follow":"follow","max-snippet":"max-snippet:-1","max-image-preview":"max-image-preview:large","max-video-preview":"max-video-preview:-1"},"canonical":"https:\/\/ironsky.pl\/sklep\/produkt\/drone-harmony-dla-dji-dock\/","og_locale":"pl_PL","og_type":"article","og_title":"Drone Harmony dla DJI Dock - IRONSKY.PL Sklep z Dronami","og_description":"Drone Harmony dla DJI Dock - \u2705 sklep z dronami i fachowym doradztwem. \u2705 Tutaj kupisz produkty DJI, Yuneec, Parrot, Syma i wiele innych, a tak\u017ce kursy i licencje na operatora drona.","og_url":"https:\/\/ironsky.pl\/sklep\/produkt\/drone-harmony-dla-dji-dock\/","og_site_name":"IRONSKY.PL Sklep z Dronami","article_modified_time":"2026-03-05T14:49:15+00:00","og_image":[{"width":800,"height":800,"url":"https:\/\/ironsky.pl\/sklep\/wp-content\/uploads\/2024\/09\/36452_1.jpg","type":"image\/jpeg"}],"twitter_card":"summary_large_image","twitter_misc":{"Szacowany czas czytania":"2 minuty"},"schema":{"@context":"https:\/\/schema.org","@graph":[{"@type":"WebPage","@id":"https:\/\/ironsky.pl\/sklep\/produkt\/drone-harmony-dla-dji-dock\/","url":"https:\/\/ironsky.pl\/sklep\/produkt\/drone-harmony-dla-dji-dock\/","name":"Drone Harmony dla DJI Dock - IRONSKY.PL Sklep z Dronami","isPartOf":{"@id":"https:\/\/ironsky.pl\/sklep\/#website"},"primaryImageOfPage":{"@id":"https:\/\/ironsky.pl\/sklep\/produkt\/drone-harmony-dla-dji-dock\/#primaryimage"},"image":{"@id":"https:\/\/ironsky.pl\/sklep\/produkt\/drone-harmony-dla-dji-dock\/#primaryimage"},"thumbnailUrl":"https:\/\/ironsky.pl\/sklep\/wp-content\/uploads\/2024\/09\/36452_1.jpg","datePublished":"2024-09-16T10:30:19+00:00","dateModified":"2026-03-05T14:49:15+00:00","description":"Drone Harmony dla DJI Dock - \u2705 sklep z dronami i fachowym doradztwem. \u2705 Tutaj kupisz produkty DJI, Yuneec, Parrot, Syma i wiele innych, a tak\u017ce kursy i licencje na operatora drona.","breadcrumb":{"@id":"https:\/\/ironsky.pl\/sklep\/produkt\/drone-harmony-dla-dji-dock\/#breadcrumb"},"inLanguage":"pl-PL","potentialAction":[{"@type":"ReadAction","target":["https:\/\/ironsky.pl\/sklep\/produkt\/drone-harmony-dla-dji-dock\/"]}]},{"@type":"ImageObject","inLanguage":"pl-PL","@id":"https:\/\/ironsky.pl\/sklep\/produkt\/drone-harmony-dla-dji-dock\/#primaryimage","url":"https:\/\/ironsky.pl\/sklep\/wp-content\/uploads\/2024\/09\/36452_1.jpg","contentUrl":"https:\/\/ironsky.pl\/sklep\/wp-content\/uploads\/2024\/09\/36452_1.jpg","width":800,"height":800},{"@type":"BreadcrumbList","@id":"https:\/\/ironsky.pl\/sklep\/produkt\/drone-harmony-dla-dji-dock\/#breadcrumb","itemListElement":[{"@type":"ListItem","position":1,"name":"Strona g\u0142\u00f3wna","item":"https:\/\/ironsky.pl\/sklep\/"},{"@type":"ListItem","position":2,"name":"Wszystkie produkty","item":"https:\/\/ironsky.pl\/sklep\/sklep\/"},{"@type":"ListItem","position":3,"name":"Drone Harmony dla DJI Dock"}]},{"@type":"WebSite","@id":"https:\/\/ironsky.pl\/sklep\/#website","url":"https:\/\/ironsky.pl\/sklep\/","name":"IRONSKY.PL Sklep z Dronami","description":"IRONSKY.PL Sklep z Dronami","potentialAction":[{"@type":"SearchAction","target":{"@type":"EntryPoint","urlTemplate":"https:\/\/ironsky.pl\/sklep\/?s={search_term_string}"},"query-input":{"@type":"PropertyValueSpecification","valueRequired":true,"valueName":"search_term_string"}}],"inLanguage":"pl-PL"}]}},"_links":{"self":[{"href":"https:\/\/ironsky.pl\/sklep\/wp-json\/wp\/v2\/product\/20780","targetHints":{"allow":["GET"]}}],"collection":[{"href":"https:\/\/ironsky.pl\/sklep\/wp-json\/wp\/v2\/product"}],"about":[{"href":"https:\/\/ironsky.pl\/sklep\/wp-json\/wp\/v2\/types\/product"}],"replies":[{"embeddable":true,"href":"https:\/\/ironsky.pl\/sklep\/wp-json\/wp\/v2\/comments?post=20780"}],"wp:featuredmedia":[{"embeddable":true,"href":"https:\/\/ironsky.pl\/sklep\/wp-json\/wp\/v2\/media\/20781"}],"wp:attachment":[{"href":"https:\/\/ironsky.pl\/sklep\/wp-json\/wp\/v2\/media?parent=20780"}],"wp:term":[{"taxonomy":"product_brand","embeddable":true,"href":"https:\/\/ironsky.pl\/sklep\/wp-json\/wp\/v2\/product_brand?post=20780"},{"taxonomy":"product_cat","embeddable":true,"href":"https:\/\/ironsky.pl\/sklep\/wp-json\/wp\/v2\/product_cat?post=20780"},{"taxonomy":"product_tag","embeddable":true,"href":"https:\/\/ironsky.pl\/sklep\/wp-json\/wp\/v2\/product_tag?post=20780"}],"curies":[{"name":"wp","href":"https:\/\/api.w.org\/{rel}","templated":true}]}}