{"id":20460,"date":"2024-09-16T12:24:50","date_gmt":"2024-09-16T10:24:50","guid":{"rendered":"http:\/\/gvshalph.pro-linuxpl.com\/ironskyprodukty\/produkt\/dji-care-enterprise-plus-mavic-3t-kod-elektroniczny\/"},"modified":"2026-05-02T20:57:53","modified_gmt":"2026-05-02T18:57:53","slug":"dji-care-enterprise-plus-mavic-3t-kod-elektroniczny","status":"publish","type":"product","link":"https:\/\/ironsky.pl\/sklep\/produkt\/dji-care-enterprise-plus-mavic-3t-kod-elektroniczny\/","title":{"rendered":"DJI Care Enterprise Plus Mavic 3T &#8211; kod elektroniczny"},"content":{"rendered":"<h3>DJI Care Enterprise Plus<\/h3>\n<p>Przed\u0142u\u017c swoj\u0105 us\u0142ug\u0119 DJI Care Enterprise Plus na kolejny rok i ciesz si\u0119, nieograniczon\u0105 liczb\u0105 bezp\u0142atnych napraw w ramach zakresu ochrony, oficjalnej gwarancji i wielu ekskluzywnych korzy\u015bci.\u00a0<\/p>\n<h3>Kompleksowa ochrona<\/h3>\n<p>DJI Care Enterprise<span>\u00a0<\/span>Plus to przed\u0142u\u017cenie na kolejne 12 miesi\u0119cy kompleksowej us\u0142ugi oferowanej przez DJI na produkty Enterprise, kt\u00f3ra<span>\u00a0<\/span>zapewnia nieograniczon\u0105 liczb\u0119 bezp\u0142atnych napraw obejmuj\u0105cych uszkodzenia spowodowane wypadkami, takimi jak zderzenia, zalaniem wod\u0105, utrat\u0105 sygna\u0142u i b\u0142\u0119dami obs\u0142ugi.<\/p>\n<h3>Jak to dzia\u0142a<\/h3>\n<p>Po zakupie us\u0142ugi DJI Care Enterprise<span>\u00a0<\/span>Plus, u\u017cytkownik przechodzi na stron\u0119 DJI i aktywuje us\u0142ug\u0119, podaj\u0105c numer seryjny drona i\/lub numer seryjny kamery, do kt\u00f3rej ochrona ma zosta\u0107 przypisana. Zastrze\u017ceniem jest, \u017ce przed\u0142u\u017cenie pakietu nale\u017cy aktywowa\u0107\u00a0nie p\u00f3\u017aniej ni\u017c 7 dni przed wyga\u015bni\u0119ciem trwaj\u0105cej ju\u017c us\u0142ugi.<\/p>\n<h3>Kr\u00f3tsze przestoje w projektach\u00a0<\/h3>\n<p>DJI Care Enterprise Plus obejmuje pokrycie koszt\u00f3w wysy\u0142ki i odbioru przesy\u0142ki w ramach us\u0142ugi naprawy, zapewniaj\u0105c wygodn\u0105 i wydajn\u0105 obs\u0142ug\u0119.<\/p>\n<h3>Gdy zdarzy si\u0119 wypadek<\/h3>\n<p>1. U\u017cytkownik\u00a0zg\u0142asza usterk\u0119 i wysy\u0142a model\u00a0do niemieckiego serwisu DJI z adnotacj\u0105, \u017ce posiada DJI\u00a0Care Enterprise Plus.<\/p>\n<p>2. U\u017cytkownik dostaje wycen\u0119 naprawy i na tej podstawie decyduje czy chce dokona\u0107 naprawy\/wymiany odp\u0142atnie b\u0105d\u017a przez DJI Care Enterprise Plus.<\/p>\n<p>3. Po wybraniu opcji DJI Care Enterprise Plus, u\u017cytkownik uiszcza op\u0142at\u0119 i dostaje nowy produkt b\u0105d\u017a nowe cz\u0119\u015bci zamienne.<\/p>\n<p>4. Wymieniony produkt zostaje priorytetowo dostarczony do u\u017cytkownika z darmow\u0105 wysy\u0142k\u0105.\u00a0<\/p>\n","protected":false},"excerpt":{"rendered":"<p>DJI Care Enterprise Plus Przed\u0142u\u017c swoj\u0105 us\u0142ug\u0119 DJI Care Enterprise Plus na kolejny rok i ciesz si\u0119, nieograniczon\u0105 liczb\u0105 bezp\u0142atnych<\/p>\n","protected":false},"featured_media":20461,"comment_status":"closed","ping_status":"open","template":"","meta":{"_acf_changed":false},"product_brand":[],"product_cat":[1094],"product_tag":[],"class_list":{"0":"post-20460","1":"product","2":"type-product","3":"status-publish","4":"has-post-thumbnail","6":"product_cat-ubezpieczenia-dji-care","7":"pa_gross-weight-1706","9":"first","10":"outofstock","11":"taxable","12":"shipping-taxable","13":"purchasable","14":"product-type-simple"},"acf":[],"yoast_head":"<!-- This site is optimized with the Yoast SEO plugin v27.2 - https:\/\/yoast.com\/product\/yoast-seo-wordpress\/ -->\n<title>DJI Care Enterprise Plus Mavic 3T - kod elektroniczny - IRONSKY.PL Sklep z Dronami<\/title>\n<meta name=\"description\" content=\"DJI Care Enterprise Plus Mavic 3T - kod elektroniczny - \u2705 sklep z dronami i fachowym doradztwem. \u2705 Tutaj kupisz produkty DJI, Yuneec, Parrot, Syma i wiele innych, a tak\u017ce kursy i licencje na operatora drona.\" \/>\n<meta name=\"robots\" content=\"index, follow, max-snippet:-1, max-image-preview:large, max-video-preview:-1\" \/>\n<link rel=\"canonical\" href=\"https:\/\/ironsky.pl\/sklep\/produkt\/dji-care-enterprise-plus-mavic-3t-kod-elektroniczny\/\" \/>\n<meta property=\"og:locale\" content=\"pl_PL\" \/>\n<meta property=\"og:type\" content=\"article\" \/>\n<meta property=\"og:title\" content=\"DJI Care Enterprise Plus Mavic 3T - kod elektroniczny - IRONSKY.PL Sklep z Dronami\" \/>\n<meta property=\"og:description\" content=\"DJI Care Enterprise Plus Mavic 3T - kod elektroniczny - \u2705 sklep z dronami i fachowym doradztwem. \u2705 Tutaj kupisz produkty DJI, Yuneec, Parrot, Syma i wiele innych, a tak\u017ce kursy i licencje na operatora drona.\" \/>\n<meta property=\"og:url\" content=\"https:\/\/ironsky.pl\/sklep\/produkt\/dji-care-enterprise-plus-mavic-3t-kod-elektroniczny\/\" \/>\n<meta property=\"og:site_name\" content=\"IRONSKY.PL Sklep z Dronami\" \/>\n<meta property=\"article:modified_time\" content=\"2026-05-02T18:57:53+00:00\" \/>\n<meta property=\"og:image\" content=\"https:\/\/ironsky.pl\/sklep\/wp-content\/uploads\/2024\/09\/34698_2.jpg\" \/>\n\t<meta property=\"og:image:width\" content=\"640\" \/>\n\t<meta property=\"og:image:height\" content=\"640\" \/>\n\t<meta property=\"og:image:type\" content=\"image\/jpeg\" \/>\n<meta name=\"twitter:card\" content=\"summary_large_image\" \/>\n<meta name=\"twitter:label1\" content=\"Szacowany czas czytania\" \/>\n\t<meta name=\"twitter:data1\" content=\"1 minuta\" \/>\n<script type=\"application\/ld+json\" class=\"yoast-schema-graph\">{\"@context\":\"https:\/\/schema.org\",\"@graph\":[{\"@type\":\"WebPage\",\"@id\":\"https:\/\/ironsky.pl\/sklep\/produkt\/dji-care-enterprise-plus-mavic-3t-kod-elektroniczny\/\",\"url\":\"https:\/\/ironsky.pl\/sklep\/produkt\/dji-care-enterprise-plus-mavic-3t-kod-elektroniczny\/\",\"name\":\"DJI Care Enterprise Plus Mavic 3T - kod elektroniczny - IRONSKY.PL Sklep z Dronami\",\"isPartOf\":{\"@id\":\"https:\/\/ironsky.pl\/sklep\/#website\"},\"primaryImageOfPage\":{\"@id\":\"https:\/\/ironsky.pl\/sklep\/produkt\/dji-care-enterprise-plus-mavic-3t-kod-elektroniczny\/#primaryimage\"},\"image\":{\"@id\":\"https:\/\/ironsky.pl\/sklep\/produkt\/dji-care-enterprise-plus-mavic-3t-kod-elektroniczny\/#primaryimage\"},\"thumbnailUrl\":\"https:\/\/ironsky.pl\/sklep\/wp-content\/uploads\/2024\/09\/34698_2.jpg\",\"datePublished\":\"2024-09-16T10:24:50+00:00\",\"dateModified\":\"2026-05-02T18:57:53+00:00\",\"description\":\"DJI Care Enterprise Plus Mavic 3T - kod elektroniczny - \u2705 sklep z dronami i fachowym doradztwem. \u2705 Tutaj kupisz produkty DJI, Yuneec, Parrot, Syma i wiele innych, a tak\u017ce kursy i licencje na operatora drona.\",\"breadcrumb\":{\"@id\":\"https:\/\/ironsky.pl\/sklep\/produkt\/dji-care-enterprise-plus-mavic-3t-kod-elektroniczny\/#breadcrumb\"},\"inLanguage\":\"pl-PL\",\"potentialAction\":[{\"@type\":\"ReadAction\",\"target\":[\"https:\/\/ironsky.pl\/sklep\/produkt\/dji-care-enterprise-plus-mavic-3t-kod-elektroniczny\/\"]}]},{\"@type\":\"ImageObject\",\"inLanguage\":\"pl-PL\",\"@id\":\"https:\/\/ironsky.pl\/sklep\/produkt\/dji-care-enterprise-plus-mavic-3t-kod-elektroniczny\/#primaryimage\",\"url\":\"https:\/\/ironsky.pl\/sklep\/wp-content\/uploads\/2024\/09\/34698_2.jpg\",\"contentUrl\":\"https:\/\/ironsky.pl\/sklep\/wp-content\/uploads\/2024\/09\/34698_2.jpg\",\"width\":640,\"height\":640},{\"@type\":\"BreadcrumbList\",\"@id\":\"https:\/\/ironsky.pl\/sklep\/produkt\/dji-care-enterprise-plus-mavic-3t-kod-elektroniczny\/#breadcrumb\",\"itemListElement\":[{\"@type\":\"ListItem\",\"position\":1,\"name\":\"Strona g\u0142\u00f3wna\",\"item\":\"https:\/\/ironsky.pl\/sklep\/\"},{\"@type\":\"ListItem\",\"position\":2,\"name\":\"Wszystkie produkty\",\"item\":\"https:\/\/ironsky.pl\/sklep\/produkty\/\"},{\"@type\":\"ListItem\",\"position\":3,\"name\":\"DJI Care Enterprise Plus Mavic 3T &#8211; kod elektroniczny\"}]},{\"@type\":\"WebSite\",\"@id\":\"https:\/\/ironsky.pl\/sklep\/#website\",\"url\":\"https:\/\/ironsky.pl\/sklep\/\",\"name\":\"IRONSKY.PL Sklep z Dronami\",\"description\":\"IRONSKY.PL Sklep z Dronami\",\"potentialAction\":[{\"@type\":\"SearchAction\",\"target\":{\"@type\":\"EntryPoint\",\"urlTemplate\":\"https:\/\/ironsky.pl\/sklep\/?s={search_term_string}\"},\"query-input\":{\"@type\":\"PropertyValueSpecification\",\"valueRequired\":true,\"valueName\":\"search_term_string\"}}],\"inLanguage\":\"pl-PL\"}]}<\/script>\n<!-- \/ Yoast SEO plugin. -->","yoast_head_json":{"title":"DJI Care Enterprise Plus Mavic 3T - kod elektroniczny - IRONSKY.PL Sklep z Dronami","description":"DJI Care Enterprise Plus Mavic 3T - kod elektroniczny - \u2705 sklep z dronami i fachowym doradztwem. \u2705 Tutaj kupisz produkty DJI, Yuneec, Parrot, Syma i wiele innych, a tak\u017ce kursy i licencje na operatora drona.","robots":{"index":"index","follow":"follow","max-snippet":"max-snippet:-1","max-image-preview":"max-image-preview:large","max-video-preview":"max-video-preview:-1"},"canonical":"https:\/\/ironsky.pl\/sklep\/produkt\/dji-care-enterprise-plus-mavic-3t-kod-elektroniczny\/","og_locale":"pl_PL","og_type":"article","og_title":"DJI Care Enterprise Plus Mavic 3T - kod elektroniczny - IRONSKY.PL Sklep z Dronami","og_description":"DJI Care Enterprise Plus Mavic 3T - kod elektroniczny - \u2705 sklep z dronami i fachowym doradztwem. \u2705 Tutaj kupisz produkty DJI, Yuneec, Parrot, Syma i wiele innych, a tak\u017ce kursy i licencje na operatora drona.","og_url":"https:\/\/ironsky.pl\/sklep\/produkt\/dji-care-enterprise-plus-mavic-3t-kod-elektroniczny\/","og_site_name":"IRONSKY.PL Sklep z Dronami","article_modified_time":"2026-05-02T18:57:53+00:00","og_image":[{"width":640,"height":640,"url":"https:\/\/ironsky.pl\/sklep\/wp-content\/uploads\/2024\/09\/34698_2.jpg","type":"image\/jpeg"}],"twitter_card":"summary_large_image","twitter_misc":{"Szacowany czas czytania":"1 minuta"},"schema":{"@context":"https:\/\/schema.org","@graph":[{"@type":"WebPage","@id":"https:\/\/ironsky.pl\/sklep\/produkt\/dji-care-enterprise-plus-mavic-3t-kod-elektroniczny\/","url":"https:\/\/ironsky.pl\/sklep\/produkt\/dji-care-enterprise-plus-mavic-3t-kod-elektroniczny\/","name":"DJI Care Enterprise Plus Mavic 3T - kod elektroniczny - IRONSKY.PL Sklep z Dronami","isPartOf":{"@id":"https:\/\/ironsky.pl\/sklep\/#website"},"primaryImageOfPage":{"@id":"https:\/\/ironsky.pl\/sklep\/produkt\/dji-care-enterprise-plus-mavic-3t-kod-elektroniczny\/#primaryimage"},"image":{"@id":"https:\/\/ironsky.pl\/sklep\/produkt\/dji-care-enterprise-plus-mavic-3t-kod-elektroniczny\/#primaryimage"},"thumbnailUrl":"https:\/\/ironsky.pl\/sklep\/wp-content\/uploads\/2024\/09\/34698_2.jpg","datePublished":"2024-09-16T10:24:50+00:00","dateModified":"2026-05-02T18:57:53+00:00","description":"DJI Care Enterprise Plus Mavic 3T - kod elektroniczny - \u2705 sklep z dronami i fachowym doradztwem. \u2705 Tutaj kupisz produkty DJI, Yuneec, Parrot, Syma i wiele innych, a tak\u017ce kursy i licencje na operatora drona.","breadcrumb":{"@id":"https:\/\/ironsky.pl\/sklep\/produkt\/dji-care-enterprise-plus-mavic-3t-kod-elektroniczny\/#breadcrumb"},"inLanguage":"pl-PL","potentialAction":[{"@type":"ReadAction","target":["https:\/\/ironsky.pl\/sklep\/produkt\/dji-care-enterprise-plus-mavic-3t-kod-elektroniczny\/"]}]},{"@type":"ImageObject","inLanguage":"pl-PL","@id":"https:\/\/ironsky.pl\/sklep\/produkt\/dji-care-enterprise-plus-mavic-3t-kod-elektroniczny\/#primaryimage","url":"https:\/\/ironsky.pl\/sklep\/wp-content\/uploads\/2024\/09\/34698_2.jpg","contentUrl":"https:\/\/ironsky.pl\/sklep\/wp-content\/uploads\/2024\/09\/34698_2.jpg","width":640,"height":640},{"@type":"BreadcrumbList","@id":"https:\/\/ironsky.pl\/sklep\/produkt\/dji-care-enterprise-plus-mavic-3t-kod-elektroniczny\/#breadcrumb","itemListElement":[{"@type":"ListItem","position":1,"name":"Strona g\u0142\u00f3wna","item":"https:\/\/ironsky.pl\/sklep\/"},{"@type":"ListItem","position":2,"name":"Wszystkie produkty","item":"https:\/\/ironsky.pl\/sklep\/produkty\/"},{"@type":"ListItem","position":3,"name":"DJI Care Enterprise Plus Mavic 3T &#8211; kod elektroniczny"}]},{"@type":"WebSite","@id":"https:\/\/ironsky.pl\/sklep\/#website","url":"https:\/\/ironsky.pl\/sklep\/","name":"IRONSKY.PL Sklep z Dronami","description":"IRONSKY.PL Sklep z Dronami","potentialAction":[{"@type":"SearchAction","target":{"@type":"EntryPoint","urlTemplate":"https:\/\/ironsky.pl\/sklep\/?s={search_term_string}"},"query-input":{"@type":"PropertyValueSpecification","valueRequired":true,"valueName":"search_term_string"}}],"inLanguage":"pl-PL"}]}},"_links":{"self":[{"href":"https:\/\/ironsky.pl\/sklep\/wp-json\/wp\/v2\/product\/20460","targetHints":{"allow":["GET"]}}],"collection":[{"href":"https:\/\/ironsky.pl\/sklep\/wp-json\/wp\/v2\/product"}],"about":[{"href":"https:\/\/ironsky.pl\/sklep\/wp-json\/wp\/v2\/types\/product"}],"replies":[{"embeddable":true,"href":"https:\/\/ironsky.pl\/sklep\/wp-json\/wp\/v2\/comments?post=20460"}],"wp:featuredmedia":[{"embeddable":true,"href":"https:\/\/ironsky.pl\/sklep\/wp-json\/wp\/v2\/media\/20461"}],"wp:attachment":[{"href":"https:\/\/ironsky.pl\/sklep\/wp-json\/wp\/v2\/media?parent=20460"}],"wp:term":[{"taxonomy":"product_brand","embeddable":true,"href":"https:\/\/ironsky.pl\/sklep\/wp-json\/wp\/v2\/product_brand?post=20460"},{"taxonomy":"product_cat","embeddable":true,"href":"https:\/\/ironsky.pl\/sklep\/wp-json\/wp\/v2\/product_cat?post=20460"},{"taxonomy":"product_tag","embeddable":true,"href":"https:\/\/ironsky.pl\/sklep\/wp-json\/wp\/v2\/product_tag?post=20460"}],"curies":[{"name":"wp","href":"https:\/\/api.w.org\/{rel}","templated":true}]}}