{"id":20176,"date":"2024-09-16T12:20:18","date_gmt":"2024-09-16T10:20:18","guid":{"rendered":"http:\/\/gvshalph.pro-linuxpl.com\/ironskyprodukty\/produkt\/etui-sunnylife-do-dji-avata-explorer-pro-view-combo\/"},"modified":"2026-03-05T15:48:49","modified_gmt":"2026-03-05T14:48:49","slug":"etui-sunnylife-do-dji-avata-explorer-pro-view-combo","status":"publish","type":"product","link":"https:\/\/ironsky.pl\/sklep\/produkt\/etui-sunnylife-do-dji-avata-explorer-pro-view-combo\/","title":{"rendered":"Etui Sunnylife do DJI Avata Explorer \/ Pro-View Combo"},"content":{"rendered":"<h3>Etui Sunnylife do DJI Avata Explorer \/ Pro-View Combo<\/h3>\n<p>Chcesz zadba\u0107 o bezpiecze\u0144stwo DJI Avata i jego akcesori\u00f3w? Postaw na Sunnylife! Torba Sunnylife pomie\u015bci zar\u00f3wno dron, gogle, jak i niezb\u0119dne akcesoria. Du\u017ca, siatkowana przegr\u00f3dka pomo\u017ce zachowa\u0107 porz\u0105dek, a solidna konstrukcja niezawodnie ochroni sprz\u0119t przed uszkodzeniem. Dzi\u0119ki wygodnej r\u0105czce i regulowanemu paskowi na rami\u0119 transport b\u0119dzie wyj\u0105tkowo \u0142atwy i komfortowy.<\/p>\n<p><img decoding=\"async\" src=\"https:\/\/b2b.innpro.pl\/data\/include\/cms\/Sunnylife\/AT-B568\/7.jpg\" border=\"0\" alt=\"Sunnylife\/AT-B568\/7\" \/><\/p>\n<h3>Du\u017ca pojemno\u015b\u0107<\/h3>\n<p>Przechowuj wszystko w jednym miejscu! Torba Sunnylife zachwyci Ci\u0119 du\u017c\u0105 pojemno\u015bci\u0105. Bez problemu zmie\u015bcisz w niej nie tylko swojego drona DJI Avata, ale tak\u017ce wszystkie potrzebne akcesoria. Z powodzeniem schowasz do niej kable, zapasowe akumulatory, kontroler Motion 2 \/1 czy gogle DJI Integra \/Goggles 2 \/ FPV Goggles V2. Teraz wszystko b\u0119dziesz mie\u0107 w zasi\u0119gu r\u0119ki!<\/p>\n<p><img decoding=\"async\" src=\"https:\/\/b2b.innpro.pl\/data\/include\/cms\/Sunnylife\/AT-B568\/5.jpg\" border=\"0\" alt=\"Sunnylife\/AT-B568\/5\" \/><\/p>\n<h3>Z dba\u0142o\u015bci\u0105 o detale<\/h3>\n<p>Torba zosta\u0142a wykonana z najwi\u0119ksz\u0105 staranno\u015bci\u0105. Specjalnie zaprojektowane przegr\u00f3dki wewn\u0105trz s\u0105 idealnie dopasowane do poszczeg\u00f3lnych akcesori\u00f3w. Ponadto torba jest bardzo mi\u0119kka i odporna na wstrz\u0105sy oraz zarysowania, co zapewnia dodatkow\u0105 ochron\u0119 dla Twojego sprz\u0119tu. Ju\u017c nie musisz si\u0119 martwi\u0107 o bezpiecze\u0144stwo swojego DJI Avata i akcesori\u00f3w \u2013 od teraz wszystko b\u0119dzie odpowiednio chronione!<\/p>\n<p><img decoding=\"async\" src=\"https:\/\/b2b.innpro.pl\/data\/include\/cms\/Sunnylife\/AT-B568\/4.jpg\" border=\"0\" alt=\"Sunnylife\/AT-B568\/4\" \/><\/p>\n<h3>Komfort u\u017cytkowania<\/h3>\n<p>Ciesz wymarzonym komfortem u\u017cytkowania z Sunnylife. Mo\u017cesz nosi\u0107 j\u0105 na ramieniu lub w r\u0119ce \u2013 wyb\u00f3r nale\u017cy do Ciebie! Wewn\u0105trz torby znajdziesz dodatkow\u0105 przegr\u00f3dk\u0119, kt\u00f3ra pozwoli Ci przechowywa\u0107 jeszcze wi\u0119cej akcesori\u00f3w. Dla wi\u0119kszej wygody u\u017cytkowania, torb\u0119 wyposa\u017cono w dwa zamki.<\/p>\n<p><img decoding=\"async\" src=\"https:\/\/b2b.innpro.pl\/data\/include\/cms\/Sunnylife\/AT-B568\/1.jpg\" border=\"0\" alt=\"Sunnylife\/AT-B568\/1\" \/><\/p>\n<div class=\"table-wrapper\">\n<table>\n<tbody>\n<tr>\n<th>Producent<\/th>\n<td>Sunnylife<\/td>\n<\/tr>\n<tr>\n<th>Model<\/th>\n<td>AT-B568<\/td>\n<\/tr>\n<tr>\n<th>Materia\u0142<\/th>\n<td>Tkanina<\/td>\n<\/tr>\n<tr>\n<th>Waga<\/th>\n<td>1,28 kg<\/td>\n<\/tr>\n<tr>\n<th>Wymiary<\/th>\n<td>38 x 34,5 x 14,8 cm<\/td>\n<\/tr>\n<\/tbody>\n<\/table>\n<\/div>\n<style type=\"text\/css\"><!--\ntd {border: 1px solid #cccccc;}br {mso-data-placement:same-cell;}\n--><\/style>\n","protected":false},"excerpt":{"rendered":"<p>Etui Sunnylife do DJI Avata Explorer \/ Pro-View Combo Chcesz zadba\u0107 o bezpiecze\u0144stwo DJI Avata i jego akcesori\u00f3w? Postaw na<\/p>\n","protected":false},"featured_media":20177,"comment_status":"closed","ping_status":"open","template":"","meta":{"_acf_changed":false},"product_brand":[],"product_cat":[5574,1090,1091,1088,1098],"product_tag":[],"class_list":{"0":"post-20176","1":"product","2":"type-product","3":"status-publish","4":"has-post-thumbnail","6":"product_cat-avata-1","7":"product_cat-akcesoria","8":"product_cat-dji","9":"product_cat-drony","10":"product_cat-torby-i-walizki-na-drony","11":"pa_box-height-3121","12":"pa_box-length-3850","13":"pa_box-width-2459","14":"pa_gross-weight-2860","15":"pa_hs-code-2553","16":"pa_net-weight-4264","17":"pa_seria-fpv-dji-avata","19":"first","20":"outofstock","21":"taxable","22":"shipping-taxable","23":"purchasable","24":"product-type-simple"},"acf":[],"yoast_head":"<!-- This site is optimized with the Yoast SEO plugin v27.2 - https:\/\/yoast.com\/product\/yoast-seo-wordpress\/ -->\n<title>Etui Sunnylife do DJI Avata Explorer \/ Pro-View Combo - IRONSKY.PL Sklep z Dronami<\/title>\n<meta name=\"description\" content=\"Etui Sunnylife do DJI Avata Explorer \/ Pro-View Combo - \u2705 sklep z dronami i fachowym doradztwem. \u2705 Tutaj kupisz produkty DJI, Yuneec, Parrot, Syma i wiele innych, a tak\u017ce kursy i licencje na operatora drona.\" \/>\n<meta name=\"robots\" content=\"index, follow, max-snippet:-1, max-image-preview:large, max-video-preview:-1\" \/>\n<link rel=\"canonical\" href=\"https:\/\/ironsky.pl\/sklep\/produkt\/etui-sunnylife-do-dji-avata-explorer-pro-view-combo\/\" \/>\n<meta property=\"og:locale\" content=\"pl_PL\" \/>\n<meta property=\"og:type\" content=\"article\" \/>\n<meta property=\"og:title\" content=\"Etui Sunnylife do DJI Avata Explorer \/ Pro-View Combo - IRONSKY.PL Sklep z Dronami\" \/>\n<meta property=\"og:description\" content=\"Etui Sunnylife do DJI Avata Explorer \/ Pro-View Combo - \u2705 sklep z dronami i fachowym doradztwem. \u2705 Tutaj kupisz produkty DJI, Yuneec, Parrot, Syma i wiele innych, a tak\u017ce kursy i licencje na operatora drona.\" \/>\n<meta property=\"og:url\" content=\"https:\/\/ironsky.pl\/sklep\/produkt\/etui-sunnylife-do-dji-avata-explorer-pro-view-combo\/\" \/>\n<meta property=\"og:site_name\" content=\"IRONSKY.PL Sklep z Dronami\" \/>\n<meta property=\"article:modified_time\" content=\"2026-03-05T14:48:49+00:00\" \/>\n<meta property=\"og:image\" content=\"https:\/\/ironsky.pl\/sklep\/wp-content\/uploads\/2024\/09\/32526_1.jpg\" \/>\n\t<meta property=\"og:image:width\" content=\"800\" \/>\n\t<meta property=\"og:image:height\" content=\"799\" \/>\n\t<meta property=\"og:image:type\" content=\"image\/jpeg\" \/>\n<meta name=\"twitter:card\" content=\"summary_large_image\" \/>\n<meta name=\"twitter:label1\" content=\"Szacowany czas czytania\" \/>\n\t<meta name=\"twitter:data1\" content=\"1 minuta\" \/>\n<script type=\"application\/ld+json\" class=\"yoast-schema-graph\">{\"@context\":\"https:\/\/schema.org\",\"@graph\":[{\"@type\":\"WebPage\",\"@id\":\"https:\/\/ironsky.pl\/sklep\/produkt\/etui-sunnylife-do-dji-avata-explorer-pro-view-combo\/\",\"url\":\"https:\/\/ironsky.pl\/sklep\/produkt\/etui-sunnylife-do-dji-avata-explorer-pro-view-combo\/\",\"name\":\"Etui Sunnylife do DJI Avata Explorer \/ Pro-View Combo - IRONSKY.PL Sklep z Dronami\",\"isPartOf\":{\"@id\":\"https:\/\/ironsky.pl\/sklep\/#website\"},\"primaryImageOfPage\":{\"@id\":\"https:\/\/ironsky.pl\/sklep\/produkt\/etui-sunnylife-do-dji-avata-explorer-pro-view-combo\/#primaryimage\"},\"image\":{\"@id\":\"https:\/\/ironsky.pl\/sklep\/produkt\/etui-sunnylife-do-dji-avata-explorer-pro-view-combo\/#primaryimage\"},\"thumbnailUrl\":\"https:\/\/ironsky.pl\/sklep\/wp-content\/uploads\/2024\/09\/32526_1.jpg\",\"datePublished\":\"2024-09-16T10:20:18+00:00\",\"dateModified\":\"2026-03-05T14:48:49+00:00\",\"description\":\"Etui Sunnylife do DJI Avata Explorer \/ Pro-View Combo - \u2705 sklep z dronami i fachowym doradztwem. \u2705 Tutaj kupisz produkty DJI, Yuneec, Parrot, Syma i wiele innych, a tak\u017ce kursy i licencje na operatora drona.\",\"breadcrumb\":{\"@id\":\"https:\/\/ironsky.pl\/sklep\/produkt\/etui-sunnylife-do-dji-avata-explorer-pro-view-combo\/#breadcrumb\"},\"inLanguage\":\"pl-PL\",\"potentialAction\":[{\"@type\":\"ReadAction\",\"target\":[\"https:\/\/ironsky.pl\/sklep\/produkt\/etui-sunnylife-do-dji-avata-explorer-pro-view-combo\/\"]}]},{\"@type\":\"ImageObject\",\"inLanguage\":\"pl-PL\",\"@id\":\"https:\/\/ironsky.pl\/sklep\/produkt\/etui-sunnylife-do-dji-avata-explorer-pro-view-combo\/#primaryimage\",\"url\":\"https:\/\/ironsky.pl\/sklep\/wp-content\/uploads\/2024\/09\/32526_1.jpg\",\"contentUrl\":\"https:\/\/ironsky.pl\/sklep\/wp-content\/uploads\/2024\/09\/32526_1.jpg\",\"width\":800,\"height\":799},{\"@type\":\"BreadcrumbList\",\"@id\":\"https:\/\/ironsky.pl\/sklep\/produkt\/etui-sunnylife-do-dji-avata-explorer-pro-view-combo\/#breadcrumb\",\"itemListElement\":[{\"@type\":\"ListItem\",\"position\":1,\"name\":\"Strona g\u0142\u00f3wna\",\"item\":\"https:\/\/ironsky.pl\/sklep\/\"},{\"@type\":\"ListItem\",\"position\":2,\"name\":\"Wszystkie produkty\",\"item\":\"https:\/\/ironsky.pl\/sklep\/produkty\/\"},{\"@type\":\"ListItem\",\"position\":3,\"name\":\"Etui Sunnylife do DJI Avata Explorer \/ Pro-View Combo\"}]},{\"@type\":\"WebSite\",\"@id\":\"https:\/\/ironsky.pl\/sklep\/#website\",\"url\":\"https:\/\/ironsky.pl\/sklep\/\",\"name\":\"IRONSKY.PL Sklep z Dronami\",\"description\":\"IRONSKY.PL Sklep z Dronami\",\"potentialAction\":[{\"@type\":\"SearchAction\",\"target\":{\"@type\":\"EntryPoint\",\"urlTemplate\":\"https:\/\/ironsky.pl\/sklep\/?s={search_term_string}\"},\"query-input\":{\"@type\":\"PropertyValueSpecification\",\"valueRequired\":true,\"valueName\":\"search_term_string\"}}],\"inLanguage\":\"pl-PL\"}]}<\/script>\n<!-- \/ Yoast SEO plugin. -->","yoast_head_json":{"title":"Etui Sunnylife do DJI Avata Explorer \/ Pro-View Combo - IRONSKY.PL Sklep z Dronami","description":"Etui Sunnylife do DJI Avata Explorer \/ Pro-View Combo - \u2705 sklep z dronami i fachowym doradztwem. \u2705 Tutaj kupisz produkty DJI, Yuneec, Parrot, Syma i wiele innych, a tak\u017ce kursy i licencje na operatora drona.","robots":{"index":"index","follow":"follow","max-snippet":"max-snippet:-1","max-image-preview":"max-image-preview:large","max-video-preview":"max-video-preview:-1"},"canonical":"https:\/\/ironsky.pl\/sklep\/produkt\/etui-sunnylife-do-dji-avata-explorer-pro-view-combo\/","og_locale":"pl_PL","og_type":"article","og_title":"Etui Sunnylife do DJI Avata Explorer \/ Pro-View Combo - IRONSKY.PL Sklep z Dronami","og_description":"Etui Sunnylife do DJI Avata Explorer \/ Pro-View Combo - \u2705 sklep z dronami i fachowym doradztwem. \u2705 Tutaj kupisz produkty DJI, Yuneec, Parrot, Syma i wiele innych, a tak\u017ce kursy i licencje na operatora drona.","og_url":"https:\/\/ironsky.pl\/sklep\/produkt\/etui-sunnylife-do-dji-avata-explorer-pro-view-combo\/","og_site_name":"IRONSKY.PL Sklep z Dronami","article_modified_time":"2026-03-05T14:48:49+00:00","og_image":[{"width":800,"height":799,"url":"https:\/\/ironsky.pl\/sklep\/wp-content\/uploads\/2024\/09\/32526_1.jpg","type":"image\/jpeg"}],"twitter_card":"summary_large_image","twitter_misc":{"Szacowany czas czytania":"1 minuta"},"schema":{"@context":"https:\/\/schema.org","@graph":[{"@type":"WebPage","@id":"https:\/\/ironsky.pl\/sklep\/produkt\/etui-sunnylife-do-dji-avata-explorer-pro-view-combo\/","url":"https:\/\/ironsky.pl\/sklep\/produkt\/etui-sunnylife-do-dji-avata-explorer-pro-view-combo\/","name":"Etui Sunnylife do DJI Avata Explorer \/ Pro-View Combo - IRONSKY.PL Sklep z Dronami","isPartOf":{"@id":"https:\/\/ironsky.pl\/sklep\/#website"},"primaryImageOfPage":{"@id":"https:\/\/ironsky.pl\/sklep\/produkt\/etui-sunnylife-do-dji-avata-explorer-pro-view-combo\/#primaryimage"},"image":{"@id":"https:\/\/ironsky.pl\/sklep\/produkt\/etui-sunnylife-do-dji-avata-explorer-pro-view-combo\/#primaryimage"},"thumbnailUrl":"https:\/\/ironsky.pl\/sklep\/wp-content\/uploads\/2024\/09\/32526_1.jpg","datePublished":"2024-09-16T10:20:18+00:00","dateModified":"2026-03-05T14:48:49+00:00","description":"Etui Sunnylife do DJI Avata Explorer \/ Pro-View Combo - \u2705 sklep z dronami i fachowym doradztwem. \u2705 Tutaj kupisz produkty DJI, Yuneec, Parrot, Syma i wiele innych, a tak\u017ce kursy i licencje na operatora drona.","breadcrumb":{"@id":"https:\/\/ironsky.pl\/sklep\/produkt\/etui-sunnylife-do-dji-avata-explorer-pro-view-combo\/#breadcrumb"},"inLanguage":"pl-PL","potentialAction":[{"@type":"ReadAction","target":["https:\/\/ironsky.pl\/sklep\/produkt\/etui-sunnylife-do-dji-avata-explorer-pro-view-combo\/"]}]},{"@type":"ImageObject","inLanguage":"pl-PL","@id":"https:\/\/ironsky.pl\/sklep\/produkt\/etui-sunnylife-do-dji-avata-explorer-pro-view-combo\/#primaryimage","url":"https:\/\/ironsky.pl\/sklep\/wp-content\/uploads\/2024\/09\/32526_1.jpg","contentUrl":"https:\/\/ironsky.pl\/sklep\/wp-content\/uploads\/2024\/09\/32526_1.jpg","width":800,"height":799},{"@type":"BreadcrumbList","@id":"https:\/\/ironsky.pl\/sklep\/produkt\/etui-sunnylife-do-dji-avata-explorer-pro-view-combo\/#breadcrumb","itemListElement":[{"@type":"ListItem","position":1,"name":"Strona g\u0142\u00f3wna","item":"https:\/\/ironsky.pl\/sklep\/"},{"@type":"ListItem","position":2,"name":"Wszystkie produkty","item":"https:\/\/ironsky.pl\/sklep\/produkty\/"},{"@type":"ListItem","position":3,"name":"Etui Sunnylife do DJI Avata Explorer \/ Pro-View Combo"}]},{"@type":"WebSite","@id":"https:\/\/ironsky.pl\/sklep\/#website","url":"https:\/\/ironsky.pl\/sklep\/","name":"IRONSKY.PL Sklep z Dronami","description":"IRONSKY.PL Sklep z Dronami","potentialAction":[{"@type":"SearchAction","target":{"@type":"EntryPoint","urlTemplate":"https:\/\/ironsky.pl\/sklep\/?s={search_term_string}"},"query-input":{"@type":"PropertyValueSpecification","valueRequired":true,"valueName":"search_term_string"}}],"inLanguage":"pl-PL"}]}},"_links":{"self":[{"href":"https:\/\/ironsky.pl\/sklep\/wp-json\/wp\/v2\/product\/20176","targetHints":{"allow":["GET"]}}],"collection":[{"href":"https:\/\/ironsky.pl\/sklep\/wp-json\/wp\/v2\/product"}],"about":[{"href":"https:\/\/ironsky.pl\/sklep\/wp-json\/wp\/v2\/types\/product"}],"replies":[{"embeddable":true,"href":"https:\/\/ironsky.pl\/sklep\/wp-json\/wp\/v2\/comments?post=20176"}],"wp:featuredmedia":[{"embeddable":true,"href":"https:\/\/ironsky.pl\/sklep\/wp-json\/wp\/v2\/media\/20177"}],"wp:attachment":[{"href":"https:\/\/ironsky.pl\/sklep\/wp-json\/wp\/v2\/media?parent=20176"}],"wp:term":[{"taxonomy":"product_brand","embeddable":true,"href":"https:\/\/ironsky.pl\/sklep\/wp-json\/wp\/v2\/product_brand?post=20176"},{"taxonomy":"product_cat","embeddable":true,"href":"https:\/\/ironsky.pl\/sklep\/wp-json\/wp\/v2\/product_cat?post=20176"},{"taxonomy":"product_tag","embeddable":true,"href":"https:\/\/ironsky.pl\/sklep\/wp-json\/wp\/v2\/product_tag?post=20176"}],"curies":[{"name":"wp","href":"https:\/\/api.w.org\/{rel}","templated":true}]}}