{"id":19869,"date":"2024-09-16T12:16:00","date_gmt":"2024-09-16T10:16:00","guid":{"rendered":"http:\/\/gvshalph.pro-linuxpl.com\/ironskyprodukty\/produkt\/zestaw-filtrow-cpl-nd-4-8-uv-sunnylife-do-dji-mini-2-mm-fi9257\/"},"modified":"2026-04-23T16:03:13","modified_gmt":"2026-04-23T14:03:13","slug":"zestaw-filtrow-cpl-nd-4-8-uv-sunnylife-do-dji-mini-2-mm-fi9257","status":"publish","type":"product","link":"https:\/\/ironsky.pl\/sklep\/produkt\/zestaw-filtrow-cpl-nd-4-8-uv-sunnylife-do-dji-mini-2-mm-fi9257\/","title":{"rendered":"Zestaw filtr\u00f3w CPL ND 4\/8 UV Sunnylife do DJI Mini 2 (MM-FI9257)"},"content":{"rendered":"<h3 style=\"text-align: center;\">Zestaw 4 filtr\u00f3w CPL ND 4\/8 UV Sunnylife do DJI Mini 2 (MM-FI9257)<\/h3>\n<p>Tw\u00f3rz jeszcze bardziej zjawiskowe uj\u0119cia z filtrami marki Sunnylife. W zestawie znajdziesz cztery filtry, takie tak CPL, ND4, ND8 i UV, kt\u00f3re doskonale sprawdz\u0105 si\u0119 w r\u00f3\u017cnych scenariuszach i umo\u017cliwi\u0105 Ci wykonywanie uj\u0119\u0107 o pe\u0142nym przekroju barw i z odpowiedni\u0105 polaryzacj\u0105 \u015bwiat\u0142a. Zestaw kompatybilny jest z kamerami DJ Mini 2 i Mini 2 SE.<\/p>\n<p><img decoding=\"async\" src=\"https:\/\/b2b.innpro.pl\/data\/include\/cms\/Sunnylife\/MM-FI9257\/1.jpg\" border=\"0\" alt=\"\" width=\"1100\" height=\"700\" \/><\/p>\n<p>\u00a0<\/p>\n<h3 style=\"text-align: center;\">Bezproblemowy monta\u017c<\/h3>\n<p>Filtry zosta\u0142y zaprojektowane w taki spos\u00f3b, aby zapewni\u0107 szybki i bezproblemowy monta\u017c. Ka\u017cdy z nich jest regulowany, co pozwala na osi\u0105gni\u0119cie po\u017c\u0105danego k\u0105ta polaryzacji. Nie musisz tak\u017ce obawia\u0107 si\u0119 o uszkodzenie Twojego sprz\u0119tu.<\/p>\n<p><img decoding=\"async\" src=\"https:\/\/b2b.innpro.pl\/data\/include\/cms\/Sunnylife\/MM-FI9257\/3.jpg\" border=\"0\" alt=\"\" width=\"1100\" height=\"700\" \/><\/p>\n<p>\u00a0<\/p>\n<h3 style=\"text-align: center;\">Wyj\u0105tkowa ochrona<\/h3>\n<p>Wytrzyma\u0142a konstrukcja gwarantuje bezpieczn\u0105 i wygodn\u0105 prac\u0119 niemal w ka\u017cdych warunkach. Filtry charakteryzuj\u0105 si\u0119 odporno\u015bci\u0105 na zarysowania, olej, czy wod\u0119. Dodatkow\u0105 ochron\u0119 zapewnia im specjalny case.<\/p>\n<p><img decoding=\"async\" src=\"https:\/\/b2b.innpro.pl\/data\/include\/cms\/Sunnylife\/MM-FI9257\/7.jpg\" border=\"0\" alt=\"\" width=\"1100\" height=\"700\" \/><\/p>\n<p>\u00a0<\/p>\n<h3 style=\"text-align: center;\">Lekka waga i profesjonalne szk\u0142o<\/h3>\n<p>Do produkcji filtr\u00f3w wykorzystano wysokiej klasy szk\u0142o optyczne, kt\u00f3re cechuje si\u0119 du\u017c\u0105 przepuszczalno\u015bci\u0105, dzi\u0119ki czemu jako\u015b\u0107 Twoich zdj\u0119\u0107 b\u0119dzie jeszcze lepsza. \u017bywe, realistyczne kolory \u2013 to zyskasz z zestawem Sunnylife! Filtry charakteryzuj\u0105 si\u0119 r\u00f3wnie\u017c lekk\u0105 wag\u0105, dlatego nie musisz si\u0119 martwi\u0107 o obci\u0105\u017cenie Twojego drona.<\/p>\n<p><img decoding=\"async\" src=\"https:\/\/b2b.innpro.pl\/data\/include\/cms\/Sunnylife\/MM-FI9257\/2.jpg\" border=\"0\" alt=\"\" width=\"1100\" height=\"700\" \/><\/p>\n<p>\u00a0<\/p>\n<h3 style=\"text-align: center;\">Filtr CPL<\/h3>\n<p>Filtr CPL doskonale si\u0119 sprawdzi, je\u017celi zale\u017cy Ci na efektywnym st\u0119\u017ceniu kolor\u00f3w i eliminacji szkodliwego niemetalicznego \u015bwiat\u0142a odbijaj\u0105cego. Produkt umo\u017cliwia fotografowanie przez szk\u0142o oraz wod\u0119 i pomo\u017ce Ci uchwyci\u0107 zachwycaj\u0105ce uj\u0119cia, na przyk\u0142ad niebieskiego nieba i bia\u0142ych chmur. Teraz wykonane przez Ciebie zdj\u0119cia b\u0119d\u0105 jeszcze bardziej wyraziste.<\/p>\n<p><img decoding=\"async\" src=\"https:\/\/b2b.innpro.pl\/data\/include\/cms\/Sunnylife\/MM-FI9257\/6.jpg\" border=\"0\" alt=\"\" width=\"1100\" height=\"700\" \/><\/p>\n<p>\u00a0<\/p>\n<h3 style=\"text-align: center;\">Filtry ND 4\/8<\/h3>\n<p>Do\u0142\u0105czone do zestawu filtry ND reguluj\u0105 ilo\u015b\u0107 \u015bwiat\u0142a wpadaj\u0105cego przez obiektyw i u\u0142atwiaj\u0105 dob\u00f3r odpowiedniej ekspozycji. Dodatkowo poprawiaj\u0105 nasycenie kolor\u00f3w zdj\u0119\u0107, dzi\u0119ki czemu obraz jest bardziej \u017cywy. Umo\u017cliwiaj\u0105 tak\u017ce wykonanie oryginalnych uj\u0119\u0107 z efektami specjalnymi. Doskonale sprawdz\u0105 si\u0119 podczas nagrywania w s\u0142oneczne dni, u\u0142atwiaj\u0105c uzyskanie w\u0142a\u015bciwego rozmycia.<\/p>\n<p><img decoding=\"async\" src=\"https:\/\/b2b.innpro.pl\/data\/include\/cms\/Sunnylife\/MM-FI9257\/5.jpg\" border=\"0\" alt=\"\" width=\"1100\" height=\"700\" \/><\/p>\n<p>\u00a0<\/p>\n<h3 style=\"text-align: center;\">Filtr UV<\/h3>\n<p>Zale\u017cy Ci na zwi\u0119kszeniu przepuszczalno\u015bci \u015bwiat\u0142a? Wypr\u00f3buj filtr UV! Zadba on dodatkowo o prawid\u0142ow\u0105 ochron\u0119 Twojego sprz\u0119tu i \u015bwietnie sprawdzi si\u0119 podczas fotografowania otwartych przestrzeni, takich jak morza lub rozleg\u0142e pola.<\/p>\n<p><img decoding=\"async\" src=\"https:\/\/b2b.innpro.pl\/data\/include\/cms\/Sunnylife\/MM-FI9257\/9.jpg\" border=\"0\" alt=\"\" width=\"1100\" height=\"700\" \/><\/p>\n<p>\u00a0<\/p>\n<div class=\"table-wrapper\">\n<table>\n<tbody>\n<tr>\n<th>Producent<\/th>\n<td>Sunnylife<\/td>\n<\/tr>\n<tr>\n<th>Model<\/th>\n<td>MM-FI9257<\/td>\n<\/tr>\n<tr>\n<th>Kompatybilno\u015b\u0107<\/th>\n<td>DJI Mini 2 \/ Mini 2 SE<\/td>\n<\/tr>\n<tr>\n<th>Rodzaje filtr\u00f3w<\/th>\n<td>CPL, ND4, ND8, UV<\/td>\n<\/tr>\n<\/tbody>\n<\/table>\n<\/div>\n<style type=\"text\/css\"><!--\n.table-wrapper{width:100%;overflow-x:auto}.table-wrapper>table{border-spacing:0}.table-wrapper>table>tbody>tr>td,.table-wrapper>table>tbody>tr>th{padding:10px 35px;text-align:left}.table-wrapper>table>tbody>tr>th{vertical-align:top}.table-wrapper>table>tbody>tr:nth-child(even){background-color:#f7f7f7}\n--><\/style>\n","protected":false},"excerpt":{"rendered":"<p>Zestaw 4 filtr\u00f3w CPL ND 4\/8 UV Sunnylife do DJI Mini 2 (MM-FI9257) Tw\u00f3rz jeszcze bardziej zjawiskowe uj\u0119cia z filtrami<\/p>\n","protected":false},"featured_media":19870,"comment_status":"closed","ping_status":"open","template":"","meta":{"_acf_changed":false},"product_brand":[],"product_cat":[1090,1091,1088],"product_tag":[],"class_list":{"0":"post-19869","1":"product","2":"type-product","3":"status-publish","4":"has-post-thumbnail","6":"product_cat-akcesoria","7":"product_cat-dji","8":"product_cat-drony","9":"pa_box-height-1786","10":"pa_box-length-1529","11":"pa_box-width-1470","12":"pa_gross-weight-2571","13":"pa_hs-code-1741","14":"pa_kolejna-dostawa-23-10-2024","15":"pa_net-weight-1973","17":"first","18":"instock","19":"taxable","20":"shipping-taxable","21":"purchasable","22":"product-type-simple"},"acf":[],"yoast_head":"<!-- This site is optimized with the Yoast SEO plugin v27.2 - https:\/\/yoast.com\/product\/yoast-seo-wordpress\/ -->\n<title>Zestaw filtr\u00f3w CPL ND 4\/8 UV Sunnylife do DJI Mini 2 (MM-FI9257) - IRONSKY.PL Sklep z Dronami<\/title>\n<meta name=\"description\" content=\"Zestaw filtr\u00f3w CPL ND 4\/8 UV Sunnylife do DJI Mini 2 (MM-FI9257) - \u2705 sklep z dronami i fachowym doradztwem. \u2705 Tutaj kupisz produkty DJI, Yuneec, Parrot, Syma i wiele innych, a tak\u017ce kursy i licencje na operatora drona.\" \/>\n<meta name=\"robots\" content=\"index, follow, max-snippet:-1, max-image-preview:large, max-video-preview:-1\" \/>\n<link rel=\"canonical\" href=\"https:\/\/ironsky.pl\/sklep\/produkt\/zestaw-filtrow-cpl-nd-4-8-uv-sunnylife-do-dji-mini-2-mm-fi9257\/\" \/>\n<meta property=\"og:locale\" content=\"pl_PL\" \/>\n<meta property=\"og:type\" content=\"article\" \/>\n<meta property=\"og:title\" content=\"Zestaw filtr\u00f3w CPL ND 4\/8 UV Sunnylife do DJI Mini 2 (MM-FI9257) - IRONSKY.PL Sklep z Dronami\" \/>\n<meta property=\"og:description\" content=\"Zestaw filtr\u00f3w CPL ND 4\/8 UV Sunnylife do DJI Mini 2 (MM-FI9257) - \u2705 sklep z dronami i fachowym doradztwem. \u2705 Tutaj kupisz produkty DJI, Yuneec, Parrot, Syma i wiele innych, a tak\u017ce kursy i licencje na operatora drona.\" \/>\n<meta property=\"og:url\" content=\"https:\/\/ironsky.pl\/sklep\/produkt\/zestaw-filtrow-cpl-nd-4-8-uv-sunnylife-do-dji-mini-2-mm-fi9257\/\" \/>\n<meta property=\"og:site_name\" content=\"IRONSKY.PL Sklep z Dronami\" \/>\n<meta property=\"article:modified_time\" content=\"2026-04-23T14:03:13+00:00\" \/>\n<meta property=\"og:image\" content=\"https:\/\/ironsky.pl\/sklep\/wp-content\/uploads\/2024\/09\/30121_1.jpg\" \/>\n\t<meta property=\"og:image:width\" content=\"800\" \/>\n\t<meta property=\"og:image:height\" content=\"800\" \/>\n\t<meta property=\"og:image:type\" content=\"image\/jpeg\" \/>\n<meta name=\"twitter:card\" content=\"summary_large_image\" \/>\n<meta name=\"twitter:label1\" content=\"Szacowany czas czytania\" \/>\n\t<meta name=\"twitter:data1\" content=\"2 minuty\" \/>\n<script type=\"application\/ld+json\" class=\"yoast-schema-graph\">{\"@context\":\"https:\/\/schema.org\",\"@graph\":[{\"@type\":\"WebPage\",\"@id\":\"https:\/\/ironsky.pl\/sklep\/produkt\/zestaw-filtrow-cpl-nd-4-8-uv-sunnylife-do-dji-mini-2-mm-fi9257\/\",\"url\":\"https:\/\/ironsky.pl\/sklep\/produkt\/zestaw-filtrow-cpl-nd-4-8-uv-sunnylife-do-dji-mini-2-mm-fi9257\/\",\"name\":\"Zestaw filtr\u00f3w CPL ND 4\/8 UV Sunnylife do DJI Mini 2 (MM-FI9257) - IRONSKY.PL Sklep z Dronami\",\"isPartOf\":{\"@id\":\"https:\/\/ironsky.pl\/sklep\/#website\"},\"primaryImageOfPage\":{\"@id\":\"https:\/\/ironsky.pl\/sklep\/produkt\/zestaw-filtrow-cpl-nd-4-8-uv-sunnylife-do-dji-mini-2-mm-fi9257\/#primaryimage\"},\"image\":{\"@id\":\"https:\/\/ironsky.pl\/sklep\/produkt\/zestaw-filtrow-cpl-nd-4-8-uv-sunnylife-do-dji-mini-2-mm-fi9257\/#primaryimage\"},\"thumbnailUrl\":\"https:\/\/ironsky.pl\/sklep\/wp-content\/uploads\/2024\/09\/30121_1.jpg\",\"datePublished\":\"2024-09-16T10:16:00+00:00\",\"dateModified\":\"2026-04-23T14:03:13+00:00\",\"description\":\"Zestaw filtr\u00f3w CPL ND 4\/8 UV Sunnylife do DJI Mini 2 (MM-FI9257) - \u2705 sklep z dronami i fachowym doradztwem. \u2705 Tutaj kupisz produkty DJI, Yuneec, Parrot, Syma i wiele innych, a tak\u017ce kursy i licencje na operatora drona.\",\"breadcrumb\":{\"@id\":\"https:\/\/ironsky.pl\/sklep\/produkt\/zestaw-filtrow-cpl-nd-4-8-uv-sunnylife-do-dji-mini-2-mm-fi9257\/#breadcrumb\"},\"inLanguage\":\"pl-PL\",\"potentialAction\":[{\"@type\":\"ReadAction\",\"target\":[\"https:\/\/ironsky.pl\/sklep\/produkt\/zestaw-filtrow-cpl-nd-4-8-uv-sunnylife-do-dji-mini-2-mm-fi9257\/\"]}]},{\"@type\":\"ImageObject\",\"inLanguage\":\"pl-PL\",\"@id\":\"https:\/\/ironsky.pl\/sklep\/produkt\/zestaw-filtrow-cpl-nd-4-8-uv-sunnylife-do-dji-mini-2-mm-fi9257\/#primaryimage\",\"url\":\"https:\/\/ironsky.pl\/sklep\/wp-content\/uploads\/2024\/09\/30121_1.jpg\",\"contentUrl\":\"https:\/\/ironsky.pl\/sklep\/wp-content\/uploads\/2024\/09\/30121_1.jpg\",\"width\":800,\"height\":800},{\"@type\":\"BreadcrumbList\",\"@id\":\"https:\/\/ironsky.pl\/sklep\/produkt\/zestaw-filtrow-cpl-nd-4-8-uv-sunnylife-do-dji-mini-2-mm-fi9257\/#breadcrumb\",\"itemListElement\":[{\"@type\":\"ListItem\",\"position\":1,\"name\":\"Strona g\u0142\u00f3wna\",\"item\":\"https:\/\/ironsky.pl\/sklep\/\"},{\"@type\":\"ListItem\",\"position\":2,\"name\":\"Wszystkie produkty\",\"item\":\"https:\/\/ironsky.pl\/sklep\/produkty\/\"},{\"@type\":\"ListItem\",\"position\":3,\"name\":\"Zestaw filtr\u00f3w CPL ND 4\/8 UV Sunnylife do DJI Mini 2 (MM-FI9257)\"}]},{\"@type\":\"WebSite\",\"@id\":\"https:\/\/ironsky.pl\/sklep\/#website\",\"url\":\"https:\/\/ironsky.pl\/sklep\/\",\"name\":\"IRONSKY.PL Sklep z Dronami\",\"description\":\"IRONSKY.PL Sklep z Dronami\",\"potentialAction\":[{\"@type\":\"SearchAction\",\"target\":{\"@type\":\"EntryPoint\",\"urlTemplate\":\"https:\/\/ironsky.pl\/sklep\/?s={search_term_string}\"},\"query-input\":{\"@type\":\"PropertyValueSpecification\",\"valueRequired\":true,\"valueName\":\"search_term_string\"}}],\"inLanguage\":\"pl-PL\"}]}<\/script>\n<!-- \/ Yoast SEO plugin. -->","yoast_head_json":{"title":"Zestaw filtr\u00f3w CPL ND 4\/8 UV Sunnylife do DJI Mini 2 (MM-FI9257) - IRONSKY.PL Sklep z Dronami","description":"Zestaw filtr\u00f3w CPL ND 4\/8 UV Sunnylife do DJI Mini 2 (MM-FI9257) - \u2705 sklep z dronami i fachowym doradztwem. \u2705 Tutaj kupisz produkty DJI, Yuneec, Parrot, Syma i wiele innych, a tak\u017ce kursy i licencje na operatora drona.","robots":{"index":"index","follow":"follow","max-snippet":"max-snippet:-1","max-image-preview":"max-image-preview:large","max-video-preview":"max-video-preview:-1"},"canonical":"https:\/\/ironsky.pl\/sklep\/produkt\/zestaw-filtrow-cpl-nd-4-8-uv-sunnylife-do-dji-mini-2-mm-fi9257\/","og_locale":"pl_PL","og_type":"article","og_title":"Zestaw filtr\u00f3w CPL ND 4\/8 UV Sunnylife do DJI Mini 2 (MM-FI9257) - IRONSKY.PL Sklep z Dronami","og_description":"Zestaw filtr\u00f3w CPL ND 4\/8 UV Sunnylife do DJI Mini 2 (MM-FI9257) - \u2705 sklep z dronami i fachowym doradztwem. \u2705 Tutaj kupisz produkty DJI, Yuneec, Parrot, Syma i wiele innych, a tak\u017ce kursy i licencje na operatora drona.","og_url":"https:\/\/ironsky.pl\/sklep\/produkt\/zestaw-filtrow-cpl-nd-4-8-uv-sunnylife-do-dji-mini-2-mm-fi9257\/","og_site_name":"IRONSKY.PL Sklep z Dronami","article_modified_time":"2026-04-23T14:03:13+00:00","og_image":[{"width":800,"height":800,"url":"https:\/\/ironsky.pl\/sklep\/wp-content\/uploads\/2024\/09\/30121_1.jpg","type":"image\/jpeg"}],"twitter_card":"summary_large_image","twitter_misc":{"Szacowany czas czytania":"2 minuty"},"schema":{"@context":"https:\/\/schema.org","@graph":[{"@type":"WebPage","@id":"https:\/\/ironsky.pl\/sklep\/produkt\/zestaw-filtrow-cpl-nd-4-8-uv-sunnylife-do-dji-mini-2-mm-fi9257\/","url":"https:\/\/ironsky.pl\/sklep\/produkt\/zestaw-filtrow-cpl-nd-4-8-uv-sunnylife-do-dji-mini-2-mm-fi9257\/","name":"Zestaw filtr\u00f3w CPL ND 4\/8 UV Sunnylife do DJI Mini 2 (MM-FI9257) - IRONSKY.PL Sklep z Dronami","isPartOf":{"@id":"https:\/\/ironsky.pl\/sklep\/#website"},"primaryImageOfPage":{"@id":"https:\/\/ironsky.pl\/sklep\/produkt\/zestaw-filtrow-cpl-nd-4-8-uv-sunnylife-do-dji-mini-2-mm-fi9257\/#primaryimage"},"image":{"@id":"https:\/\/ironsky.pl\/sklep\/produkt\/zestaw-filtrow-cpl-nd-4-8-uv-sunnylife-do-dji-mini-2-mm-fi9257\/#primaryimage"},"thumbnailUrl":"https:\/\/ironsky.pl\/sklep\/wp-content\/uploads\/2024\/09\/30121_1.jpg","datePublished":"2024-09-16T10:16:00+00:00","dateModified":"2026-04-23T14:03:13+00:00","description":"Zestaw filtr\u00f3w CPL ND 4\/8 UV Sunnylife do DJI Mini 2 (MM-FI9257) - \u2705 sklep z dronami i fachowym doradztwem. \u2705 Tutaj kupisz produkty DJI, Yuneec, Parrot, Syma i wiele innych, a tak\u017ce kursy i licencje na operatora drona.","breadcrumb":{"@id":"https:\/\/ironsky.pl\/sklep\/produkt\/zestaw-filtrow-cpl-nd-4-8-uv-sunnylife-do-dji-mini-2-mm-fi9257\/#breadcrumb"},"inLanguage":"pl-PL","potentialAction":[{"@type":"ReadAction","target":["https:\/\/ironsky.pl\/sklep\/produkt\/zestaw-filtrow-cpl-nd-4-8-uv-sunnylife-do-dji-mini-2-mm-fi9257\/"]}]},{"@type":"ImageObject","inLanguage":"pl-PL","@id":"https:\/\/ironsky.pl\/sklep\/produkt\/zestaw-filtrow-cpl-nd-4-8-uv-sunnylife-do-dji-mini-2-mm-fi9257\/#primaryimage","url":"https:\/\/ironsky.pl\/sklep\/wp-content\/uploads\/2024\/09\/30121_1.jpg","contentUrl":"https:\/\/ironsky.pl\/sklep\/wp-content\/uploads\/2024\/09\/30121_1.jpg","width":800,"height":800},{"@type":"BreadcrumbList","@id":"https:\/\/ironsky.pl\/sklep\/produkt\/zestaw-filtrow-cpl-nd-4-8-uv-sunnylife-do-dji-mini-2-mm-fi9257\/#breadcrumb","itemListElement":[{"@type":"ListItem","position":1,"name":"Strona g\u0142\u00f3wna","item":"https:\/\/ironsky.pl\/sklep\/"},{"@type":"ListItem","position":2,"name":"Wszystkie produkty","item":"https:\/\/ironsky.pl\/sklep\/produkty\/"},{"@type":"ListItem","position":3,"name":"Zestaw filtr\u00f3w CPL ND 4\/8 UV Sunnylife do DJI Mini 2 (MM-FI9257)"}]},{"@type":"WebSite","@id":"https:\/\/ironsky.pl\/sklep\/#website","url":"https:\/\/ironsky.pl\/sklep\/","name":"IRONSKY.PL Sklep z Dronami","description":"IRONSKY.PL Sklep z Dronami","potentialAction":[{"@type":"SearchAction","target":{"@type":"EntryPoint","urlTemplate":"https:\/\/ironsky.pl\/sklep\/?s={search_term_string}"},"query-input":{"@type":"PropertyValueSpecification","valueRequired":true,"valueName":"search_term_string"}}],"inLanguage":"pl-PL"}]}},"_links":{"self":[{"href":"https:\/\/ironsky.pl\/sklep\/wp-json\/wp\/v2\/product\/19869","targetHints":{"allow":["GET"]}}],"collection":[{"href":"https:\/\/ironsky.pl\/sklep\/wp-json\/wp\/v2\/product"}],"about":[{"href":"https:\/\/ironsky.pl\/sklep\/wp-json\/wp\/v2\/types\/product"}],"replies":[{"embeddable":true,"href":"https:\/\/ironsky.pl\/sklep\/wp-json\/wp\/v2\/comments?post=19869"}],"wp:featuredmedia":[{"embeddable":true,"href":"https:\/\/ironsky.pl\/sklep\/wp-json\/wp\/v2\/media\/19870"}],"wp:attachment":[{"href":"https:\/\/ironsky.pl\/sklep\/wp-json\/wp\/v2\/media?parent=19869"}],"wp:term":[{"taxonomy":"product_brand","embeddable":true,"href":"https:\/\/ironsky.pl\/sklep\/wp-json\/wp\/v2\/product_brand?post=19869"},{"taxonomy":"product_cat","embeddable":true,"href":"https:\/\/ironsky.pl\/sklep\/wp-json\/wp\/v2\/product_cat?post=19869"},{"taxonomy":"product_tag","embeddable":true,"href":"https:\/\/ironsky.pl\/sklep\/wp-json\/wp\/v2\/product_tag?post=19869"}],"curies":[{"name":"wp","href":"https:\/\/api.w.org\/{rel}","templated":true}]}}