{"id":19856,"date":"2024-09-16T12:16:00","date_gmt":"2024-09-16T10:16:00","guid":{"rendered":"http:\/\/gvshalph.pro-linuxpl.com\/ironskyprodukty\/produkt\/podwyzszenie-podwozia-sunnylife-do-dji-mini-3-mm3-lg551\/"},"modified":"2026-05-01T10:54:30","modified_gmt":"2026-05-01T08:54:30","slug":"podwyzszenie-podwozia-sunnylife-do-dji-mini-3-mm3-lg551","status":"publish","type":"product","link":"https:\/\/ironsky.pl\/sklep\/produkt\/podwyzszenie-podwozia-sunnylife-do-dji-mini-3-mm3-lg551\/","title":{"rendered":"Podwy\u017cszenie podwozia Sunnylife do DJI Mini 3 (MM3-LG551)"},"content":{"rendered":"<h3 style=\"text-align: center;\">Podwy\u017cszenie podwozia Sunnylife do DJI Mini 3 (MM3-LG551)<\/h3>\n<p>Podwy\u017cszenie zwi\u0119ksza stabilno\u015b\u0107 i bezpiecze\u0144stwo drona podczas startu i l\u0105dowania. Zwi\u0119ksza je o 28 mm, a dzi\u0119ki lekkiej konstrukcji nie wp\u0142ywa na lot DJI Mini 3. Nie wymaga demonta\u017cu na czas przechowywania, a silikonowe podk\u0142adki zapewniaj\u0105 amortyzacj\u0119 i dodaj\u0105 urz\u0105dzeniu wyj\u0105tkowego stylu.<\/p>\n<p><img decoding=\"async\" src=\"https:\/\/b2b.innpro.pl\/data\/include\/cms\/Sunnylife\/MM3-LG551-GY\/1.jpg\" border=\"0\" alt=\"\" width=\"1100\" height=\"700\" \/><\/p>\n<p>\u00a0<\/p>\n<h3 style=\"text-align: center;\">Bezproblemowa obs\u0142uga<\/h3>\n<p>Zastosowane w akcesorium rozwi\u0105zania pozwalaj\u0105 na bezproblemowy monta\u017c i demonta\u017c produktu, bez obaw o uszkodzenia czy zarysowania kt\u00f3rego\u015b z ramion. Silikonowy pasek jest w pe\u0142ni bezpieczny dla naszego drona i wytrzyma\u0142y. Nie blokuje systemu wizyjnego i systemu wykrywania.<\/p>\n<p><img decoding=\"async\" src=\"https:\/\/b2b.innpro.pl\/data\/include\/cms\/Sunnylife\/MM3-LG551-GY\/2.jpg\" border=\"0\" alt=\"\" width=\"1100\" height=\"700\" \/><\/p>\n<p>\u00a0<\/p>\n<h3 style=\"text-align: center;\">Zwi\u0119kszone podwy\u017cszenie<\/h3>\n<p>Dystans mi\u0119dzy ziemi\u0105 a dronem, zostaje zwi\u0119kszony o 28 mm, co zapewnia stabilno\u015b\u0107 i bezpiecze\u0144stwo drona podczas l\u0105dowania. Nogi rozk\u0142adaj\u0105 si\u0119 na zewn\u0105trz, aby l\u0105dowanie by\u0142o w pe\u0142ni stabilne i niczym niezak\u0142\u00f3cone. Natomiast sk\u0142adane podwozie umo\u017cliwia bezproblemowy transport.<\/p>\n<p><img decoding=\"async\" src=\"https:\/\/b2b.innpro.pl\/data\/include\/cms\/Sunnylife\/MM3-LG551-GY\/3.jpg\" border=\"0\" alt=\"\" width=\"1100\" height=\"700\" \/><\/p>\n<p>\u00a0<\/p>\n<h3>\u00a0<\/h3>\n<div class=\"table-wrapper\">\n<table>\n<tbody>\n<tr>\n<th>Producent<\/th>\n<td>Sunnylife<\/td>\n<\/tr>\n<tr>\n<th>Model<\/th>\n<td>MM3-LG551<\/td>\n<\/tr>\n<tr>\n<th>Materia\u0142<\/th>\n<td>Plastik + silikon<\/td>\n<\/tr>\n<tr>\n<th>Waga<\/th>\n<td>22 g<\/td>\n<\/tr>\n<tr>\n<th>Przeznaczenie<\/th>\n<td>DJI Mini 3<\/td>\n<\/tr>\n<\/tbody>\n<\/table>\n<\/div>\n<style type=\"text\/css\"><!--\n.table-wrapper{width:100%;overflow-x:auto}.table-wrapper>table{border-spacing:0}.table-wrapper>table>tbody>tr>td,.table-wrapper>table>tbody>tr>th{padding:10px 35px;text-align:left}.table-wrapper>table>tbody>tr>th{vertical-align:top}.table-wrapper>table>tbody>tr:nth-child(even){background-color:#f7f7f7}\n--><\/style>\n","protected":false},"excerpt":{"rendered":"<p>Podwy\u017cszenie podwozia Sunnylife do DJI Mini 3 (MM3-LG551) Podwy\u017cszenie zwi\u0119ksza stabilno\u015b\u0107 i bezpiecze\u0144stwo drona podczas startu i l\u0105dowania. Zwi\u0119ksza je<\/p>\n","protected":false},"featured_media":19857,"comment_status":"closed","ping_status":"open","template":"","meta":{"_acf_changed":false},"product_brand":[],"product_cat":[5599,1090,1091,6093,1089,1088],"product_tag":[],"class_list":{"0":"post-19856","1":"product","2":"type-product","3":"status-publish","4":"has-post-thumbnail","6":"product_cat-mini-3","7":"product_cat-akcesoria","8":"product_cat-dji","9":"product_cat-baterie-do-dronow","10":"product_cat-czesci-zamienne-do-dronow","11":"product_cat-drony","12":"pa_box-height-3100","13":"pa_box-length-2562","14":"pa_box-width-2528","15":"pa_gross-weight-2550","16":"pa_hs-code-1775","17":"pa_kolejna-dostawa-23-10-2024","18":"pa_net-weight-4006","19":"pa_seria-mini-dji-mini-3","21":"first","22":"instock","23":"taxable","24":"shipping-taxable","25":"purchasable","26":"product-type-simple"},"acf":[],"yoast_head":"<!-- This site is optimized with the Yoast SEO plugin v27.2 - https:\/\/yoast.com\/product\/yoast-seo-wordpress\/ -->\n<title>Podwy\u017cszenie podwozia Sunnylife do DJI Mini 3 (MM3-LG551) - IRONSKY.PL Sklep z Dronami<\/title>\n<meta name=\"description\" content=\"Podwy\u017cszenie podwozia Sunnylife do DJI Mini 3 (MM3-LG551) - \u2705 sklep z dronami i fachowym doradztwem. \u2705 Tutaj kupisz produkty DJI, Yuneec, Parrot, Syma i wiele innych, a tak\u017ce kursy i licencje na operatora drona.\" \/>\n<meta name=\"robots\" content=\"index, follow, max-snippet:-1, max-image-preview:large, max-video-preview:-1\" \/>\n<link rel=\"canonical\" href=\"https:\/\/ironsky.pl\/sklep\/produkt\/podwyzszenie-podwozia-sunnylife-do-dji-mini-3-mm3-lg551\/\" \/>\n<meta property=\"og:locale\" content=\"pl_PL\" \/>\n<meta property=\"og:type\" content=\"article\" \/>\n<meta property=\"og:title\" content=\"Podwy\u017cszenie podwozia Sunnylife do DJI Mini 3 (MM3-LG551) - IRONSKY.PL Sklep z Dronami\" \/>\n<meta property=\"og:description\" content=\"Podwy\u017cszenie podwozia Sunnylife do DJI Mini 3 (MM3-LG551) - \u2705 sklep z dronami i fachowym doradztwem. \u2705 Tutaj kupisz produkty DJI, Yuneec, Parrot, Syma i wiele innych, a tak\u017ce kursy i licencje na operatora drona.\" \/>\n<meta property=\"og:url\" content=\"https:\/\/ironsky.pl\/sklep\/produkt\/podwyzszenie-podwozia-sunnylife-do-dji-mini-3-mm3-lg551\/\" \/>\n<meta property=\"og:site_name\" content=\"IRONSKY.PL Sklep z Dronami\" \/>\n<meta property=\"article:modified_time\" content=\"2026-05-01T08:54:30+00:00\" \/>\n<meta property=\"og:image\" content=\"https:\/\/ironsky.pl\/sklep\/wp-content\/uploads\/2024\/09\/30091_1.jpg\" \/>\n\t<meta property=\"og:image:width\" content=\"800\" \/>\n\t<meta property=\"og:image:height\" content=\"800\" \/>\n\t<meta property=\"og:image:type\" content=\"image\/jpeg\" \/>\n<meta name=\"twitter:card\" content=\"summary_large_image\" \/>\n<meta name=\"twitter:label1\" content=\"Szacowany czas czytania\" \/>\n\t<meta name=\"twitter:data1\" content=\"1 minuta\" \/>\n<script type=\"application\/ld+json\" class=\"yoast-schema-graph\">{\"@context\":\"https:\/\/schema.org\",\"@graph\":[{\"@type\":\"WebPage\",\"@id\":\"https:\/\/ironsky.pl\/sklep\/produkt\/podwyzszenie-podwozia-sunnylife-do-dji-mini-3-mm3-lg551\/\",\"url\":\"https:\/\/ironsky.pl\/sklep\/produkt\/podwyzszenie-podwozia-sunnylife-do-dji-mini-3-mm3-lg551\/\",\"name\":\"Podwy\u017cszenie podwozia Sunnylife do DJI Mini 3 (MM3-LG551) - IRONSKY.PL Sklep z Dronami\",\"isPartOf\":{\"@id\":\"https:\/\/ironsky.pl\/sklep\/#website\"},\"primaryImageOfPage\":{\"@id\":\"https:\/\/ironsky.pl\/sklep\/produkt\/podwyzszenie-podwozia-sunnylife-do-dji-mini-3-mm3-lg551\/#primaryimage\"},\"image\":{\"@id\":\"https:\/\/ironsky.pl\/sklep\/produkt\/podwyzszenie-podwozia-sunnylife-do-dji-mini-3-mm3-lg551\/#primaryimage\"},\"thumbnailUrl\":\"https:\/\/ironsky.pl\/sklep\/wp-content\/uploads\/2024\/09\/30091_1.jpg\",\"datePublished\":\"2024-09-16T10:16:00+00:00\",\"dateModified\":\"2026-05-01T08:54:30+00:00\",\"description\":\"Podwy\u017cszenie podwozia Sunnylife do DJI Mini 3 (MM3-LG551) - \u2705 sklep z dronami i fachowym doradztwem. \u2705 Tutaj kupisz produkty DJI, Yuneec, Parrot, Syma i wiele innych, a tak\u017ce kursy i licencje na operatora drona.\",\"breadcrumb\":{\"@id\":\"https:\/\/ironsky.pl\/sklep\/produkt\/podwyzszenie-podwozia-sunnylife-do-dji-mini-3-mm3-lg551\/#breadcrumb\"},\"inLanguage\":\"pl-PL\",\"potentialAction\":[{\"@type\":\"ReadAction\",\"target\":[\"https:\/\/ironsky.pl\/sklep\/produkt\/podwyzszenie-podwozia-sunnylife-do-dji-mini-3-mm3-lg551\/\"]}]},{\"@type\":\"ImageObject\",\"inLanguage\":\"pl-PL\",\"@id\":\"https:\/\/ironsky.pl\/sklep\/produkt\/podwyzszenie-podwozia-sunnylife-do-dji-mini-3-mm3-lg551\/#primaryimage\",\"url\":\"https:\/\/ironsky.pl\/sklep\/wp-content\/uploads\/2024\/09\/30091_1.jpg\",\"contentUrl\":\"https:\/\/ironsky.pl\/sklep\/wp-content\/uploads\/2024\/09\/30091_1.jpg\",\"width\":800,\"height\":800},{\"@type\":\"BreadcrumbList\",\"@id\":\"https:\/\/ironsky.pl\/sklep\/produkt\/podwyzszenie-podwozia-sunnylife-do-dji-mini-3-mm3-lg551\/#breadcrumb\",\"itemListElement\":[{\"@type\":\"ListItem\",\"position\":1,\"name\":\"Strona g\u0142\u00f3wna\",\"item\":\"https:\/\/ironsky.pl\/sklep\/\"},{\"@type\":\"ListItem\",\"position\":2,\"name\":\"Wszystkie produkty\",\"item\":\"https:\/\/ironsky.pl\/sklep\/produkty\/\"},{\"@type\":\"ListItem\",\"position\":3,\"name\":\"Podwy\u017cszenie podwozia Sunnylife do DJI Mini 3 (MM3-LG551)\"}]},{\"@type\":\"WebSite\",\"@id\":\"https:\/\/ironsky.pl\/sklep\/#website\",\"url\":\"https:\/\/ironsky.pl\/sklep\/\",\"name\":\"IRONSKY.PL Sklep z Dronami\",\"description\":\"IRONSKY.PL Sklep z Dronami\",\"potentialAction\":[{\"@type\":\"SearchAction\",\"target\":{\"@type\":\"EntryPoint\",\"urlTemplate\":\"https:\/\/ironsky.pl\/sklep\/?s={search_term_string}\"},\"query-input\":{\"@type\":\"PropertyValueSpecification\",\"valueRequired\":true,\"valueName\":\"search_term_string\"}}],\"inLanguage\":\"pl-PL\"}]}<\/script>\n<!-- \/ Yoast SEO plugin. -->","yoast_head_json":{"title":"Podwy\u017cszenie podwozia Sunnylife do DJI Mini 3 (MM3-LG551) - IRONSKY.PL Sklep z Dronami","description":"Podwy\u017cszenie podwozia Sunnylife do DJI Mini 3 (MM3-LG551) - \u2705 sklep z dronami i fachowym doradztwem. \u2705 Tutaj kupisz produkty DJI, Yuneec, Parrot, Syma i wiele innych, a tak\u017ce kursy i licencje na operatora drona.","robots":{"index":"index","follow":"follow","max-snippet":"max-snippet:-1","max-image-preview":"max-image-preview:large","max-video-preview":"max-video-preview:-1"},"canonical":"https:\/\/ironsky.pl\/sklep\/produkt\/podwyzszenie-podwozia-sunnylife-do-dji-mini-3-mm3-lg551\/","og_locale":"pl_PL","og_type":"article","og_title":"Podwy\u017cszenie podwozia Sunnylife do DJI Mini 3 (MM3-LG551) - IRONSKY.PL Sklep z Dronami","og_description":"Podwy\u017cszenie podwozia Sunnylife do DJI Mini 3 (MM3-LG551) - \u2705 sklep z dronami i fachowym doradztwem. \u2705 Tutaj kupisz produkty DJI, Yuneec, Parrot, Syma i wiele innych, a tak\u017ce kursy i licencje na operatora drona.","og_url":"https:\/\/ironsky.pl\/sklep\/produkt\/podwyzszenie-podwozia-sunnylife-do-dji-mini-3-mm3-lg551\/","og_site_name":"IRONSKY.PL Sklep z Dronami","article_modified_time":"2026-05-01T08:54:30+00:00","og_image":[{"width":800,"height":800,"url":"https:\/\/ironsky.pl\/sklep\/wp-content\/uploads\/2024\/09\/30091_1.jpg","type":"image\/jpeg"}],"twitter_card":"summary_large_image","twitter_misc":{"Szacowany czas czytania":"1 minuta"},"schema":{"@context":"https:\/\/schema.org","@graph":[{"@type":"WebPage","@id":"https:\/\/ironsky.pl\/sklep\/produkt\/podwyzszenie-podwozia-sunnylife-do-dji-mini-3-mm3-lg551\/","url":"https:\/\/ironsky.pl\/sklep\/produkt\/podwyzszenie-podwozia-sunnylife-do-dji-mini-3-mm3-lg551\/","name":"Podwy\u017cszenie podwozia Sunnylife do DJI Mini 3 (MM3-LG551) - IRONSKY.PL Sklep z Dronami","isPartOf":{"@id":"https:\/\/ironsky.pl\/sklep\/#website"},"primaryImageOfPage":{"@id":"https:\/\/ironsky.pl\/sklep\/produkt\/podwyzszenie-podwozia-sunnylife-do-dji-mini-3-mm3-lg551\/#primaryimage"},"image":{"@id":"https:\/\/ironsky.pl\/sklep\/produkt\/podwyzszenie-podwozia-sunnylife-do-dji-mini-3-mm3-lg551\/#primaryimage"},"thumbnailUrl":"https:\/\/ironsky.pl\/sklep\/wp-content\/uploads\/2024\/09\/30091_1.jpg","datePublished":"2024-09-16T10:16:00+00:00","dateModified":"2026-05-01T08:54:30+00:00","description":"Podwy\u017cszenie podwozia Sunnylife do DJI Mini 3 (MM3-LG551) - \u2705 sklep z dronami i fachowym doradztwem. \u2705 Tutaj kupisz produkty DJI, Yuneec, Parrot, Syma i wiele innych, a tak\u017ce kursy i licencje na operatora drona.","breadcrumb":{"@id":"https:\/\/ironsky.pl\/sklep\/produkt\/podwyzszenie-podwozia-sunnylife-do-dji-mini-3-mm3-lg551\/#breadcrumb"},"inLanguage":"pl-PL","potentialAction":[{"@type":"ReadAction","target":["https:\/\/ironsky.pl\/sklep\/produkt\/podwyzszenie-podwozia-sunnylife-do-dji-mini-3-mm3-lg551\/"]}]},{"@type":"ImageObject","inLanguage":"pl-PL","@id":"https:\/\/ironsky.pl\/sklep\/produkt\/podwyzszenie-podwozia-sunnylife-do-dji-mini-3-mm3-lg551\/#primaryimage","url":"https:\/\/ironsky.pl\/sklep\/wp-content\/uploads\/2024\/09\/30091_1.jpg","contentUrl":"https:\/\/ironsky.pl\/sklep\/wp-content\/uploads\/2024\/09\/30091_1.jpg","width":800,"height":800},{"@type":"BreadcrumbList","@id":"https:\/\/ironsky.pl\/sklep\/produkt\/podwyzszenie-podwozia-sunnylife-do-dji-mini-3-mm3-lg551\/#breadcrumb","itemListElement":[{"@type":"ListItem","position":1,"name":"Strona g\u0142\u00f3wna","item":"https:\/\/ironsky.pl\/sklep\/"},{"@type":"ListItem","position":2,"name":"Wszystkie produkty","item":"https:\/\/ironsky.pl\/sklep\/produkty\/"},{"@type":"ListItem","position":3,"name":"Podwy\u017cszenie podwozia Sunnylife do DJI Mini 3 (MM3-LG551)"}]},{"@type":"WebSite","@id":"https:\/\/ironsky.pl\/sklep\/#website","url":"https:\/\/ironsky.pl\/sklep\/","name":"IRONSKY.PL Sklep z Dronami","description":"IRONSKY.PL Sklep z Dronami","potentialAction":[{"@type":"SearchAction","target":{"@type":"EntryPoint","urlTemplate":"https:\/\/ironsky.pl\/sklep\/?s={search_term_string}"},"query-input":{"@type":"PropertyValueSpecification","valueRequired":true,"valueName":"search_term_string"}}],"inLanguage":"pl-PL"}]}},"_links":{"self":[{"href":"https:\/\/ironsky.pl\/sklep\/wp-json\/wp\/v2\/product\/19856","targetHints":{"allow":["GET"]}}],"collection":[{"href":"https:\/\/ironsky.pl\/sklep\/wp-json\/wp\/v2\/product"}],"about":[{"href":"https:\/\/ironsky.pl\/sklep\/wp-json\/wp\/v2\/types\/product"}],"replies":[{"embeddable":true,"href":"https:\/\/ironsky.pl\/sklep\/wp-json\/wp\/v2\/comments?post=19856"}],"wp:featuredmedia":[{"embeddable":true,"href":"https:\/\/ironsky.pl\/sklep\/wp-json\/wp\/v2\/media\/19857"}],"wp:attachment":[{"href":"https:\/\/ironsky.pl\/sklep\/wp-json\/wp\/v2\/media?parent=19856"}],"wp:term":[{"taxonomy":"product_brand","embeddable":true,"href":"https:\/\/ironsky.pl\/sklep\/wp-json\/wp\/v2\/product_brand?post=19856"},{"taxonomy":"product_cat","embeddable":true,"href":"https:\/\/ironsky.pl\/sklep\/wp-json\/wp\/v2\/product_cat?post=19856"},{"taxonomy":"product_tag","embeddable":true,"href":"https:\/\/ironsky.pl\/sklep\/wp-json\/wp\/v2\/product_tag?post=19856"}],"curies":[{"name":"wp","href":"https:\/\/api.w.org\/{rel}","templated":true}]}}