{"id":18879,"date":"2024-09-16T11:59:09","date_gmt":"2024-09-16T09:59:09","guid":{"rendered":"http:\/\/gvshalph.pro-linuxpl.com\/ironskyprodukty\/produkt\/ladowarka-sieciowa-dji-mavic-air-2-air-2s\/"},"modified":"2026-03-05T15:47:49","modified_gmt":"2026-03-05T14:47:49","slug":"ladowarka-sieciowa-dji-mavic-air-2-air-2s","status":"publish","type":"product","link":"https:\/\/ironsky.pl\/sklep\/produkt\/ladowarka-sieciowa-dji-mavic-air-2-air-2s\/","title":{"rendered":"\u0141adowarka sieciowa DJI Mavic Air 2 \/ Air 2s"},"content":{"rendered":"<h3>Niezawodne zasilanie<\/h3>\n<p>\u0141adowarka sieciowa DJI przeznaczona do DJI Mavic Air 2 oraz DJI Air 2S. Wyposa\u017cona w port \u0142adowania akumulatora, port USB-A (do np. \u0142adowania aparatury steruj\u0105cej). \u0141adowarka mo\u017ce \u0142adowa\u0107 akumulator DJI oraz inne urz\u0105dzenia jednocze\u015bnie.<\/p>\n<p><img decoding=\"async\" src=\"https:\/\/cdn.dji-ars.pl\/img\/products\/dji\/t-ma2\/MA2BC\/01.jpg\" alt=\"\"><\/p>\n<div class=\"table-wrapper\">\n<table>\n<tbody>\n<tr>\n<th>Napi\u0119cie wej\u015bciowe<\/th>\n<td>100-240 V; 50-60 Hz<\/td>\n<\/tr>\n<tr>\n<th>\u0141adowanie<\/th>\n<td>13.2, 0.1 lub 12.6 V; USB: 5 V, 2 A<\/td>\n<\/tr>\n<tr>\n<th>Czas \u0142adowania (akumulator Mavic Air 2)<\/th>\n<td>Oko\u0142o 1 godz. i 35 min. (w zale\u017cno\u015bci od temperatury)<\/td>\n<\/tr>\n<tr>\n<th>Czas \u0142adowania (aparatura Mavic Air 2)<\/th>\n<td>Oko\u0142o 4 godz. (w zale\u017cno\u015bci od temperatury)<\/td>\n<\/tr>\n<\/tbody>\n<\/table>\n<\/div>\n","protected":false},"excerpt":{"rendered":"<p>Niezawodne zasilanie \u0141adowarka sieciowa DJI przeznaczona do DJI Mavic Air 2 oraz DJI Air 2S. Wyposa\u017cona w port \u0142adowania akumulatora,<\/p>\n","protected":false},"featured_media":18880,"comment_status":"closed","ping_status":"open","template":"","meta":{"_acf_changed":false},"product_brand":[],"product_cat":[1090,1091,1088,1173,1174],"product_tag":[],"class_list":{"0":"post-18879","1":"product","2":"type-product","3":"status-publish","4":"has-post-thumbnail","6":"product_cat-akcesoria","7":"product_cat-dji","8":"product_cat-drony","9":"product_cat-ladowanie","10":"product_cat-ladowarki","11":"pa_box-height-1511","12":"pa_box-length-1447","13":"pa_box-width-2179","14":"pa_gross-weight-2180","15":"pa_hs-code-1348","16":"pa_net-weight-1324","18":"first","19":"instock","20":"taxable","21":"shipping-taxable","22":"product-type-simple"},"acf":[],"yoast_head":"<!-- This site is optimized with the Yoast SEO plugin v27.2 - https:\/\/yoast.com\/product\/yoast-seo-wordpress\/ -->\n<title>\u0141adowarka sieciowa DJI Mavic Air 2 \/ Air 2s - IRONSKY.PL Sklep z Dronami<\/title>\n<meta name=\"description\" content=\"\u0141adowarka sieciowa DJI Mavic Air 2 \/ Air 2s - \u2705 sklep z dronami i fachowym doradztwem. \u2705 Tutaj kupisz produkty DJI, Yuneec, Parrot, Syma i wiele innych, a tak\u017ce kursy i licencje na operatora drona.\" \/>\n<meta name=\"robots\" content=\"index, follow, max-snippet:-1, max-image-preview:large, max-video-preview:-1\" \/>\n<link rel=\"canonical\" href=\"https:\/\/ironsky.pl\/sklep\/produkt\/ladowarka-sieciowa-dji-mavic-air-2-air-2s\/\" \/>\n<meta property=\"og:locale\" content=\"pl_PL\" \/>\n<meta property=\"og:type\" content=\"article\" \/>\n<meta property=\"og:title\" content=\"\u0141adowarka sieciowa DJI Mavic Air 2 \/ Air 2s - IRONSKY.PL Sklep z Dronami\" \/>\n<meta property=\"og:description\" content=\"\u0141adowarka sieciowa DJI Mavic Air 2 \/ Air 2s - \u2705 sklep z dronami i fachowym doradztwem. \u2705 Tutaj kupisz produkty DJI, Yuneec, Parrot, Syma i wiele innych, a tak\u017ce kursy i licencje na operatora drona.\" \/>\n<meta property=\"og:url\" content=\"https:\/\/ironsky.pl\/sklep\/produkt\/ladowarka-sieciowa-dji-mavic-air-2-air-2s\/\" \/>\n<meta property=\"og:site_name\" content=\"IRONSKY.PL Sklep z Dronami\" \/>\n<meta property=\"article:modified_time\" content=\"2026-03-05T14:47:49+00:00\" \/>\n<meta property=\"og:image\" content=\"https:\/\/ironsky.pl\/sklep\/wp-content\/uploads\/2024\/09\/17976_3.jpg\" \/>\n\t<meta property=\"og:image:width\" content=\"744\" \/>\n\t<meta property=\"og:image:height\" content=\"505\" \/>\n\t<meta property=\"og:image:type\" content=\"image\/jpeg\" \/>\n<meta name=\"twitter:card\" content=\"summary_large_image\" \/>\n<script type=\"application\/ld+json\" class=\"yoast-schema-graph\">{\"@context\":\"https:\/\/schema.org\",\"@graph\":[{\"@type\":\"WebPage\",\"@id\":\"https:\/\/ironsky.pl\/sklep\/produkt\/ladowarka-sieciowa-dji-mavic-air-2-air-2s\/\",\"url\":\"https:\/\/ironsky.pl\/sklep\/produkt\/ladowarka-sieciowa-dji-mavic-air-2-air-2s\/\",\"name\":\"\u0141adowarka sieciowa DJI Mavic Air 2 \/ Air 2s - IRONSKY.PL Sklep z Dronami\",\"isPartOf\":{\"@id\":\"https:\/\/ironsky.pl\/sklep\/#website\"},\"primaryImageOfPage\":{\"@id\":\"https:\/\/ironsky.pl\/sklep\/produkt\/ladowarka-sieciowa-dji-mavic-air-2-air-2s\/#primaryimage\"},\"image\":{\"@id\":\"https:\/\/ironsky.pl\/sklep\/produkt\/ladowarka-sieciowa-dji-mavic-air-2-air-2s\/#primaryimage\"},\"thumbnailUrl\":\"https:\/\/ironsky.pl\/sklep\/wp-content\/uploads\/2024\/09\/17976_3.jpg\",\"datePublished\":\"2024-09-16T09:59:09+00:00\",\"dateModified\":\"2026-03-05T14:47:49+00:00\",\"description\":\"\u0141adowarka sieciowa DJI Mavic Air 2 \/ Air 2s - \u2705 sklep z dronami i fachowym doradztwem. \u2705 Tutaj kupisz produkty DJI, Yuneec, Parrot, Syma i wiele innych, a tak\u017ce kursy i licencje na operatora drona.\",\"breadcrumb\":{\"@id\":\"https:\/\/ironsky.pl\/sklep\/produkt\/ladowarka-sieciowa-dji-mavic-air-2-air-2s\/#breadcrumb\"},\"inLanguage\":\"pl-PL\",\"potentialAction\":[{\"@type\":\"ReadAction\",\"target\":[\"https:\/\/ironsky.pl\/sklep\/produkt\/ladowarka-sieciowa-dji-mavic-air-2-air-2s\/\"]}]},{\"@type\":\"ImageObject\",\"inLanguage\":\"pl-PL\",\"@id\":\"https:\/\/ironsky.pl\/sklep\/produkt\/ladowarka-sieciowa-dji-mavic-air-2-air-2s\/#primaryimage\",\"url\":\"https:\/\/ironsky.pl\/sklep\/wp-content\/uploads\/2024\/09\/17976_3.jpg\",\"contentUrl\":\"https:\/\/ironsky.pl\/sklep\/wp-content\/uploads\/2024\/09\/17976_3.jpg\",\"width\":744,\"height\":505},{\"@type\":\"BreadcrumbList\",\"@id\":\"https:\/\/ironsky.pl\/sklep\/produkt\/ladowarka-sieciowa-dji-mavic-air-2-air-2s\/#breadcrumb\",\"itemListElement\":[{\"@type\":\"ListItem\",\"position\":1,\"name\":\"Strona g\u0142\u00f3wna\",\"item\":\"https:\/\/ironsky.pl\/sklep\/\"},{\"@type\":\"ListItem\",\"position\":2,\"name\":\"Wszystkie produkty\",\"item\":\"https:\/\/ironsky.pl\/sklep\/produkty\/\"},{\"@type\":\"ListItem\",\"position\":3,\"name\":\"\u0141adowarka sieciowa DJI Mavic Air 2 \/ Air 2s\"}]},{\"@type\":\"WebSite\",\"@id\":\"https:\/\/ironsky.pl\/sklep\/#website\",\"url\":\"https:\/\/ironsky.pl\/sklep\/\",\"name\":\"IRONSKY.PL Sklep z Dronami\",\"description\":\"IRONSKY.PL Sklep z Dronami\",\"potentialAction\":[{\"@type\":\"SearchAction\",\"target\":{\"@type\":\"EntryPoint\",\"urlTemplate\":\"https:\/\/ironsky.pl\/sklep\/?s={search_term_string}\"},\"query-input\":{\"@type\":\"PropertyValueSpecification\",\"valueRequired\":true,\"valueName\":\"search_term_string\"}}],\"inLanguage\":\"pl-PL\"}]}<\/script>\n<!-- \/ Yoast SEO plugin. -->","yoast_head_json":{"title":"\u0141adowarka sieciowa DJI Mavic Air 2 \/ Air 2s - IRONSKY.PL Sklep z Dronami","description":"\u0141adowarka sieciowa DJI Mavic Air 2 \/ Air 2s - \u2705 sklep z dronami i fachowym doradztwem. \u2705 Tutaj kupisz produkty DJI, Yuneec, Parrot, Syma i wiele innych, a tak\u017ce kursy i licencje na operatora drona.","robots":{"index":"index","follow":"follow","max-snippet":"max-snippet:-1","max-image-preview":"max-image-preview:large","max-video-preview":"max-video-preview:-1"},"canonical":"https:\/\/ironsky.pl\/sklep\/produkt\/ladowarka-sieciowa-dji-mavic-air-2-air-2s\/","og_locale":"pl_PL","og_type":"article","og_title":"\u0141adowarka sieciowa DJI Mavic Air 2 \/ Air 2s - IRONSKY.PL Sklep z Dronami","og_description":"\u0141adowarka sieciowa DJI Mavic Air 2 \/ Air 2s - \u2705 sklep z dronami i fachowym doradztwem. \u2705 Tutaj kupisz produkty DJI, Yuneec, Parrot, Syma i wiele innych, a tak\u017ce kursy i licencje na operatora drona.","og_url":"https:\/\/ironsky.pl\/sklep\/produkt\/ladowarka-sieciowa-dji-mavic-air-2-air-2s\/","og_site_name":"IRONSKY.PL Sklep z Dronami","article_modified_time":"2026-03-05T14:47:49+00:00","og_image":[{"width":744,"height":505,"url":"https:\/\/ironsky.pl\/sklep\/wp-content\/uploads\/2024\/09\/17976_3.jpg","type":"image\/jpeg"}],"twitter_card":"summary_large_image","schema":{"@context":"https:\/\/schema.org","@graph":[{"@type":"WebPage","@id":"https:\/\/ironsky.pl\/sklep\/produkt\/ladowarka-sieciowa-dji-mavic-air-2-air-2s\/","url":"https:\/\/ironsky.pl\/sklep\/produkt\/ladowarka-sieciowa-dji-mavic-air-2-air-2s\/","name":"\u0141adowarka sieciowa DJI Mavic Air 2 \/ Air 2s - IRONSKY.PL Sklep z Dronami","isPartOf":{"@id":"https:\/\/ironsky.pl\/sklep\/#website"},"primaryImageOfPage":{"@id":"https:\/\/ironsky.pl\/sklep\/produkt\/ladowarka-sieciowa-dji-mavic-air-2-air-2s\/#primaryimage"},"image":{"@id":"https:\/\/ironsky.pl\/sklep\/produkt\/ladowarka-sieciowa-dji-mavic-air-2-air-2s\/#primaryimage"},"thumbnailUrl":"https:\/\/ironsky.pl\/sklep\/wp-content\/uploads\/2024\/09\/17976_3.jpg","datePublished":"2024-09-16T09:59:09+00:00","dateModified":"2026-03-05T14:47:49+00:00","description":"\u0141adowarka sieciowa DJI Mavic Air 2 \/ Air 2s - \u2705 sklep z dronami i fachowym doradztwem. \u2705 Tutaj kupisz produkty DJI, Yuneec, Parrot, Syma i wiele innych, a tak\u017ce kursy i licencje na operatora drona.","breadcrumb":{"@id":"https:\/\/ironsky.pl\/sklep\/produkt\/ladowarka-sieciowa-dji-mavic-air-2-air-2s\/#breadcrumb"},"inLanguage":"pl-PL","potentialAction":[{"@type":"ReadAction","target":["https:\/\/ironsky.pl\/sklep\/produkt\/ladowarka-sieciowa-dji-mavic-air-2-air-2s\/"]}]},{"@type":"ImageObject","inLanguage":"pl-PL","@id":"https:\/\/ironsky.pl\/sklep\/produkt\/ladowarka-sieciowa-dji-mavic-air-2-air-2s\/#primaryimage","url":"https:\/\/ironsky.pl\/sklep\/wp-content\/uploads\/2024\/09\/17976_3.jpg","contentUrl":"https:\/\/ironsky.pl\/sklep\/wp-content\/uploads\/2024\/09\/17976_3.jpg","width":744,"height":505},{"@type":"BreadcrumbList","@id":"https:\/\/ironsky.pl\/sklep\/produkt\/ladowarka-sieciowa-dji-mavic-air-2-air-2s\/#breadcrumb","itemListElement":[{"@type":"ListItem","position":1,"name":"Strona g\u0142\u00f3wna","item":"https:\/\/ironsky.pl\/sklep\/"},{"@type":"ListItem","position":2,"name":"Wszystkie produkty","item":"https:\/\/ironsky.pl\/sklep\/produkty\/"},{"@type":"ListItem","position":3,"name":"\u0141adowarka sieciowa DJI Mavic Air 2 \/ Air 2s"}]},{"@type":"WebSite","@id":"https:\/\/ironsky.pl\/sklep\/#website","url":"https:\/\/ironsky.pl\/sklep\/","name":"IRONSKY.PL Sklep z Dronami","description":"IRONSKY.PL Sklep z Dronami","potentialAction":[{"@type":"SearchAction","target":{"@type":"EntryPoint","urlTemplate":"https:\/\/ironsky.pl\/sklep\/?s={search_term_string}"},"query-input":{"@type":"PropertyValueSpecification","valueRequired":true,"valueName":"search_term_string"}}],"inLanguage":"pl-PL"}]}},"_links":{"self":[{"href":"https:\/\/ironsky.pl\/sklep\/wp-json\/wp\/v2\/product\/18879","targetHints":{"allow":["GET"]}}],"collection":[{"href":"https:\/\/ironsky.pl\/sklep\/wp-json\/wp\/v2\/product"}],"about":[{"href":"https:\/\/ironsky.pl\/sklep\/wp-json\/wp\/v2\/types\/product"}],"replies":[{"embeddable":true,"href":"https:\/\/ironsky.pl\/sklep\/wp-json\/wp\/v2\/comments?post=18879"}],"wp:featuredmedia":[{"embeddable":true,"href":"https:\/\/ironsky.pl\/sklep\/wp-json\/wp\/v2\/media\/18880"}],"wp:attachment":[{"href":"https:\/\/ironsky.pl\/sklep\/wp-json\/wp\/v2\/media?parent=18879"}],"wp:term":[{"taxonomy":"product_brand","embeddable":true,"href":"https:\/\/ironsky.pl\/sklep\/wp-json\/wp\/v2\/product_brand?post=18879"},{"taxonomy":"product_cat","embeddable":true,"href":"https:\/\/ironsky.pl\/sklep\/wp-json\/wp\/v2\/product_cat?post=18879"},{"taxonomy":"product_tag","embeddable":true,"href":"https:\/\/ironsky.pl\/sklep\/wp-json\/wp\/v2\/product_tag?post=18879"}],"curies":[{"name":"wp","href":"https:\/\/api.w.org\/{rel}","templated":true}]}}